{"id":44473,"date":"2026-03-18T19:41:25","date_gmt":"2026-03-18T19:41:25","guid":{"rendered":"https:\/\/soydeaqui.ddns.net\/pachuca\/index.php\/producto\/relevador-wi-fi-inteligente-ideal-para-control-de-iluminacion-1-salida-para-un-apagador-control-remoto-horarios-personalizados-registro-de-consumo\/"},"modified":"2026-03-18T19:41:37","modified_gmt":"2026-03-18T19:41:37","slug":"relevador-wi-fi-inteligente-ideal-para-control-de-iluminacion-1-salida-para-un-apagador-control-remoto-horarios-personalizados-registro-de-consumo","status":"publish","type":"product","link":"https:\/\/soydeaqui.ddns.net\/pachuca\/index.php\/producto\/relevador-wi-fi-inteligente-ideal-para-control-de-iluminacion-1-salida-para-un-apagador-control-remoto-horarios-personalizados-registro-de-consumo\/","title":{"rendered":"Relevador Wi-Fi  Inteligente \/ Ideal Para Control de Iluminaci\u00f3n \/ 1 Salida para un Apagador \/ Control Remoto \/ Horarios Personalizados \/ Registro de Consumo"},"content":{"rendered":"<div style='width: 100%; max-width: 1200px; margin: 0 auto; font-family: sans-serif; line-height: 1.6; color: inherit; background-color: transparent;'> <!-- Imagen principal --> <\/p>\n<div style='margin-bottom: 30px;'> <a href='#link' target='_blank' rel='noopener'> <img style='width: 100%; height: auto; border: 1px solid rgba(150&comma;150&comma;150&comma;0.3); border-radius: 8px;' src='https:\/\/ftp3.syscom.mx\/usuarios\/rcovarrubias\/EZVIZ\/Manual%20esp-ing\/T35\/t35%202.png' alt=''> <\/a> <\/div>\n<p> <!-- Caracter\u00edsticas principales --> <\/p>\n<div style='display: flex; flex-wrap: wrap; gap: 30px; margin-bottom: 30px;'>\n<div style='flex: 1 1 300px; min-width: 280px;'>\n<h3 style='font-size: 22px; border-bottom: 2px solid currentColor; padding-bottom: 5px; margin-top: 0; color: inherit; opacity: 0.8;'>Caracter\u00edsticas principales<\/h3>\n<ul style='padding-left: 20px; font-size: 15px; color: inherit;'>\n<li style='margin-bottom: 5px;'>Control mediante la App<\/li>\n<li style='margin-bottom: 5px;'>Control de iluminaci\u00f3n<\/li>\n<li style='margin-bottom: 5px;'>Soporta 1 salida para un apagador<\/li>\n<li style='margin-bottom: 5px;'>Salida de voltaje 125V<\/li>\n<li style='margin-bottom: 5px;'>Estad\u00edsticas de consumo<\/li>\n<li style='margin-bottom: 5px;'>Control de voz<\/li>\n<li style='margin-bottom: 5px;'>Escenas inteligentes<\/li>\n<li style='margin-bottom: 5px;'>Cable recomendado&comma; calibre de 14 &#8211; 22<\/li>\n<li style='margin-bottom: 5px;'>Wi-Fi: 2.4GHz<\/li>\n<li style='margin-bottom: 5px;'>Alimentaci\u00f3n: 100-240VAC&comma; 50 \u201360Hz&comma; 1.5W<\/li>\n<li style='margin-bottom: 5px;'>Tama\u00f1o: 38.4 x 43.8 x 18.5mm<\/li>\n<li style='margin-bottom: 5px;'>Operaci\u00f3n: -10\u00b0C to 45\u00b0C (14\u00b0F to 113\u00b0F )&comma; Humedad 95%<\/li>\n<li style='margin-bottom: 5px;'>Peso: 26.5g<\/li>\n<li style='margin-bottom: 5px;'>Convierte tu apagador convencional en inteligente<\/li>\n<\/ul>\n<p> <!-- Notas importantes --> <\/p>\n<div style='margin-top: 20px;'>\n<p style='color: #f44336;'><strong>Notas:<\/strong><\/p>\n<ul style='padding-left: 20px; color: #f44336;'>\n<li style='margin-bottom: 5px;'><strong>Configuraci\u00f3n \u00fanicamente mediante aplicaci\u00f3n EZVIZ<\/strong><\/li>\n<\/ul><\/div>\n<\/p><\/div>\n<\/p><\/div>\n<p> <!-- Im\u00e1genes adicionales --> <\/p>\n<div style='display: flex; flex-wrap: wrap; gap: 20px; justify-content: center; margin-bottom: 30px;'>\n<div style='flex: 1 1 300px; min-width: 280px;'> <a href='#link' target='_blank' rel='noopener'> <img style='width: 100%; height: auto; border: 1px solid rgba(150&comma;150&comma;150&comma;0.3); border-radius: 8px;' src='https:\/\/ftp3.syscom.mx\/usuarios\/rcovarrubias\/EZVIZ\/Manual%20esp-ing\/T35\/conexion%20relay%20wifi.png' alt=''> <\/a> <\/div>\n<div style='flex: 1 1 300px; min-width: 280px;'> <a href='#link' target='_blank' rel='noopener'> <img style='width: 100%; height: auto; border: 1px solid rgba(150&comma;150&comma;150&comma;0.3); border-radius: 8px;' src='https:\/\/ftp3.syscom.mx\/usuarios\/rcovarrubias\/EZVIZ\/Manual%20esp-ing\/T35\/t351.png' alt=''> <\/a> <\/div>\n<div style='flex: 1 1 300px; min-width: 280px;'> <a href='#link' target='_blank' rel='noopener'> <img style='width: 100%; height: auto; border: 1px solid rgba(150&comma;150&comma;150&comma;0.3); border-radius: 8px;' src='https:\/\/ftp3.syscom.mx\/usuarios\/rcovarrubias\/EZVIZ\/Manual%20esp-ing\/T35\/t35%203.png' alt=''> <\/a> <\/div>\n<div style='flex: 1 1 300px; min-width: 280px;'> <a href='#link' target='_blank' rel='noopener'> <img style='width: 100%; height: auto; border: 1px solid rgba(150&comma;150&comma;150&comma;0.3); border-radius: 8px;' src='https:\/\/ftp3.syscom.mx\/usuarios\/rcovarrubias\/EZVIZ\/Manual%20esp-ing\/T35\/t35%204.png' alt=''> <\/a> <\/div>\n<\/p><\/div>\n<p> <!-- Banner compatibilidad --> <\/p>\n<div style='margin-bottom: 30px;'> <img style='width: 100%; height: auto; border: 1px solid rgba(150&comma;150&comma;150&comma;0.3); border-radius: 8px;' src='https:\/\/ftp3.syscom.mx\/usuarios\/rcovarrubias\/EZVIZ\/Banner%20COMPATIBLE-ALEXA-GOOGLE.jpg' alt='Compatibilidad con asistentes de voz'> <\/div>\n<p> <!-- Texto descriptivo --> <\/p>\n<div style='margin-bottom: 30px;'>\n<p style='text-align: center; font-size: 16px; color: inherit;'>Cree un ambiente agradable y bien iluminado o apague las luces sin esfuerzo para ahorrar energ\u00eda durante periodos espec\u00edficos.<\/p>\n<\/p><\/div>\n<\/p><\/div>\n","protected":false},"excerpt":{"rendered":"<p>Relevador Wi-Fi  Inteligente \/ Ideal Para Control de Iluminaci\u00f3n \/ 1 Salida para un Apagador \/ Control Remoto \/ Horarios Personalizados \/ Registro de Consumo<\/p>\n","protected":false},"featured_media":44472,"comment_status":"open","ping_status":"closed","template":"","meta":[],"product_brand":[],"product_cat":[56],"product_tag":[30,57,111],"class_list":{"0":"post-44473","1":"product","2":"type-product","3":"status-publish","4":"has-post-thumbnail","6":"product_cat-control-de-iluminacion","7":"product_tag-automatizacion-casa-inteligente","8":"product_tag-control-de-iluminacion","9":"product_tag-ezviz","11":"first","12":"instock","13":"sale","14":"shipping-taxable","15":"purchasable","16":"product-type-simple"},"_links":{"self":[{"href":"https:\/\/soydeaqui.ddns.net\/pachuca\/index.php\/wp-json\/wp\/v2\/product\/44473","targetHints":{"allow":["GET"]}}],"collection":[{"href":"https:\/\/soydeaqui.ddns.net\/pachuca\/index.php\/wp-json\/wp\/v2\/product"}],"about":[{"href":"https:\/\/soydeaqui.ddns.net\/pachuca\/index.php\/wp-json\/wp\/v2\/types\/product"}],"replies":[{"embeddable":true,"href":"https:\/\/soydeaqui.ddns.net\/pachuca\/index.php\/wp-json\/wp\/v2\/comments?post=44473"}],"wp:featuredmedia":[{"embeddable":true,"href":"https:\/\/soydeaqui.ddns.net\/pachuca\/index.php\/wp-json\/wp\/v2\/media\/44472"}],"wp:attachment":[{"href":"https:\/\/soydeaqui.ddns.net\/pachuca\/index.php\/wp-json\/wp\/v2\/media?parent=44473"}],"wp:term":[{"taxonomy":"product_brand","embeddable":true,"href":"https:\/\/soydeaqui.ddns.net\/pachuca\/index.php\/wp-json\/wp\/v2\/product_brand?post=44473"},{"taxonomy":"product_cat","embeddable":true,"href":"https:\/\/soydeaqui.ddns.net\/pachuca\/index.php\/wp-json\/wp\/v2\/product_cat?post=44473"},{"taxonomy":"product_tag","embeddable":true,"href":"https:\/\/soydeaqui.ddns.net\/pachuca\/index.php\/wp-json\/wp\/v2\/product_tag?post=44473"}],"curies":[{"name":"wp","href":"https:\/\/api.w.org\/{rel}","templated":true}]}}