{"id":44460,"date":"2026-03-18T19:41:02","date_gmt":"2026-03-18T19:41:02","guid":{"rendered":"https:\/\/soydeaqui.ddns.net\/pachuca\/index.php\/producto\/broca-escalonada-12-en-1-de-liberacion-rapida-acanaladura-en-espiral-produce-agujeros-de-2-3-cm-e-intermedios-10x-mas-durable\/"},"modified":"2026-03-18T19:41:16","modified_gmt":"2026-03-18T19:41:16","slug":"broca-escalonada-12-en-1-de-liberacion-rapida-acanaladura-en-espiral-produce-agujeros-de-2-3-cm-e-intermedios-10x-mas-durable","status":"publish","type":"product","link":"https:\/\/soydeaqui.ddns.net\/pachuca\/index.php\/producto\/broca-escalonada-12-en-1-de-liberacion-rapida-acanaladura-en-espiral-produce-agujeros-de-2-3-cm-e-intermedios-10x-mas-durable\/","title":{"rendered":"Broca Escalonada 12 en 1, de Liberaci\u00f3n R\u00e1pida, Acanaladura en Espiral, produce Agujeros de 2-3 cm e Intermedios. 10x m\u00e1s Durable"},"content":{"rendered":"<div style='width: 100%; max-width: 1200px; margin: 0 auto; font-family: sans-serif; line-height: 1.6; color: inherit; background-color: transparent;'>\n<div style='width: 100%; margin-bottom: 20px;'> <img style='width: 100%; height: auto; border: 1px solid rgba(150&comma;150&comma;150&comma;0.3); border-radius: 8px;' src='https:\/\/ftp3.syscom.mx\/usuarios\/fotos\/QRST11\/224267-captura_de_pantalla_2023-11-14_a_la(s)_12.59.13%E2%80%AFp.m..png' alt=''> <\/div>\n<div style='width: 100%; margin-bottom: 30px;'>\n<h1 style='font-size: 28px; margin: 0 0 10px; font-family: sans-serif; color: inherit; font-weight: 400;'>Broca Escalonada&comma; de Liberaci\u00f3n R\u00e1pida. Agujeros de 2-3 cm e Intermedios.<\/h1>\n<h2 style='font-size: 22px; margin: 0; color: rgba(120&comma;120&comma;120&comma;0.8); font-family: sans-serif; font-weight: 400;'>QRST11<\/h2>\n<\/p><\/div>\n<div style='width: 100%; margin-bottom: 30px;'>\n<div style='display: flex; flex-wrap: wrap; gap: 30px;'>\n<div style='flex: 1 1 300px; min-width: 280px;'>\n<h3 style='font-size: 22px; border-bottom: 2px solid currentColor; padding-bottom: 5px; margin-top: 0; color: inherit; opacity: 0.8;'>Caracter\u00edsticas<\/h3>\n<ul style='padding-left: 20px; font-size: 15px; color: inherit; list-style-type: disc;'>\n<li style='margin-bottom: 10px; font-size: 15px; line-height: 1.5;'>Las brocas escalonadas tienen revestimiento de aluminio y nitruro de titanio&comma; 10 veces m\u00e1s duradero que el revestimiento en \u00f3xido negro vaporizado para prolongar la vida \u00fatil de las brocas<\/li>\n<li style='margin-bottom: 10px; font-size: 15px; line-height: 1.5;'>Barra resistente al impacto para utilizar con desarmadores de impacto y taladros est\u00e1ndar<\/li>\n<li style='margin-bottom: 10px; font-size: 15px; line-height: 1.5;'>Doble acanaladura en espiral que remueve las virutas para cortes y perforaciones m\u00e1s r\u00e1pidos<\/li>\n<li style='margin-bottom: 10px; font-size: 15px; line-height: 1.5;'>Marcas l\u00e1ser que son f\u00e1ciles de leer para identificar r\u00e1pidamente el tama\u00f1o de los dos tama\u00f1os de orificios<\/li>\n<li style='margin-bottom: 10px; font-size: 15px; line-height: 1.5;'>Punta de arranque r\u00e1pido que no se resbala<\/li>\n<li style='margin-bottom: 10px; font-size: 15px; line-height: 1.5;'>La barra hexagonal de 1\/4&#8221; de liberaci\u00f3n r\u00e1pida proporciona un agarre firme y c\u00f3modo&comma; y no gira en falso en el portabrocas<\/li>\n<li style='margin-bottom: 0; font-size: 15px; line-height: 1.5;'>Para utilizar en acero (hasta calibre 16)&comma; madera&comma; pl\u00e1stico y aluminio<\/li>\n<\/ul><\/div>\n<\/p><\/div>\n<\/p><\/div>\n<div style='width: 100%; margin: 40px 0;'> <img style='width: 100%; height: auto; border: 1px solid rgba(150&comma;150&comma;150&comma;0.3); border-radius: 8px;' src='https:\/\/ftp3.syscom.mx\/usuarios\/fotos\/QRST11\/224267-qrst11_app3.jpg' alt=''> <\/div>\n<div style='width: 100%; margin: 40px 0;'>\n<div style='position: relative; padding-bottom: 56.25%; height: 0; overflow: hidden; margin-bottom: 30px;'>   <\/div>\n<\/p><\/div>\n<\/p><\/div>\n","protected":false},"excerpt":{"rendered":"<p>Broca Escalonada 12 en 1, de Liberaci\u00f3n R\u00e1pida, Acanaladura en Espiral, produce Agujeros de 2-3 cm e Intermedios. 10x m\u00e1s Durable<\/p>\n","protected":false},"featured_media":44459,"comment_status":"open","ping_status":"closed","template":"","meta":[],"product_brand":[],"product_cat":[1200,1201],"product_tag":[1202,1203,1058,432],"class_list":{"0":"post-44460","1":"product","2":"type-product","3":"status-publish","4":"has-post-thumbnail","6":"product_cat-brocas","7":"product_cat-discos-y-puntas","8":"product_tag-brocas","9":"product_tag-discos-y-puntas","10":"product_tag-ferreteria","11":"product_tag-klein-tools","13":"first","14":"instock","15":"sale","16":"shipping-taxable","17":"purchasable","18":"product-type-simple"},"_links":{"self":[{"href":"https:\/\/soydeaqui.ddns.net\/pachuca\/index.php\/wp-json\/wp\/v2\/product\/44460","targetHints":{"allow":["GET"]}}],"collection":[{"href":"https:\/\/soydeaqui.ddns.net\/pachuca\/index.php\/wp-json\/wp\/v2\/product"}],"about":[{"href":"https:\/\/soydeaqui.ddns.net\/pachuca\/index.php\/wp-json\/wp\/v2\/types\/product"}],"replies":[{"embeddable":true,"href":"https:\/\/soydeaqui.ddns.net\/pachuca\/index.php\/wp-json\/wp\/v2\/comments?post=44460"}],"wp:featuredmedia":[{"embeddable":true,"href":"https:\/\/soydeaqui.ddns.net\/pachuca\/index.php\/wp-json\/wp\/v2\/media\/44459"}],"wp:attachment":[{"href":"https:\/\/soydeaqui.ddns.net\/pachuca\/index.php\/wp-json\/wp\/v2\/media?parent=44460"}],"wp:term":[{"taxonomy":"product_brand","embeddable":true,"href":"https:\/\/soydeaqui.ddns.net\/pachuca\/index.php\/wp-json\/wp\/v2\/product_brand?post=44460"},{"taxonomy":"product_cat","embeddable":true,"href":"https:\/\/soydeaqui.ddns.net\/pachuca\/index.php\/wp-json\/wp\/v2\/product_cat?post=44460"},{"taxonomy":"product_tag","embeddable":true,"href":"https:\/\/soydeaqui.ddns.net\/pachuca\/index.php\/wp-json\/wp\/v2\/product_tag?post=44460"}],"curies":[{"name":"wp","href":"https:\/\/api.w.org\/{rel}","templated":true}]}}