{"id":44140,"date":"2026-03-18T19:31:49","date_gmt":"2026-03-18T19:31:49","guid":{"rendered":"https:\/\/soydeaqui.ddns.net\/pachuca\/index.php\/producto\/mochila-vx-sport-evo-deluxe-backpack-fabricada-en-poliester-rojo\/"},"modified":"2026-03-18T19:31:59","modified_gmt":"2026-03-18T19:31:59","slug":"mochila-vx-sport-evo-deluxe-backpack-fabricada-en-poliester-rojo","status":"publish","type":"product","link":"https:\/\/soydeaqui.ddns.net\/pachuca\/index.php\/producto\/mochila-vx-sport-evo-deluxe-backpack-fabricada-en-poliester-rojo\/","title":{"rendered":"Mochila VX Sport EVO Deluxe Backpack \/ Fabricada en Poli\u00e9ster Rojo."},"content":{"rendered":"<div style='width: 100%; max-width: 1200px; margin: 0 auto; font-family: sans-serif; line-height: 1.6; color: inherit; background-color: transparent;'>\n<div style='width: 100%; max-width: 1200px; margin: 0 auto; font-family: sans-serif; line-height: 1.6; color: inherit; background-color: transparent;'>\n<div id='tab-description' style='width: 100%; margin-bottom: 30px;'>\n<p style='margin: 0 0 15px; text-align: center;'> <img style='width: 100%; max-width: 300px; height: auto; border: 1px solid rgba(150&comma;150&comma;150&comma;0.3); border-radius: 8px;' src='https:\/\/ftp3.syscom.mx\/usuarios\/fotos\/30163801\/170463-victorinox.png' alt=''> <\/p>\n<\/p><\/div>\n<\/p><\/div>\n<div style='display: flex; flex-wrap: wrap; gap: 30px; margin-bottom: 30px;'>\n<div style='flex: 1 1 300px; min-width: 280px;'>\n<h3 style='font-size: 22px; border-bottom: 2px solid currentColor; padding-bottom: 5px; margin-top: 0; color: inherit; opacity: 0.8;'>Caracter\u00edsticas Principales<\/h3>\n<ul style='padding-left: 20px; font-size: 15px; color: inherit;'>\n<li style='margin-bottom: 5px;'>Organizaci\u00f3n multiusos y funcionalidad impecable.<\/li>\n<li style='margin-bottom: 5px;'>Almacena de manera segura sus dispositivos tecn\u00f3logicos y garantiza la m\u00e1xima comodidad.<\/li>\n<li style='margin-bottom: 5px;'>Los canales de flujo de aire lo mantendr\u00e1n fresco<\/li>\n<li style='margin-bottom: 5px;'>Paneles traseros acolchonados y las correas para hombros permiten viajar sin esfuerzos.<\/li>\n<\/ul><\/div>\n<div style='flex: 1 1 300px; min-width: 280px;'>\n<h3 style='font-size: 22px; border-bottom: 2px solid currentColor; padding-bottom: 5px; margin-top: 0; color: inherit; opacity: 0.8;'>Caracter\u00edsticas F\u00edsicas<\/h3>\n<ul style='padding-left: 20px; font-size: 15px; color: inherit;'>\n<li style='margin-bottom: 5px;'>Material poli\u00e9ster<\/li>\n<li style='margin-bottom: 5px;'>Tama\u00f1o m\u00e1ximo de laptop: 16&#8242; \/ 41 cm<\/li>\n<li style='margin-bottom: 5px;'>Capacidad 28 l.<\/li>\n<li style='margin-bottom: 5px;'>Medidas: Altura 48 cm | Longitud 25 cm | Ancho 35 cm.<\/li>\n<li style='margin-bottom: 5px;'>Peso 1 Kg.<\/li>\n<\/ul><\/div>\n<div style='flex: 1 1 300px; min-width: 280px;'>\n<h3 style='font-size: 22px; border-bottom: 2px solid currentColor; padding-bottom: 5px; margin-top: 0; color: inherit; opacity: 0.8;'>Caracter\u00edsticas Destacadas<\/h3>\n<ul style='padding-left: 20px; font-size: 15px; color: inherit;'>\n<li style='margin-bottom: 5px;'>Ofrece funcionalidad impecable y organizaci\u00f3n.<\/li>\n<li style='margin-bottom: 5px;'>Backpack<\/li>\n<li style='margin-bottom: 5px;'>Elegante exterior<\/li>\n<li style='margin-bottom: 5px;'>Correas acolchadas para proporcionar comodidad en hombros.<\/li>\n<\/ul><\/div>\n<\/p><\/div>\n<div style='margin: 30px 0; text-align: center;'>\n<p style='margin: 0; font-size: 16px; color: inherit;'><strong style='color: #c0392b;'>Ya sea que est\u00e9 llegando a tomar un tren o avi\u00f3n o viajando para tomarse un descanso&comma; esta mochila de doble funci\u00f3n lo acompa\u00f1a.<\/strong><\/p>\n<\/p><\/div>\n<hr style='border: 0; border-top: 1px solid rgba(150&comma; 150&comma; 150&comma; 0.3); margin: 30px 0;'>\n<div style='margin-bottom: 30px;'>\n<h3 style='font-size: 18px; border-bottom: 2px solid currentColor; padding-bottom: 5px; margin-top: 0; color: inherit; opacity: 0.8;'>Pol\u00edtica de Garant\u00eda<\/h3>\n<p style='margin: 0 0 15px; font-size: 14px; color: inherit;'>SYSCOM se apega a las pol\u00edticas de garant\u00eda de cada proveedor de la marca y\/o f\u00e1brica.<\/p>\n<p style='margin: 0; font-size: 14px; color: inherit;'>La cobertura de garant\u00eda por defecto de f\u00e1brica y\/o mal funcionamiento es de 90 d\u00edas con Syscom. Posterior a este periodo&comma; la garant\u00eda es directa con el fabricante. En quebraduras&comma; da\u00f1os f\u00edsicos de equipo y\/o empaque da\u00f1ado&comma; reportarlo dentro de las 24 horas posteriores a la fecha de recepci\u00f3n para el reclamo a paqueter\u00eda.<\/p>\n<\/p><\/div>\n<\/p><\/div>\n","protected":false},"excerpt":{"rendered":"<p>Mochila VX Sport EVO Deluxe Backpack \/ Fabricada en Poli\u00e9ster Rojo.<\/p>\n","protected":false},"featured_media":44139,"comment_status":"open","ping_status":"closed","template":"","meta":[],"product_brand":[],"product_cat":[1212],"product_tag":[1213,1058,1135],"class_list":{"0":"post-44140","1":"product","2":"type-product","3":"status-publish","4":"has-post-thumbnail","6":"product_cat-escaleras-y-almacenamiento","7":"product_tag-escaleras-y-almacenamiento","8":"product_tag-ferreteria","9":"product_tag-victorinox","11":"first","12":"outofstock","13":"sale","14":"shipping-taxable","15":"purchasable","16":"product-type-simple"},"_links":{"self":[{"href":"https:\/\/soydeaqui.ddns.net\/pachuca\/index.php\/wp-json\/wp\/v2\/product\/44140","targetHints":{"allow":["GET"]}}],"collection":[{"href":"https:\/\/soydeaqui.ddns.net\/pachuca\/index.php\/wp-json\/wp\/v2\/product"}],"about":[{"href":"https:\/\/soydeaqui.ddns.net\/pachuca\/index.php\/wp-json\/wp\/v2\/types\/product"}],"replies":[{"embeddable":true,"href":"https:\/\/soydeaqui.ddns.net\/pachuca\/index.php\/wp-json\/wp\/v2\/comments?post=44140"}],"wp:featuredmedia":[{"embeddable":true,"href":"https:\/\/soydeaqui.ddns.net\/pachuca\/index.php\/wp-json\/wp\/v2\/media\/44139"}],"wp:attachment":[{"href":"https:\/\/soydeaqui.ddns.net\/pachuca\/index.php\/wp-json\/wp\/v2\/media?parent=44140"}],"wp:term":[{"taxonomy":"product_brand","embeddable":true,"href":"https:\/\/soydeaqui.ddns.net\/pachuca\/index.php\/wp-json\/wp\/v2\/product_brand?post=44140"},{"taxonomy":"product_cat","embeddable":true,"href":"https:\/\/soydeaqui.ddns.net\/pachuca\/index.php\/wp-json\/wp\/v2\/product_cat?post=44140"},{"taxonomy":"product_tag","embeddable":true,"href":"https:\/\/soydeaqui.ddns.net\/pachuca\/index.php\/wp-json\/wp\/v2\/product_tag?post=44140"}],"curies":[{"name":"wp","href":"https:\/\/api.w.org\/{rel}","templated":true}]}}