{"id":43502,"date":"2026-03-18T19:11:24","date_gmt":"2026-03-18T19:11:24","guid":{"rendered":"https:\/\/soydeaqui.ddns.net\/pachuca\/index.php\/producto\/regleta-led-slim-40w-2800-lm-1200-mm-blanco-interior-aluminio-y-policarbonato-50000-horas-3-anos-garantia\/"},"modified":"2026-03-18T19:11:30","modified_gmt":"2026-03-18T19:11:30","slug":"regleta-led-slim-40w-2800-lm-1200-mm-blanco-interior-aluminio-y-policarbonato-50000-horas-3-anos-garantia","status":"publish","type":"product","link":"https:\/\/soydeaqui.ddns.net\/pachuca\/index.php\/producto\/regleta-led-slim-40w-2800-lm-1200-mm-blanco-interior-aluminio-y-policarbonato-50000-horas-3-anos-garantia\/","title":{"rendered":"Regleta LED Slim \/ 40W 2800 lm \/ 1200 mm \/ Blanco \/ Interior \/ Aluminio y Policarbonato \/ 50000 horas \/ 3 a\u00f1os Garant\u00eda"},"content":{"rendered":"<div style='width: 100%; max-width: 1200px; margin: 0 auto; font-family: sans-serif; line-height: 1.6; color: inherit; background-color: transparent;'>\n<div style='margin-bottom: 30px;'>\n<h2 style='font-size: 28px; margin-bottom: 10px; color: inherit; font-weight: normal;'><strong style='font-weight: bold;'>JW Light modelo:<\/strong> JGLS-40<\/h2>\n<p style='text-align: justify; font-size: 16px; color: inherit; opacity: 0.9;'>La regleta LED Slim JGLS-40 es una soluci\u00f3n de iluminaci\u00f3n profesional de alta eficiencia dise\u00f1ada para aplicaciones de interior. Con una potencia de 40W y un flujo luminoso de 2800 l\u00famenes&comma; ofrece un rendimiento \u00f3ptimo con un consumo energ\u00e9tico reducido del 50%. Fabricada en aluminio y policarbonato con acabado blanco&comma; est\u00e1 dise\u00f1ada para montaje superficial y cuenta con una vida \u00fatil de 50&comma;000 horas. Certificada bajo norma NOM-003-SCFI-2014&comma; es ideal para proyectos comerciales e institucionales que requieren iluminaci\u00f3n lineal de alta calidad.<\/p>\n<\/div>\n<div style='display: flex; flex-wrap: wrap; gap: 30px; margin-bottom: 30px;'>\n<div style='flex: 1 1 300px; min-width: 280px;'>\n<h3 style='font-size: 22px; border-bottom: 2px solid currentColor; padding-bottom: 5px; margin-top: 0; color: inherit; opacity: 0.8;'><span style='font-size: 24px;'>Caracter\u00edsticas Generales<\/span><\/h3>\n<ul style='padding-left: 20px; font-size: 15px; color: inherit;'>\n<li style='margin-bottom: 5px;'><strong>Modelo:<\/strong> JGLS-40<\/li>\n<li style='margin-bottom: 5px;'><strong>Potencia:<\/strong> 40 W<\/li>\n<li style='margin-bottom: 5px;'><strong>Flujo Luminoso:<\/strong> 2800 lm<\/li>\n<li style='margin-bottom: 5px;'><strong>Vida \u00datil:<\/strong> 50&comma;000 horas<\/li>\n<li style='margin-bottom: 5px;'><strong>Garant\u00eda:<\/strong> 3 a\u00f1os<\/li>\n<li style='margin-bottom: 5px;'><strong>Aplicaci\u00f3n:<\/strong> Interior<\/li>\n<li style='margin-bottom: 5px;'><strong>Montaje:<\/strong> Sobre poner<\/li>\n<li style='margin-bottom: 5px;'><strong>Acabado:<\/strong> Blanco<\/li>\n<li style='margin-bottom: 5px;'><strong>Material:<\/strong> Aluminio y policarbonato<\/li>\n<li style='margin-bottom: 5px;'><strong>Certificaci\u00f3n:<\/strong> NOM-003-SCFI-2014<\/li>\n<\/ul>\n<\/div>\n<\/div>\n<div style='display: flex; flex-wrap: wrap; gap: 20px; margin-bottom: 30px;'>\n<div style='flex: 1 1 250px; border: 1px solid rgba(150&comma; 150&comma; 150&comma; 0.4); border-radius: 8px; overflow: hidden; display: flex; flex-direction: column;'>\n<div style='padding: 15px; border-bottom: 1px solid rgba(150&comma; 150&comma; 150&comma; 0.2); font-weight: bold; font-size: 18px; color: inherit;'><span style='font-size: 24px;'>Especificaciones El\u00e9ctricas<\/span><\/div>\n<div style='padding: 15px; color: inherit;'>\n<ul style='padding-left: 20px; margin: 0; font-size: 14px; list-style-type: disc;'>\n<li style='margin-bottom: 5px;'><strong>Potencia:<\/strong> 40 W<\/li>\n<li style='margin-bottom: 5px;'><strong>Flujo Luminoso:<\/strong> 2800 lm<\/li>\n<li style='margin-bottom: 5px;'><strong>Corriente El\u00e9ctrica:<\/strong> 330 mA<\/li>\n<li style='margin-bottom: 5px;'><strong>Voltaje:<\/strong> 110-240V~ 50\/60Hz<\/li>\n<li style='margin-bottom: 5px;'><strong>Temperatura de Color:<\/strong> 6500K y 2700K<\/li>\n<li style='margin-bottom: 5px;'><strong>Dimmable:<\/strong> No<\/li>\n<li style='margin-bottom: 5px;'><strong>Eficiencia Energ\u00e9tica:<\/strong> Ahorro del 50%<\/li>\n<\/ul>\n<\/div>\n<\/div>\n<div style='flex: 1 1 250px; border: 1px solid rgba(150&comma; 150&comma; 150&comma; 0.4); border-radius: 8px; overflow: hidden; display: flex; flex-direction: column;'>\n<div style='padding: 15px; border-bottom: 1px solid rgba(150&comma; 150&comma; 150&comma; 0.2); font-weight: bold; font-size: 18px; color: inherit;'><span style='font-size: 24px;'>Dimensiones y \u00d3pticas<\/span><\/div>\n<div style='padding: 15px; color: inherit;'>\n<ul style='padding-left: 20px; margin: 0; font-size: 14px; list-style-type: disc;'>\n<li style='margin-bottom: 5px;'><strong>Longitud:<\/strong> 1200 mm<\/li>\n<li style='margin-bottom: 5px;'><strong>Ancho:<\/strong> 76 mm<\/li>\n<li style='margin-bottom: 5px;'><strong>Altura:<\/strong> 23 mm<\/li>\n<li style='margin-bottom: 5px;'><strong>\u00c1ngulo de Apertura:<\/strong> 120\u00b0<\/li>\n<\/ul>\n<\/div>\n<\/div>\n<div style='flex: 1 1 250px; border: 1px solid rgba(150&comma; 150&comma; 150&comma; 0.4); border-radius: 8px; overflow: hidden; display: flex; flex-direction: column;'>\n<div style='padding: 15px; border-bottom: 1px solid rgba(150&comma; 150&comma; 150&comma; 0.2); font-weight: bold; font-size: 18px; color: inherit;'><span style='font-size: 24px;'>Durabilidad y Certificaciones<\/span><\/div>\n<div style='padding: 15px; color: inherit;'>\n<ul style='padding-left: 20px; margin: 0; font-size: 14px; list-style-type: disc;'>\n<li style='margin-bottom: 5px;'><strong>Vida \u00datil:<\/strong> 50&comma;000 horas<\/li>\n<li style='margin-bottom: 5px;'><strong>Garant\u00eda:<\/strong> 3 a\u00f1os<\/li>\n<li style='margin-bottom: 5px;'><strong>Certificaci\u00f3n:<\/strong> NOM-003-SCFI-2014<\/li>\n<li style='margin-bottom: 5px;'><strong>Material:<\/strong> Aluminio y policarbonato<\/li>\n<li style='margin-bottom: 5px;'><strong>Aplicaci\u00f3n:<\/strong> Interior<\/li>\n<\/ul>\n<\/div>\n<\/div>\n<\/div>\n<\/div>\n","protected":false},"excerpt":{"rendered":"<p>Regleta LED Slim \/ 40W 2800 lm \/ 1200 mm \/ Blanco \/ Interior \/ Aluminio y Policarbonato \/ 50000 horas \/ 3 a\u00f1os Garant\u00eda<\/p>\n","protected":false},"featured_media":43501,"comment_status":"open","ping_status":"closed","template":"","meta":[],"product_brand":[],"product_cat":[1166],"product_tag":[1167,1169,1168],"class_list":{"0":"post-43502","1":"product","2":"type-product","3":"status-publish","4":"has-post-thumbnail","6":"product_cat-uso-interior","7":"product_tag-iluminacion","8":"product_tag-jwj","9":"product_tag-uso-interior","11":"first","12":"outofstock","13":"sale","14":"shipping-taxable","15":"purchasable","16":"product-type-simple"},"_links":{"self":[{"href":"https:\/\/soydeaqui.ddns.net\/pachuca\/index.php\/wp-json\/wp\/v2\/product\/43502","targetHints":{"allow":["GET"]}}],"collection":[{"href":"https:\/\/soydeaqui.ddns.net\/pachuca\/index.php\/wp-json\/wp\/v2\/product"}],"about":[{"href":"https:\/\/soydeaqui.ddns.net\/pachuca\/index.php\/wp-json\/wp\/v2\/types\/product"}],"replies":[{"embeddable":true,"href":"https:\/\/soydeaqui.ddns.net\/pachuca\/index.php\/wp-json\/wp\/v2\/comments?post=43502"}],"wp:featuredmedia":[{"embeddable":true,"href":"https:\/\/soydeaqui.ddns.net\/pachuca\/index.php\/wp-json\/wp\/v2\/media\/43501"}],"wp:attachment":[{"href":"https:\/\/soydeaqui.ddns.net\/pachuca\/index.php\/wp-json\/wp\/v2\/media?parent=43502"}],"wp:term":[{"taxonomy":"product_brand","embeddable":true,"href":"https:\/\/soydeaqui.ddns.net\/pachuca\/index.php\/wp-json\/wp\/v2\/product_brand?post=43502"},{"taxonomy":"product_cat","embeddable":true,"href":"https:\/\/soydeaqui.ddns.net\/pachuca\/index.php\/wp-json\/wp\/v2\/product_cat?post=43502"},{"taxonomy":"product_tag","embeddable":true,"href":"https:\/\/soydeaqui.ddns.net\/pachuca\/index.php\/wp-json\/wp\/v2\/product_tag?post=43502"}],"curies":[{"name":"wp","href":"https:\/\/api.w.org\/{rel}","templated":true}]}}