{"id":4350,"date":"2026-03-18T06:18:06","date_gmt":"2026-03-18T06:18:06","guid":{"rendered":"https:\/\/soydeaqui.ddns.net\/pachuca\/index.php\/producto\/teclado-sensible-al-tacto-inalambrico-pro-series\/"},"modified":"2026-03-18T06:18:07","modified_gmt":"2026-03-18T06:18:07","slug":"teclado-sensible-al-tacto-inalambrico-pro-series","status":"publish","type":"product","link":"https:\/\/soydeaqui.ddns.net\/pachuca\/index.php\/producto\/teclado-sensible-al-tacto-inalambrico-pro-series\/","title":{"rendered":"Teclado Sensible al tacto Inal\u00e1mbrico Pro Series"},"content":{"rendered":"<div style='width: 100%; max-width: 1200px; margin: 0 auto; font-family: sans-serif; line-height: 1.6; color: inherit; background-color: transparent;'> <!-- Secci\u00f3n de contenido con flex\/grid --> <\/p>\n<div style='display: flex; flex-wrap: wrap; gap: 30px; margin-bottom: 30px;'>\n<div style='flex: 1 1 300px; min-width: 280px;'>\n<p style='font-size: 15px; color: inherit; margin-bottom: 15px;'>Como propietario de una casa&comma; nada importa m\u00e1s que proteger su casa y a las personas que se encuentran dentro de ella.<\/p>\n<p style='font-size: 15px; color: inherit; margin-bottom: 15px;'>ProSeries ofrece seguridad y seguridad instaladas profesionalmente&comma; detectando intrusos&comma; incendios&comma; inundaciones y mon\u00f3xido de carbono. Con un monitoreo profesional durante todo el d\u00eda&comma; los socorristas pueden ser llamados en busca de ayuda cuando m\u00e1s lo necesita.<\/p>\n<p style='font-size: 15px; color: inherit; margin-bottom: 15px;'>Junto con la seguridad profesional y la seguridad de la vida&comma; ProSeries hace que su hogar sea m\u00e1s inteligente y permite que se administre en conjunto&comma; desde un sistema. ProSeries conecta su hogar con paneles de pantalla t\u00e1ctil y asistente de voz incorporado de AmazonAlexa. Puede controlar su configuraci\u00f3n de seguridad&comma; subir y \/ o bajar su termostato&comma; ajustar la iluminaci\u00f3n y mucho m\u00e1s; todo con el toque de un bot\u00f3n o un simple comando de voz.<\/p>\n<p style='font-size: 15px; color: inherit; margin-bottom: 15px;'>Simplemente si\u00e9ntese&comma; rel\u00e1jese y deje que el pros ayude a encontrar la soluci\u00f3n adecuada para que pueda concentrarse en lo que realmente importa<\/p>\n<\/p><\/div>\n<\/p><\/div>\n<\/p><\/div>\n","protected":false},"excerpt":{"rendered":"<p>Teclado Sensible al tacto Inal\u00e1mbrico Pro Series<\/p>\n","protected":false},"featured_media":4349,"comment_status":"open","ping_status":"closed","template":"","meta":[],"product_brand":[],"product_cat":[134],"product_tag":[45,135,62],"class_list":{"0":"post-4350","1":"product","2":"type-product","3":"status-publish","4":"has-post-thumbnail","6":"product_cat-todos-teclados","7":"product_tag-honeywell-home-resideo","8":"product_tag-teclados","9":"product_tag-todos","11":"first","12":"instock","13":"sale","14":"shipping-taxable","15":"purchasable","16":"product-type-simple"},"_links":{"self":[{"href":"https:\/\/soydeaqui.ddns.net\/pachuca\/index.php\/wp-json\/wp\/v2\/product\/4350","targetHints":{"allow":["GET"]}}],"collection":[{"href":"https:\/\/soydeaqui.ddns.net\/pachuca\/index.php\/wp-json\/wp\/v2\/product"}],"about":[{"href":"https:\/\/soydeaqui.ddns.net\/pachuca\/index.php\/wp-json\/wp\/v2\/types\/product"}],"replies":[{"embeddable":true,"href":"https:\/\/soydeaqui.ddns.net\/pachuca\/index.php\/wp-json\/wp\/v2\/comments?post=4350"}],"wp:featuredmedia":[{"embeddable":true,"href":"https:\/\/soydeaqui.ddns.net\/pachuca\/index.php\/wp-json\/wp\/v2\/media\/4349"}],"wp:attachment":[{"href":"https:\/\/soydeaqui.ddns.net\/pachuca\/index.php\/wp-json\/wp\/v2\/media?parent=4350"}],"wp:term":[{"taxonomy":"product_brand","embeddable":true,"href":"https:\/\/soydeaqui.ddns.net\/pachuca\/index.php\/wp-json\/wp\/v2\/product_brand?post=4350"},{"taxonomy":"product_cat","embeddable":true,"href":"https:\/\/soydeaqui.ddns.net\/pachuca\/index.php\/wp-json\/wp\/v2\/product_cat?post=4350"},{"taxonomy":"product_tag","embeddable":true,"href":"https:\/\/soydeaqui.ddns.net\/pachuca\/index.php\/wp-json\/wp\/v2\/product_tag?post=4350"}],"curies":[{"name":"wp","href":"https:\/\/api.w.org\/{rel}","templated":true}]}}