{"id":43480,"date":"2026-03-18T19:10:45","date_gmt":"2026-03-18T19:10:45","guid":{"rendered":"https:\/\/soydeaqui.ddns.net\/pachuca\/index.php\/producto\/selector-de-plastico-iluminable-3su11002bl601na0-3-posiciones-color-negro-blanco-2-contactos-abiertos\/"},"modified":"2026-03-18T19:10:46","modified_gmt":"2026-03-18T19:10:46","slug":"selector-de-plastico-iluminable-3su11002bl601na0-3-posiciones-color-negro-blanco-2-contactos-abiertos","status":"publish","type":"product","link":"https:\/\/soydeaqui.ddns.net\/pachuca\/index.php\/producto\/selector-de-plastico-iluminable-3su11002bl601na0-3-posiciones-color-negro-blanco-2-contactos-abiertos\/","title":{"rendered":"Selector de pl\u00e1stico iluminable 3SU11002BL601NA0, 3 posiciones, color Negro\/Blanco, 2 Contactos Abiertos"},"content":{"rendered":"<div style='width: 100%; max-width: 1200px; margin: 0 auto; font-family: sans-serif; line-height: 1.6; color: inherit; background-color: transparent;'> <!-- Secci\u00f3n de caracter\u00edsticas principales --> <\/p>\n<div style='display: flex; flex-wrap: wrap; gap: 30px; margin-bottom: 30px;'>\n<div style='flex: 1 1 300px; min-width: 280px;'>\n<h3 style='font-size: 22px; border-bottom: 2px solid currentColor; padding-bottom: 5px; margin-top: 0; color: inherit; opacity: 0.8;'>Caracter\u00edsticas Principales<\/h3>\n<ul style='padding-left: 20px; font-size: 15px; color: inherit; list-style-type: disc;'>\n<li style='margin-bottom: 5px;'>Grado de protecci\u00f3n IP69K<\/li>\n<li style='margin-bottom: 5px;'>Selector SIRIUS ACT 22 mm<\/li>\n<li style='margin-bottom: 5px;'>Facilidad de montaje en todos los dispositivos<\/li>\n<li style='margin-bottom: 5px;'>Alimentaci\u00f3n: 5-500V<\/li>\n<\/ul><\/div>\n<\/p><\/div>\n<p> <!-- Secci\u00f3n de especificaciones t\u00e9cnicas --> <\/p>\n<div style='display: flex; flex-wrap: wrap; gap: 30px; margin-bottom: 30px;'>\n<div style='flex: 1 1 300px; min-width: 280px;'>\n<h3 style='font-size: 22px; border-bottom: 2px solid currentColor; padding-bottom: 5px; margin-top: 0; color: inherit; opacity: 0.8;'>Especificaciones T\u00e9cnicas<\/h3>\n<ul style='padding-left: 20px; font-size: 15px; color: inherit; list-style-type: disc;'>\n<li style='margin-bottom: 5px;'><strong>Tipo de contacto:<\/strong> 2 Contactos Abiertos (NA)<\/li>\n<li style='margin-bottom: 5px;'><strong>N\u00famero de posiciones:<\/strong> 3 (I-O-II)<\/li>\n<li style='margin-bottom: 5px;'><strong>\u00c1ngulo de maniobra:<\/strong> 45\u00b0 a la derecha e izquierda<\/li>\n<li style='margin-bottom: 5px;'><strong>Tensi\u00f3n de empleo:<\/strong> 5-500 V AC\/DC<\/li>\n<li style='margin-bottom: 5px;'><strong>Corriente t\u00e9rmica:<\/strong> 10 A<\/li>\n<li style='margin-bottom: 5px;'><strong>Vida \u00fatil mec\u00e1nica:<\/strong> 1&comma;000&comma;000 ciclos<\/li>\n<li style='margin-bottom: 5px;'><strong>Durabilidad el\u00e9ctrica:<\/strong> 10&comma;000&comma;000 ciclos<\/li>\n<li style='margin-bottom: 5px;'><strong>Temperatura de funcionamiento:<\/strong> -25\u00b0C a +70\u00b0C<\/li>\n<li style='margin-bottom: 5px;'><strong>Grado de protecci\u00f3n:<\/strong> IP66&comma; IP67&comma; IP69K<\/li>\n<li style='margin-bottom: 5px;'><strong>Material:<\/strong> Pl\u00e1stico<\/li>\n<li style='margin-bottom: 5px;'><strong>Color:<\/strong> Negro\/Blanco<\/li>\n<\/ul><\/div>\n<p> <!-- Secci\u00f3n de dimensiones --> <\/p>\n<div style='flex: 1 1 300px; min-width: 280px;'>\n<h3 style='font-size: 22px; border-bottom: 2px solid currentColor; padding-bottom: 5px; margin-top: 0; color: inherit; opacity: 0.8;'>Dimensiones<\/h3>\n<ul style='padding-left: 20px; font-size: 15px; color: inherit; list-style-type: disc;'>\n<li style='margin-bottom: 5px;'><strong>Altura:<\/strong> 40 mm<\/li>\n<li style='margin-bottom: 5px;'><strong>Anchura:<\/strong> 32.3 mm<\/li>\n<li style='margin-bottom: 5px;'><strong>Altura de montaje:<\/strong> 28.8 mm<\/li>\n<li style='margin-bottom: 5px;'><strong>Profundidad de montaje:<\/strong> 49.7 mm<\/li>\n<li style='margin-bottom: 5px;'><strong>Di\u00e1metro de montaje:<\/strong> 22.3 mm<\/li>\n<li style='margin-bottom: 5px;'><strong>Tolerancia positiva:<\/strong> 0.4 mm<\/li>\n<li style='margin-bottom: 5px;'><strong>Di\u00e1metro del actuador:<\/strong> 32.3 mm<\/li>\n<\/ul><\/div>\n<\/p><\/div>\n<p> <!-- Secci\u00f3n de informaci\u00f3n el\u00e9ctrica --> <\/p>\n<div style='display: flex; flex-wrap: wrap; gap: 30px; margin-bottom: 30px;'>\n<div style='flex: 1 1 300px; min-width: 280px;'>\n<h3 style='font-size: 22px; border-bottom: 2px solid currentColor; padding-bottom: 5px; margin-top: 0; color: inherit; opacity: 0.8;'>Informaci\u00f3n El\u00e9ctrica<\/h3>\n<ul style='padding-left: 20px; font-size: 15px; color: inherit; list-style-type: disc;'>\n<li style='margin-bottom: 5px;'><strong>Tensi\u00f3n de aislamiento:<\/strong> 500 V<\/li>\n<li style='margin-bottom: 5px;'><strong>Resistencia a tensi\u00f3n de choque:<\/strong> 6 kV<\/li>\n<li style='margin-bottom: 5px;'><strong>Par de apriete borne:<\/strong> 0.8-0.9 N\u00b7m<\/li>\n<li style='margin-bottom: 5px;'><strong>Secciones de conductor:<\/strong> 0.5-1.5 mm\u00b2<\/li>\n<li style='margin-bottom: 5px;'><strong>Tipo de conexi\u00f3n:<\/strong> Borne de tornillo<\/li>\n<li style='margin-bottom: 5px;'><strong>Tipo de contacto:<\/strong> Aleaci\u00f3n de plata<\/li>\n<li style='margin-bottom: 5px;'><strong>Confiabilidad de contacto:<\/strong> 1 falla cada 100 millones (17 V&comma; 5 mA)<\/li>\n<\/ul><\/div>\n<p> <!-- Secci\u00f3n de certificaciones y normas --> <\/p>\n<div style='flex: 1 1 300px; min-width: 280px;'>\n<h3 style='font-size: 22px; border-bottom: 2px solid currentColor; padding-bottom: 5px; margin-top: 0; color: inherit; opacity: 0.8;'>Certificaciones y Normas<\/h3>\n<ul style='padding-left: 20px; font-size: 15px; color: inherit; list-style-type: disc;'>\n<li style='margin-bottom: 5px;'><strong>Normas:<\/strong> IEC 60068-2-27&comma; IEC 60068-2-6&comma; EN 61373<\/li>\n<li style='margin-bottom: 5px;'><strong>Grado de contaminaci\u00f3n:<\/strong> 3<\/li>\n<li style='margin-bottom: 5px;'><strong>Directiva RoHS:<\/strong> Cumple (desde 10\/01\/2014)<\/li>\n<li style='margin-bottom: 5px;'><strong>Seguridad funcional:<\/strong> ISO 13849-1 Tipo 3&comma; IEC 61508 Tipo A<\/li>\n<li style='margin-bottom: 5px;'><strong>Resistencia a vibraciones:<\/strong> 10-500 Hz: 5g<\/li>\n<li style='margin-bottom: 5px;'><strong>Resistencia a choques:<\/strong> 15g \/ 11 ms<\/li>\n<\/ul><\/div>\n<\/p><\/div>\n<p> <!-- Secci\u00f3n de aplicaciones --> <\/p>\n<div style='display: flex; flex-wrap: wrap; gap: 30px; margin-bottom: 30px;'>\n<div style='flex: 1 1 300px; min-width: 280px;'>\n<h3 style='font-size: 22px; border-bottom: 2px solid currentColor; padding-bottom: 5px; margin-top: 0; color: inherit; opacity: 0.8;'>Aplicaciones<\/h3>\n<ul style='padding-left: 20px; font-size: 15px; color: inherit; list-style-type: disc;'>\n<li style='margin-bottom: 5px;'>Ideal para ambientes industriales exigentes<\/li>\n<li style='margin-bottom: 5px;'>Apto para aplicaciones ferroviarias<\/li>\n<li style='margin-bottom: 5px;'>Uso en maquinaria general<\/li>\n<li style='margin-bottom: 5px;'>Control de procesos industriales<\/li>\n<\/ul><\/div>\n<\/p><\/div>\n<p> <!-- Separador --> <\/p>\n<hr style='border: 0; border-top: 1px solid rgba(150&comma; 150&comma; 150&comma; 0.3); margin: 30px 0;'> <\/div>\n","protected":false},"excerpt":{"rendered":"<p>Selector de pl\u00e1stico iluminable 3SU11002BL601NA0, 3 posiciones, color Negro\/Blanco, 2 Contactos Abiertos<\/p>\n","protected":false},"featured_media":43479,"comment_status":"open","ping_status":"closed","template":"","meta":[],"product_brand":[],"product_cat":[1069],"product_tag":[1066,1070,720],"class_list":{"0":"post-43480","1":"product","2":"type-product","3":"status-publish","4":"has-post-thumbnail","6":"product_cat-centros-de-carga-e-interruptores","7":"product_tag-area-electrica","8":"product_tag-centros-de-carga-e-interruptores","9":"product_tag-siemens","11":"first","12":"outofstock","13":"sale","14":"shipping-taxable","15":"purchasable","16":"product-type-simple"},"_links":{"self":[{"href":"https:\/\/soydeaqui.ddns.net\/pachuca\/index.php\/wp-json\/wp\/v2\/product\/43480","targetHints":{"allow":["GET"]}}],"collection":[{"href":"https:\/\/soydeaqui.ddns.net\/pachuca\/index.php\/wp-json\/wp\/v2\/product"}],"about":[{"href":"https:\/\/soydeaqui.ddns.net\/pachuca\/index.php\/wp-json\/wp\/v2\/types\/product"}],"replies":[{"embeddable":true,"href":"https:\/\/soydeaqui.ddns.net\/pachuca\/index.php\/wp-json\/wp\/v2\/comments?post=43480"}],"wp:featuredmedia":[{"embeddable":true,"href":"https:\/\/soydeaqui.ddns.net\/pachuca\/index.php\/wp-json\/wp\/v2\/media\/43479"}],"wp:attachment":[{"href":"https:\/\/soydeaqui.ddns.net\/pachuca\/index.php\/wp-json\/wp\/v2\/media?parent=43480"}],"wp:term":[{"taxonomy":"product_brand","embeddable":true,"href":"https:\/\/soydeaqui.ddns.net\/pachuca\/index.php\/wp-json\/wp\/v2\/product_brand?post=43480"},{"taxonomy":"product_cat","embeddable":true,"href":"https:\/\/soydeaqui.ddns.net\/pachuca\/index.php\/wp-json\/wp\/v2\/product_cat?post=43480"},{"taxonomy":"product_tag","embeddable":true,"href":"https:\/\/soydeaqui.ddns.net\/pachuca\/index.php\/wp-json\/wp\/v2\/product_tag?post=43480"}],"curies":[{"name":"wp","href":"https:\/\/api.w.org\/{rel}","templated":true}]}}