{"id":43117,"date":"2026-03-18T19:00:45","date_gmt":"2026-03-18T19:00:45","guid":{"rendered":"https:\/\/soydeaqui.ddns.net\/pachuca\/index.php\/producto\/estuche-rigido-victorinox-de-cinturon-fabricado-sintetico-de-alta-resistencia-color-negro-para-navaja-swisstool\/"},"modified":"2026-03-18T19:00:51","modified_gmt":"2026-03-18T19:00:51","slug":"estuche-rigido-victorinox-de-cinturon-fabricado-sintetico-de-alta-resistencia-color-negro-para-navaja-swisstool","status":"publish","type":"product","link":"https:\/\/soydeaqui.ddns.net\/pachuca\/index.php\/producto\/estuche-rigido-victorinox-de-cinturon-fabricado-sintetico-de-alta-resistencia-color-negro-para-navaja-swisstool\/","title":{"rendered":"Estuche R\u00edgido Victorinox de Cintur\u00f3n, Fabricado Sint\u00e9tico de alta Resistencia, color Negro,  para Navaja SwissTool."},"content":{"rendered":"<div style='width: 100%; max-width: 1200px; margin: 0 auto; font-family: sans-serif; line-height: 1.6; color: inherit; background-color: transparent;'>\n<div style='width: 100%; display: flex; justify-content: center; margin: 20px 0;'> <img style='width: 100%; max-width: 300px; height: auto; border: 1px solid rgba(150&comma;150&comma;150&comma;0.3); border-radius: 8px;' src='https:\/\/ftp3.syscom.mx\/usuarios\/fotos\/30163801\/170463-victorinox.png' alt=''> <\/div>\n<div style='display: flex; flex-wrap: wrap; gap: 30px; margin-bottom: 30px;'>\n<div style='flex: 1 1 300px; min-width: 280px;'>\n<h3 style='font-size: 22px; border-bottom: 2px solid currentColor; padding-bottom: 5px; margin-top: 0; color: inherit; opacity: 0.8;'>Caracter\u00edsticas Principales<\/h3>\n<ul style='padding-left: 20px; font-size: 15px; color: inherit;'>\n<li style='margin-bottom: 5px;'>Art\u00edculo indipensable para albergar su navaja Swiss Tool.<\/li>\n<li style='margin-bottom: 5px;'>Estuche sint\u00e9tico hecho en Suiza.<\/li>\n<li style='margin-bottom: 5px;'>Fabricado en material s\u00f3lido f\u00e1cil de limpiar.<\/li>\n<\/ul><\/div>\n<div style='flex: 1 1 300px; min-width: 280px;'>\n<h3 style='font-size: 22px; border-bottom: 2px solid currentColor; padding-bottom: 5px; margin-top: 0; color: inherit; opacity: 0.8;'>Caracter\u00edsticas F\u00edsicas<\/h3>\n<ul style='padding-left: 20px; font-size: 15px; color: inherit;'>\n<li style='margin-bottom: 5px;'>Fabricado sint\u00e9tico color negro.<\/li>\n<li style='margin-bottom: 5px;'>Distintivo con Cross and Shield de la marca.<\/li>\n<li style='margin-bottom: 5px;'>Medidas: Alto 300mm | Largo 155mm | Ancho 50mm.<\/li>\n<li style='margin-bottom: 5px;'>Peso 0.055 Kg.<\/li>\n<\/ul><\/div>\n<div style='flex: 1 1 300px; min-width: 280px;'>\n<h3 style='font-size: 22px; border-bottom: 2px solid currentColor; padding-bottom: 5px; margin-top: 0; color: inherit; opacity: 0.8;'>Caracter\u00edsticas Destacadas<\/h3>\n<ul style='padding-left: 20px; font-size: 15px; color: inherit;'>\n<li style='margin-bottom: 5px;'>Vers\u00e1til&comma; portable y pr\u00e1ctico.<\/li>\n<li style='margin-bottom: 5px;'>Swiss Tool puede quedar abierta gracias al cierre de seguridad.<\/li>\n<li style='margin-bottom: 5px;'>Adaptable a cualquier tipo de cintur\u00f3n.<\/li>\n<\/ul><\/div>\n<\/p><\/div>\n<hr style='border: 0; border-top: 1px solid rgba(150&comma; 150&comma; 150&comma; 0.3); margin: 30px 0;'>\n<div style='width: 100%; display: flex; justify-content: center; margin: 20px 0;'> <span style='font-size: 14px; color: inherit; font-weight: bold;'>Imagen Ilustrativa de Vista de la Navaja SwissTool en estuche R\u00edgido Victorinox:<\/span> <\/div>\n<div style='width: 100%; display: flex; justify-content: center; margin: 20px 0;'> <img style='width: 100%; max-width: 500px; height: auto; border: 1px solid rgba(150&comma;150&comma;150&comma;0.3); border-radius: 8px;' src='https:\/\/ftp3.syscom.mx\/usuarios\/fotos\/4.0829\/227594-sak_3_0327_h__b1-tif.png' alt=''> <\/div>\n<\/p><\/div>\n","protected":false},"excerpt":{"rendered":"<p>Estuche R\u00edgido Victorinox de Cintur\u00f3n, Fabricado Sint\u00e9tico de alta Resistencia, color Negro,  para Navaja SwissTool.<\/p>\n","protected":false},"featured_media":43116,"comment_status":"open","ping_status":"closed","template":"","meta":[],"product_brand":[],"product_cat":[1149,1148],"product_tag":[1151,1150,1058,1135],"class_list":{"0":"post-43117","1":"product","2":"type-product","3":"status-publish","4":"has-post-thumbnail","6":"product_cat-cintas-y-consumibles","7":"product_cat-corbatas","8":"product_tag-cintas-y-consumibles","9":"product_tag-corbatas","10":"product_tag-ferreteria","11":"product_tag-victorinox","13":"first","14":"instock","15":"sale","16":"shipping-taxable","17":"purchasable","18":"product-type-simple"},"_links":{"self":[{"href":"https:\/\/soydeaqui.ddns.net\/pachuca\/index.php\/wp-json\/wp\/v2\/product\/43117","targetHints":{"allow":["GET"]}}],"collection":[{"href":"https:\/\/soydeaqui.ddns.net\/pachuca\/index.php\/wp-json\/wp\/v2\/product"}],"about":[{"href":"https:\/\/soydeaqui.ddns.net\/pachuca\/index.php\/wp-json\/wp\/v2\/types\/product"}],"replies":[{"embeddable":true,"href":"https:\/\/soydeaqui.ddns.net\/pachuca\/index.php\/wp-json\/wp\/v2\/comments?post=43117"}],"wp:featuredmedia":[{"embeddable":true,"href":"https:\/\/soydeaqui.ddns.net\/pachuca\/index.php\/wp-json\/wp\/v2\/media\/43116"}],"wp:attachment":[{"href":"https:\/\/soydeaqui.ddns.net\/pachuca\/index.php\/wp-json\/wp\/v2\/media?parent=43117"}],"wp:term":[{"taxonomy":"product_brand","embeddable":true,"href":"https:\/\/soydeaqui.ddns.net\/pachuca\/index.php\/wp-json\/wp\/v2\/product_brand?post=43117"},{"taxonomy":"product_cat","embeddable":true,"href":"https:\/\/soydeaqui.ddns.net\/pachuca\/index.php\/wp-json\/wp\/v2\/product_cat?post=43117"},{"taxonomy":"product_tag","embeddable":true,"href":"https:\/\/soydeaqui.ddns.net\/pachuca\/index.php\/wp-json\/wp\/v2\/product_tag?post=43117"}],"curies":[{"name":"wp","href":"https:\/\/api.w.org\/{rel}","templated":true}]}}