{"id":42979,"date":"2026-03-18T18:57:12","date_gmt":"2026-03-18T18:57:12","guid":{"rendered":"https:\/\/soydeaqui.ddns.net\/pachuca\/index.php\/producto\/juego-de-navajas-multiusos-deslizable-y-plegable-de-135o-o-180o-con-boton-de-liberacion-rapida-y-facil\/"},"modified":"2026-03-18T18:57:28","modified_gmt":"2026-03-18T18:57:28","slug":"juego-de-navajas-multiusos-deslizable-y-plegable-de-135o-o-180o-con-boton-de-liberacion-rapida-y-facil","status":"publish","type":"product","link":"https:\/\/soydeaqui.ddns.net\/pachuca\/index.php\/producto\/juego-de-navajas-multiusos-deslizable-y-plegable-de-135o-o-180o-con-boton-de-liberacion-rapida-y-facil\/","title":{"rendered":"Juego de Navajas Multiusos Deslizable y Plegable de 135\u00ba o 180\u00ba con Bot\u00f3n de liberaci\u00f3n R\u00e1pida y F\u00e1cil"},"content":{"rendered":"<div style='width: 100%; max-width: 1200px; margin: 0 auto; font-family: sans-serif; line-height: 1.6; color: inherit; background-color: transparent;'> <!-- Imagen principal --> <\/p>\n<div style='margin-bottom: 20px;'> <img style='width: 100%; height: auto; border: 1px solid rgba(150&comma;150&comma;150&comma;0.3); border-radius: 8px;' src='https:\/\/ftp3.syscom.mx\/usuarios\/fotos\/QRST11\/224267-captura_de_pantalla_2023-11-14_a_la(s)_12.59.13%E2%80%AFp.m..png' alt=''> <\/div>\n<p> <!-- Secci\u00f3n de caracter\u00edsticas --> <\/p>\n<div style='display: flex; flex-wrap: wrap; gap: 30px; margin-bottom: 30px;'>\n<div style='flex: 1 1 300px; min-width: 280px;'>\n<h3 style='font-size: 22px; border-bottom: 2px solid currentColor; padding-bottom: 5px; margin-top: 0; color: inherit; opacity: 0.8;'>Caracter\u00edsticas<\/h3>\n<ul style='padding-left: 20px; font-size: 15px; color: inherit;'>\n<li style='margin-bottom: 5px;'><span style='font-size: 12pt;'>La cuchilla plegable se bloquea en posici\u00f3n abierta de 135 o 180 grados para ofrecer opciones vers\u00e1tiles de corte (Cat. n.\u00ba 44302)<\/span><\/li>\n<li style='margin-bottom: 5px;'><span style='font-size: 12pt;'>Bot\u00f3n de liberaci\u00f3n lateral intuitivo para una apertura r\u00e1pida y f\u00e1cil<\/span><\/li>\n<li style='margin-bottom: 5px;'><span style='font-size: 12pt;'>El conveniente compartimiento plegable viene precargado con cinco cuchillas adicionales<\/span><\/li>\n<li style='margin-bottom: 5px;'><span style='font-size: 12pt;'>Dise\u00f1ada ergon\u00f3micamente para adaptarse con comodidad a su mano<\/span><\/li>\n<li style='margin-bottom: 5px;'><span style='font-size: 12pt;'>Dise\u00f1ada con un tama\u00f1o conveniente para transportarla a diario y usarla en la marcha<\/span><\/li>\n<li style='margin-bottom: 5px;'><span style='font-size: 12pt;'>Las cuchillas con triple rectificado facilitan y agilizan las tareas de corte (Cat. n.\u00ba 44301)<\/span><\/li>\n<li style='margin-bottom: 5px;'><span style='font-size: 12pt;'>El color naranja brillante garantiza una f\u00e1cil visualizaci\u00f3n en diversas configuraciones<\/span><\/li>\n<\/ul><\/div>\n<\/p><\/div>\n<p> <!-- Imagen secundaria --> <\/p>\n<div style='margin-bottom: 20px;'> <img style='width: 100%; height: auto; border: 1px solid rgba(150&comma;150&comma;150&comma;0.3); border-radius: 8px;' src='https:\/\/ftp3.syscom.mx\/usuarios\/fotos\/44312\/230521-image001.png' alt=''> <\/div>\n<\/p><\/div>\n","protected":false},"excerpt":{"rendered":"<p>Juego de Navajas Multiusos Deslizable y Plegable de 135\u00ba o 180\u00ba con Bot\u00f3n de liberaci\u00f3n R\u00e1pida y F\u00e1cil<\/p>\n","protected":false},"featured_media":42978,"comment_status":"open","ping_status":"closed","template":"","meta":[],"product_brand":[],"product_cat":[1138],"product_tag":[1058,1139,432],"class_list":{"0":"post-42979","1":"product","2":"type-product","3":"status-publish","4":"has-post-thumbnail","6":"product_cat-herramientas-mecanicas","7":"product_tag-ferreteria","8":"product_tag-herramientas-mecanicas","9":"product_tag-klein-tools","11":"first","12":"instock","13":"sale","14":"shipping-taxable","15":"purchasable","16":"product-type-simple"},"_links":{"self":[{"href":"https:\/\/soydeaqui.ddns.net\/pachuca\/index.php\/wp-json\/wp\/v2\/product\/42979","targetHints":{"allow":["GET"]}}],"collection":[{"href":"https:\/\/soydeaqui.ddns.net\/pachuca\/index.php\/wp-json\/wp\/v2\/product"}],"about":[{"href":"https:\/\/soydeaqui.ddns.net\/pachuca\/index.php\/wp-json\/wp\/v2\/types\/product"}],"replies":[{"embeddable":true,"href":"https:\/\/soydeaqui.ddns.net\/pachuca\/index.php\/wp-json\/wp\/v2\/comments?post=42979"}],"wp:featuredmedia":[{"embeddable":true,"href":"https:\/\/soydeaqui.ddns.net\/pachuca\/index.php\/wp-json\/wp\/v2\/media\/42978"}],"wp:attachment":[{"href":"https:\/\/soydeaqui.ddns.net\/pachuca\/index.php\/wp-json\/wp\/v2\/media?parent=42979"}],"wp:term":[{"taxonomy":"product_brand","embeddable":true,"href":"https:\/\/soydeaqui.ddns.net\/pachuca\/index.php\/wp-json\/wp\/v2\/product_brand?post=42979"},{"taxonomy":"product_cat","embeddable":true,"href":"https:\/\/soydeaqui.ddns.net\/pachuca\/index.php\/wp-json\/wp\/v2\/product_cat?post=42979"},{"taxonomy":"product_tag","embeddable":true,"href":"https:\/\/soydeaqui.ddns.net\/pachuca\/index.php\/wp-json\/wp\/v2\/product_tag?post=42979"}],"curies":[{"name":"wp","href":"https:\/\/api.w.org\/{rel}","templated":true}]}}