{"id":42952,"date":"2026-03-18T18:56:28","date_gmt":"2026-03-18T18:56:28","guid":{"rendered":"https:\/\/soydeaqui.ddns.net\/pachuca\/index.php\/producto\/relevador-dimmer-0-10v-industrial-y-residencial-inteligente-soporta-google-y-alexa-nube-p2p-y-local-ideal-para-atenuar-iluminacion\/"},"modified":"2026-03-18T18:56:29","modified_gmt":"2026-03-18T18:56:29","slug":"relevador-dimmer-0-10v-industrial-y-residencial-inteligente-soporta-google-y-alexa-nube-p2p-y-local-ideal-para-atenuar-iluminacion","status":"publish","type":"product","link":"https:\/\/soydeaqui.ddns.net\/pachuca\/index.php\/producto\/relevador-dimmer-0-10v-industrial-y-residencial-inteligente-soporta-google-y-alexa-nube-p2p-y-local-ideal-para-atenuar-iluminacion\/","title":{"rendered":"Relevador DIMMER 0-10V \/ Industrial y residencial inteligente \/  Soporta Google y Alexa \/ Nube P2P y local \/ Ideal para atenuar iluminaci\u00f3n."},"content":{"rendered":"<div style='width: 100%; max-width: 1200px; margin: 0 auto; font-family: sans-serif; line-height: 1.6; color: inherit; background-color: transparent;'> <!-- T\u00edtulo y descripci\u00f3n --> <\/p>\n<div style='margin-bottom: 30px; text-align: center;'>\n<h2 style='font-size: 24px; color: inherit; margin-bottom: 15px;'><strong>Controlador de atenuaci\u00f3n inteligente de 0-10 V CC<\/strong><\/h2>\n<p style='font-size: 15px; color: inherit; margin-bottom: 15px;'>Dise\u00f1ado para gestionar controladores de atenuaci\u00f3n de 0-10 V&comma; el atenuador Shelly Plus 0-10 V ofrece una atenuaci\u00f3n precisa con control remoto. Es una actualizaci\u00f3n y se puede utilizar con cualquier interruptor normal que tenga en casa.<\/p>\n<p style='font-size: 15px; color: inherit;'>\u00a1No se requiere concentrador! F\u00e1cil control a trav\u00e9s de la aplicaci\u00f3n Shelly Smart Control&comma; la mayor\u00eda de plataformas y protocolos&comma; as\u00ed como asistentes de voz. \u00daselo con Alexa&comma; Home Assistant o su plataforma de automatizaci\u00f3n preferida.<\/p>\n<\/p><\/div>\n<p> <!-- Imagen principal --> <\/p>\n<div style='margin: 30px 0; text-align: center;'> <img style='width: 100%; max-width: 1126px; height: auto; border: 1px solid rgba(150&comma;150&comma;150&comma;0.3); border-radius: 8px;' src='https:\/\/i.ibb.co\/0n4C6vQ\/Captura104.jpg' alt=''> <\/div>\n<p> <!-- Secci\u00f3n de especificaciones --> <\/p>\n<div style='display: flex; flex-wrap: wrap; gap: 30px; margin-bottom: 40px;'> <!-- Dimensiones y ambiental --> <\/p>\n<div style='flex: 1 1 300px; min-width: 280px;'>\n<div style='border: 1px solid rgba(150&comma; 150&comma; 150&comma; 0.4); border-radius: 8px; overflow: hidden; display: flex; flex-direction: column;'>\n<div style='padding: 15px; border-bottom: 1px solid rgba(150&comma; 150&comma; 150&comma; 0.2); font-weight: bold; font-size: 18px; color: inherit;'>Dimensiones y ambiental<\/div>\n<div style='padding: 15px; color: inherit;'>\n<h4 style='margin-top: 0; font-size: 16px; color: inherit;'><strong>Dimensiones:<\/strong><\/h4>\n<ul style='padding-left: 20px; margin: 10px 0; font-size: 14px; list-style-type: disc; color: inherit;'>\n<li style='margin-bottom: 5px;'>Tama\u00f1o: 42x37x17 \u00b10&comma;5 mm<\/li>\n<li style='margin-bottom: 5px;'>Peso: 17g\/0&comma;60 onzas<\/li>\n<li style='margin-bottom: 5px;'>Par m\u00e1ximo de terminales de tornillo: 0&comma;4 Nm<\/li>\n<li style='margin-bottom: 5px;'>Montaje: En la pared<\/li>\n<li style='margin-bottom: 5px;'>Material de la c\u00e1scara: El pl\u00e1stico<\/li>\n<\/ul>\n<h4 style='margin-top: 20px; margin-bottom: 10px; font-size: 16px; color: inherit;'><strong>Ambiental:<\/strong><\/h4>\n<ul style='padding-left: 20px; margin: 0; font-size: 14px; list-style-type: disc; color: inherit;'>\n<li style='margin-bottom: 5px;'>Temperatura ambiente de trabajo: -20 \u00b0C a 40 \u00b0C<\/li>\n<li style='margin-bottom: 5px;'>Humedad: 30 % a 70 % HR<\/li>\n<\/ul><\/div>\n<\/p><\/div>\n<\/p><\/div>\n<p> <!-- Caracter\u00edsticas El\u00e9ctricas --> <\/p>\n<div style='flex: 1 1 300px; min-width: 280px;'>\n<div style='border: 1px solid rgba(150&comma; 150&comma; 150&comma; 0.4); border-radius: 8px; overflow: hidden; display: flex; flex-direction: column;'>\n<div style='padding: 15px; border-bottom: 1px solid rgba(150&comma; 150&comma; 150&comma; 0.2); font-weight: bold; font-size: 18px; color: inherit;'>Caracter\u00edsticas El\u00e9ctricas<\/div>\n<div style='padding: 15px; color: inherit;'>\n<ul style='padding-left: 20px; margin: 0; font-size: 14px; list-style-type: disc; color: inherit;'>\n<li style='margin-bottom: 5px;'>Fuente de alimentaci\u00f3n: 110 &#8211; 240 VCA \u00b110%<\/li>\n<li style='margin-bottom: 5px;'>3 Amperes<\/li>\n<li style='margin-bottom: 5px;'>El consumo de energ\u00eda: < 1&comma;2W<\/li>\n<li style='margin-bottom: 5px;'>Neutral no necesario: No<\/li>\n<li style='margin-bottom: 5px;'>Tipo de control de voltaje: 0-10V<\/li>\n<li style='margin-bottom: 5px;'>Tensi\u00f3n m\u00e1xima: 10 VCC<\/li>\n<li style='margin-bottom: 5px;'>Medici\u00f3n de consumo: SI<\/li>\n<\/ul><\/div>\n<\/p><\/div>\n<\/p><\/div>\n<p> <!-- Caracter\u00edsticas inal\u00e1mbricas --> <\/p>\n<div style='flex: 1 1 300px; min-width: 280px;'>\n<div style='border: 1px solid rgba(150&comma; 150&comma; 150&comma; 0.4); border-radius: 8px; overflow: hidden; display: flex; flex-direction: column;'>\n<div style='padding: 15px; border-bottom: 1px solid rgba(150&comma; 150&comma; 150&comma; 0.2); font-weight: bold; font-size: 18px; color: inherit;'>Caracter\u00edsticas inal\u00e1mbricas<\/div>\n<div style='padding: 15px; color: inherit;'>\n<h4 style='margin-top: 0; margin-bottom: 10px; font-size: 16px; color: inherit;'><strong>Wi-Fi:<\/strong><\/h4>\n<ul style='padding-left: 20px; margin: 10px 0; font-size: 14px; list-style-type: disc; color: inherit;'>\n<li style='margin-bottom: 5px;'>Protocolo wifi: 802.11 b\/g\/n&comma; 2.4<\/li>\n<li style='margin-bottom: 5px;'>Alcance Wi-Fi: Hasta 30 m en interiores y 50 m en exteriores<\/li>\n<li style='margin-bottom: 5px;'>M\u00e1x. Potencia de RF: < 20dBm<\/li>\n<\/ul>\n<h4 style='margin-top: 20px; margin-bottom: 10px; font-size: 16px; color: inherit;'><strong>Bluetooth:<\/strong><\/h4>\n<ul style='padding-left: 20px; margin: 0; font-size: 14px; list-style-type: disc; color: inherit;'>\n<li style='margin-bottom: 5px;'>Protocolo: 4.2<\/li>\n<li style='margin-bottom: 5px;'>Rango: Hasta 10 m en interiores y 30 m en exteriores<\/li>\n<li style='margin-bottom: 5px;'>M\u00e1x. Potencia de RF: < 4dBm<\/li>\n<\/ul><\/div>\n<\/p><\/div>\n<\/p><\/div>\n<\/p><\/div>\n<p> <!-- Video --> <\/p>\n<div style='margin: 30px 0;'>\n<div style='position: relative; padding-bottom: 56.25%; height: 0; overflow: hidden;'>   <\/div>\n<\/p><\/div>\n<\/p><\/div>\n","protected":false},"excerpt":{"rendered":"<p>Relevador DIMMER 0-10V \/ Industrial y residencial inteligente \/  Soporta Google y Alexa \/ Nube P2P y local \/ Ideal para atenuar iluminaci\u00f3n.<\/p>\n","protected":false},"featured_media":42951,"comment_status":"open","ping_status":"closed","template":"","meta":[],"product_brand":[],"product_cat":[56],"product_tag":[30,57,58],"class_list":{"0":"post-42952","1":"product","2":"type-product","3":"status-publish","4":"has-post-thumbnail","6":"product_cat-control-de-iluminacion","7":"product_tag-automatizacion-casa-inteligente","8":"product_tag-control-de-iluminacion","9":"product_tag-shelly","11":"first","12":"instock","13":"sale","14":"shipping-taxable","15":"purchasable","16":"product-type-simple"},"_links":{"self":[{"href":"https:\/\/soydeaqui.ddns.net\/pachuca\/index.php\/wp-json\/wp\/v2\/product\/42952","targetHints":{"allow":["GET"]}}],"collection":[{"href":"https:\/\/soydeaqui.ddns.net\/pachuca\/index.php\/wp-json\/wp\/v2\/product"}],"about":[{"href":"https:\/\/soydeaqui.ddns.net\/pachuca\/index.php\/wp-json\/wp\/v2\/types\/product"}],"replies":[{"embeddable":true,"href":"https:\/\/soydeaqui.ddns.net\/pachuca\/index.php\/wp-json\/wp\/v2\/comments?post=42952"}],"wp:featuredmedia":[{"embeddable":true,"href":"https:\/\/soydeaqui.ddns.net\/pachuca\/index.php\/wp-json\/wp\/v2\/media\/42951"}],"wp:attachment":[{"href":"https:\/\/soydeaqui.ddns.net\/pachuca\/index.php\/wp-json\/wp\/v2\/media?parent=42952"}],"wp:term":[{"taxonomy":"product_brand","embeddable":true,"href":"https:\/\/soydeaqui.ddns.net\/pachuca\/index.php\/wp-json\/wp\/v2\/product_brand?post=42952"},{"taxonomy":"product_cat","embeddable":true,"href":"https:\/\/soydeaqui.ddns.net\/pachuca\/index.php\/wp-json\/wp\/v2\/product_cat?post=42952"},{"taxonomy":"product_tag","embeddable":true,"href":"https:\/\/soydeaqui.ddns.net\/pachuca\/index.php\/wp-json\/wp\/v2\/product_tag?post=42952"}],"curies":[{"name":"wp","href":"https:\/\/api.w.org\/{rel}","templated":true}]}}