{"id":42870,"date":"2026-03-18T18:54:09","date_gmt":"2026-03-18T18:54:09","guid":{"rendered":"https:\/\/soydeaqui.ddns.net\/pachuca\/index.php\/producto\/mochila-para-herramientas-extragrande-tradesman-pro-con-40-bolsillos-y-puerto-usb-c\/"},"modified":"2026-03-18T18:54:19","modified_gmt":"2026-03-18T18:54:19","slug":"mochila-para-herramientas-extragrande-tradesman-pro-con-40-bolsillos-y-puerto-usb-c","status":"publish","type":"product","link":"https:\/\/soydeaqui.ddns.net\/pachuca\/index.php\/producto\/mochila-para-herramientas-extragrande-tradesman-pro-con-40-bolsillos-y-puerto-usb-c\/","title":{"rendered":"Mochila para Herramientas Extragrande Tradesman Pro\u2122 con 40 Bolsillos y Puerto USB-C"},"content":{"rendered":"<div style='width: 100%; max-width: 1200px; margin: 0 auto; font-family: sans-serif; line-height: 1.6; color: inherit; background-color: transparent;'> <!-- Secci\u00f3n de caracter\u00edsticas --> <\/p>\n<div style='display: flex; flex-wrap: wrap; gap: 30px; margin-bottom: 30px;'>\n<div style='flex: 1 1 300px; min-width: 280px;'>\n<h3 style='font-size: 22px; border-bottom: 2px solid currentColor; padding-bottom: 5px; margin-top: 0; color: inherit; opacity: 0.8;'>Caracter\u00edsticas<\/h3>\n<ul style='padding-left: 20px; font-size: 15px; color: inherit;'>\n<li style='margin-bottom: 5px;'>Mochila para herramientas con interior grande para transportar f\u00e1cilmente herramientas el\u00e9ctricas&comma; bolsas con cierre rel\u00e1mpago y equipos<\/li>\n<li style='margin-bottom: 5px;'>40 bolsillos para m\u00e1ximo almacenamiento de herramientas y accesorios&comma; incluido un interior espacioso para herramientas el\u00e9ctricas<\/li>\n<li style='margin-bottom: 5px;'>Fondo curvo y completamente moldeado que es c\u00f3modo para usar y ayuda a proteger el contenido de la intemperie<\/li>\n<li style='margin-bottom: 5px;'>Cable USB-C de 1&comma;5&#8242; incluido con sistema de administraci\u00f3n de cables<\/li>\n<li style='margin-bottom: 5px;'>Puerto exterior para cargar dispositivos fuera de la mochila para herramientas<\/li>\n<li style='margin-bottom: 5px;'>Incluye un soporte para luz frontal interna para usarlo con una luz frontal de Klein Tools (se vende por separado&comma; Cat. n.\u00ba 56062&comma; 56049) para iluminar el interior del bolso para herramientas o el entorno exterior<\/li>\n<li style='margin-bottom: 5px;'>Bolsillo delantero r\u00edgido y moldeado con separadores que ayuda a proteger art\u00edculos como tel\u00e9fonos y gafas de seguridad<\/li>\n<li style='margin-bottom: 5px;'>Fabricada con tela bal\u00edstica duradera de 1680 d resistente al agua<\/li>\n<li style='margin-bottom: 5px;'>Organice y acceda f\u00e1cilmente a las herramientas de uso m\u00e1s frecuente en el bolsillo delantero<\/li>\n<li style='margin-bottom: 5px;'>Cierre rel\u00e1mpago principal dise\u00f1ado para abrir el bolso por completo para un f\u00e1cil acceso<\/li>\n<li style='margin-bottom: 5px;'>Clip de cinta de medici\u00f3n y presilla para cinta exterior<\/li>\n<li style='margin-bottom: 5px;'>Superacolchado en las correas de hombro<\/li>\n<\/ul><\/div>\n<\/p><\/div>\n<p> <!-- Secci\u00f3n de im\u00e1genes --> <\/p>\n<div style='display: flex; flex-wrap: wrap; gap: 30px; margin-bottom: 30px;'>\n<div style='flex: 1 1 300px; min-width: 280px;'>\n<h3 style='font-size: 22px; border-bottom: 2px solid currentColor; padding-bottom: 5px; margin-top: 0; color: inherit; opacity: 0.8;'>Imagenes<\/h3>\n<div style='margin-top: 15px;'> <img style='width: 100%; height: auto; border: 1px solid rgba(150&comma;150&comma;150&comma;0.3); border-radius: 8px;' src='https:\/\/ftp3.syscom.mx\/usuarios\/fotos\/62800BP\/228465-62805bp_app5.jpg' alt=''> <\/div>\n<\/p><\/div>\n<\/p><\/div>\n<p> <!-- Separador --> <\/p>\n<hr style='border: 0; border-top: 1px solid rgba(150&comma; 150&comma; 150&comma; 0.3); margin: 30px 0;'> <\/div>\n","protected":false},"excerpt":{"rendered":"<p>Mochila para Herramientas Extragrande Tradesman Pro\u2122 con 40 Bolsillos y Puerto USB-C<\/p>\n","protected":false},"featured_media":42869,"comment_status":"open","ping_status":"closed","template":"","meta":[],"product_brand":[],"product_cat":[1212],"product_tag":[1213,1058,432],"class_list":{"0":"post-42870","1":"product","2":"type-product","3":"status-publish","4":"has-post-thumbnail","6":"product_cat-escaleras-y-almacenamiento","7":"product_tag-escaleras-y-almacenamiento","8":"product_tag-ferreteria","9":"product_tag-klein-tools","11":"first","12":"outofstock","13":"sale","14":"shipping-taxable","15":"purchasable","16":"product-type-simple"},"_links":{"self":[{"href":"https:\/\/soydeaqui.ddns.net\/pachuca\/index.php\/wp-json\/wp\/v2\/product\/42870","targetHints":{"allow":["GET"]}}],"collection":[{"href":"https:\/\/soydeaqui.ddns.net\/pachuca\/index.php\/wp-json\/wp\/v2\/product"}],"about":[{"href":"https:\/\/soydeaqui.ddns.net\/pachuca\/index.php\/wp-json\/wp\/v2\/types\/product"}],"replies":[{"embeddable":true,"href":"https:\/\/soydeaqui.ddns.net\/pachuca\/index.php\/wp-json\/wp\/v2\/comments?post=42870"}],"wp:featuredmedia":[{"embeddable":true,"href":"https:\/\/soydeaqui.ddns.net\/pachuca\/index.php\/wp-json\/wp\/v2\/media\/42869"}],"wp:attachment":[{"href":"https:\/\/soydeaqui.ddns.net\/pachuca\/index.php\/wp-json\/wp\/v2\/media?parent=42870"}],"wp:term":[{"taxonomy":"product_brand","embeddable":true,"href":"https:\/\/soydeaqui.ddns.net\/pachuca\/index.php\/wp-json\/wp\/v2\/product_brand?post=42870"},{"taxonomy":"product_cat","embeddable":true,"href":"https:\/\/soydeaqui.ddns.net\/pachuca\/index.php\/wp-json\/wp\/v2\/product_cat?post=42870"},{"taxonomy":"product_tag","embeddable":true,"href":"https:\/\/soydeaqui.ddns.net\/pachuca\/index.php\/wp-json\/wp\/v2\/product_tag?post=42870"}],"curies":[{"name":"wp","href":"https:\/\/api.w.org\/{rel}","templated":true}]}}