{"id":42821,"date":"2026-03-18T18:52:43","date_gmt":"2026-03-18T18:52:43","guid":{"rendered":"https:\/\/soydeaqui.ddns.net\/pachuca\/index.php\/producto\/zapata-terminal-de-compresion-de-cobre-electrolitico-estanado-de-canon-corto-para-tornillo-de-1-2-y-calibre-4-awg\/"},"modified":"2026-03-18T18:52:44","modified_gmt":"2026-03-18T18:52:44","slug":"zapata-terminal-de-compresion-de-cobre-electrolitico-estanado-de-canon-corto-para-tornillo-de-1-2-y-calibre-4-awg","status":"publish","type":"product","link":"https:\/\/soydeaqui.ddns.net\/pachuca\/index.php\/producto\/zapata-terminal-de-compresion-de-cobre-electrolitico-estanado-de-canon-corto-para-tornillo-de-1-2-y-calibre-4-awg\/","title":{"rendered":"Zapata Terminal de Compresi\u00f3n de Cobre Electrol\u00edtico Esta\u00f1ado de Ca\u00f1\u00f3n Corto para Tornillo de 1\/2&#8243; y Calibre 4 AWG."},"content":{"rendered":"<div style='width: 100%; max-width: 1200px; margin: 0 auto; font-family: sans-serif; line-height: 1.6; color: inherit; background-color: transparent;'> <!-- Secci\u00f3n de especificaciones --> <\/p>\n<div style='margin-bottom: 30px;'>\n<h3 style='font-size: 22px; border-bottom: 2px solid currentColor; padding-bottom: 5px; margin-top: 0; color: inherit; opacity: 0.8;'>Especificaciones<\/h3>\n<p> <!-- Grid de especificaciones --> <\/p>\n<div style='display: grid; grid-template-columns: repeat(auto-fit&comma; minmax(280px&comma; 1fr)); gap: 15px; margin-top: 20px;'>\n<div style='border: 1px solid rgba(150&comma; 150&comma; 150&comma; 0.3); border-radius: 6px; padding: 12px 15px; background-color: rgba(0&comma; 0&comma; 0&comma; 0.02);'> <strong style='color: inherit;'>Aplicaci\u00f3n:<\/strong> <span style='color: inherit; display: block; margin-top: 5px;'>Terminal de cable<\/span> <\/div>\n<div style='border: 1px solid rgba(150&comma; 150&comma; 150&comma; 0.3); border-radius: 6px; padding: 12px 15px;'> <strong style='color: inherit;'>Tipo de Conector:<\/strong> <span style='color: inherit; display: block; margin-top: 5px;'>Barril est\u00e1ndar<\/span> <\/div>\n<div style='border: 1px solid rgba(150&comma; 150&comma; 150&comma; 0.3); border-radius: 6px; padding: 12px 15px; background-color: rgba(0&comma; 0&comma; 0&comma; 0.02);'> <strong style='color: inherit;'>Caracter\u00edsticas:<\/strong> <span style='color: inherit; display: block; margin-top: 5px;'>Barril biselado<\/span> <\/div>\n<div style='border: 1px solid rgba(150&comma; 150&comma; 150&comma; 0.3); border-radius: 6px; padding: 12px 15px;'> <strong style='color: inherit;'>Color:<\/strong> <span style='color: inherit; display: block; margin-top: 5px;'>Gris<\/span> <\/div>\n<div style='border: 1px solid rgba(150&comma; 150&comma; 150&comma; 0.3); border-radius: 6px; padding: 12px 15px; background-color: rgba(0&comma; 0&comma; 0&comma; 0.02);'> <strong style='color: inherit;'>Material:<\/strong> <span style='color: inherit; display: block; margin-top: 5px;'>Cobre<\/span> <\/div>\n<div style='border: 1px solid rgba(150&comma; 150&comma; 150&comma; 0.3); border-radius: 6px; padding: 12px 15px;'> <strong style='color: inherit;'>N\u00famero de orificios:<\/strong> <span style='color: inherit; display: block; margin-top: 5px;'>1<\/span> <\/div>\n<div style='border: 1px solid rgba(150&comma; 150&comma; 150&comma; 0.3); border-radius: 6px; padding: 12px 15px; background-color: rgba(0&comma; 0&comma; 0&comma; 0.02);'> <strong style='color: inherit;'>Tipo de Orificio:<\/strong> <span style='color: inherit; display: block; margin-top: 5px;'>Est\u00e1ndar<\/span> <\/div>\n<div style='border: 1px solid rgba(150&comma; 150&comma; 150&comma; 0.3); border-radius: 6px; padding: 12px 15px;'> <strong style='color: inherit;'>Revestimiento:<\/strong> <span style='color: inherit; display: block; margin-top: 5px;'>S\u00ed<\/span> <\/div>\n<div style='border: 1px solid rgba(150&comma; 150&comma; 150&comma; 0.3); border-radius: 6px; padding: 12px 15px; background-color: rgba(0&comma; 0&comma; 0&comma; 0.02);'> <strong style='color: inherit;'>Tipo de revestimiento:<\/strong> <span style='color: inherit; display: block; margin-top: 5px;'>Esta\u00f1o &#8211; Electrochapado<\/span> <\/div>\n<div style='border: 1px solid rgba(150&comma; 150&comma; 150&comma; 0.3); border-radius: 6px; padding: 12px 15px;'> <strong style='color: inherit;'>Voltaje m\u00e1ximo:<\/strong> <span style='color: inherit; display: block; margin-top: 5px;'>35 000 \u00f3 35 Kv<\/span> <\/div>\n<div style='border: 1px solid rgba(150&comma; 150&comma; 150&comma; 0.3); border-radius: 6px; padding: 12px 15px; background-color: rgba(0&comma; 0&comma; 0&comma; 0.02);'> <strong style='color: inherit;'>Longitud B:<\/strong> <span style='color: inherit; display: block; margin-top: 5px;'>0.81 in<\/span> <\/div>\n<div style='border: 1px solid rgba(150&comma; 150&comma; 150&comma; 0.3); border-radius: 6px; padding: 12px 15px;'> <strong style='color: inherit;'>Di\u00e1metro exterior:<\/strong> <span style='color: inherit; display: block; margin-top: 5px;'>0.34 in<\/span> <\/div>\n<div style='border: 1px solid rgba(150&comma; 150&comma; 150&comma; 0.3); border-radius: 6px; padding: 12px 15px; background-color: rgba(0&comma; 0&comma; 0&comma; 0.02);'> <strong style='color: inherit;'>Tama\u00f1o del tornillo:<\/strong> <span style='color: inherit; display: block; margin-top: 5px;'>1\/2<\/span> <\/div>\n<div style='border: 1px solid rgba(150&comma; 150&comma; 150&comma; 0.3); border-radius: 6px; padding: 12px 15px;'> <strong style='color: inherit;'>Tama\u00f1o del orificio:<\/strong> <span style='color: inherit; display: block; margin-top: 5px;'>0.52 in (13.2 mm)<\/span> <\/div>\n<div style='border: 1px solid rgba(150&comma; 150&comma; 150&comma; 0.3); border-radius: 6px; padding: 12px 15px; background-color: rgba(0&comma; 0&comma; 0&comma; 0.02);'> <strong style='color: inherit;'>Longitud Total mm:<\/strong> <span style='color: inherit; display: block; margin-top: 5px;'>56 mm<\/span> <\/div>\n<div style='border: 1px solid rgba(150&comma; 150&comma; 150&comma; 0.3); border-radius: 6px; padding: 12px 15px;'> <strong style='color: inherit;'>Longitud Total in:<\/strong> <span style='color: inherit; display: block; margin-top: 5px;'>2.20 in<\/span> <\/div>\n<div style='border: 1px solid rgba(150&comma; 150&comma; 150&comma; 0.3); border-radius: 6px; padding: 12px 15px; background-color: rgba(0&comma; 0&comma; 0&comma; 0.02);'> <strong style='color: inherit;'>Ancho de almohadilla:<\/strong> <span style='color: inherit; display: block; margin-top: 5px;'>0.71 in<\/span> <\/div>\n<div style='border: 1px solid rgba(150&comma; 150&comma; 150&comma; 0.3); border-radius: 6px; padding: 12px 15px;'> <strong style='color: inherit;'>Longitud de la tira:<\/strong> <span style='color: inherit; display: block; margin-top: 5px;'>7\/8 in<\/span> <\/div>\n<div style='border: 1px solid rgba(150&comma; 150&comma; 150&comma; 0.3); border-radius: 6px; padding: 12px 15px; background-color: rgba(0&comma; 0&comma; 0&comma; 0.02);'> <strong style='color: inherit;'>Dimensi\u00f3n Z:<\/strong> <span style='color: inherit; display: block; margin-top: 5px;'>0.55 in<\/span> <\/div>\n<div style='border: 1px solid rgba(150&comma; 150&comma; 150&comma; 0.3); border-radius: 6px; padding: 12px 15px;'> <strong style='color: inherit;'>Tama\u00f1o de Conductor:<\/strong> <span style='color: inherit; display: block; margin-top: 5px;'>4 AWG<\/span> <\/div>\n<div style='border: 1px solid rgba(150&comma; 150&comma; 150&comma; 0.3); border-radius: 6px; padding: 12px 15px; background-color: rgba(0&comma; 0&comma; 0&comma; 0.02);'> <strong style='color: inherit;'>Material de Conductor:<\/strong> <span style='color: inherit; display: block; margin-top: 5px;'>Cobre<\/span> <\/div>\n<\/p><\/div>\n<\/p><\/div>\n<\/p><\/div>\n","protected":false},"excerpt":{"rendered":"<p>Zapata Terminal de Compresi\u00f3n de Cobre Electrol\u00edtico Esta\u00f1ado de Ca\u00f1\u00f3n Corto para Tornillo de 1\/2&#8243; y Calibre 4 AWG.<\/p>\n","protected":false},"featured_media":42820,"comment_status":"open","ping_status":"closed","template":"","meta":[],"product_brand":[],"product_cat":[633],"product_tag":[634,732,605],"class_list":{"0":"post-42821","1":"product","2":"type-product","3":"status-publish","4":"has-post-thumbnail","6":"product_cat-accesorios-para-rack-gabinetes","7":"product_tag-accesorios-para-rack-gabinetes","8":"product_tag-hubbell-burndy","9":"product_tag-racks-y-gabinetes","11":"first","12":"instock","13":"sale","14":"shipping-taxable","15":"purchasable","16":"product-type-simple"},"_links":{"self":[{"href":"https:\/\/soydeaqui.ddns.net\/pachuca\/index.php\/wp-json\/wp\/v2\/product\/42821","targetHints":{"allow":["GET"]}}],"collection":[{"href":"https:\/\/soydeaqui.ddns.net\/pachuca\/index.php\/wp-json\/wp\/v2\/product"}],"about":[{"href":"https:\/\/soydeaqui.ddns.net\/pachuca\/index.php\/wp-json\/wp\/v2\/types\/product"}],"replies":[{"embeddable":true,"href":"https:\/\/soydeaqui.ddns.net\/pachuca\/index.php\/wp-json\/wp\/v2\/comments?post=42821"}],"wp:featuredmedia":[{"embeddable":true,"href":"https:\/\/soydeaqui.ddns.net\/pachuca\/index.php\/wp-json\/wp\/v2\/media\/42820"}],"wp:attachment":[{"href":"https:\/\/soydeaqui.ddns.net\/pachuca\/index.php\/wp-json\/wp\/v2\/media?parent=42821"}],"wp:term":[{"taxonomy":"product_brand","embeddable":true,"href":"https:\/\/soydeaqui.ddns.net\/pachuca\/index.php\/wp-json\/wp\/v2\/product_brand?post=42821"},{"taxonomy":"product_cat","embeddable":true,"href":"https:\/\/soydeaqui.ddns.net\/pachuca\/index.php\/wp-json\/wp\/v2\/product_cat?post=42821"},{"taxonomy":"product_tag","embeddable":true,"href":"https:\/\/soydeaqui.ddns.net\/pachuca\/index.php\/wp-json\/wp\/v2\/product_tag?post=42821"}],"curies":[{"name":"wp","href":"https:\/\/api.w.org\/{rel}","templated":true}]}}