{"id":4268,"date":"2026-03-18T06:17:16","date_gmt":"2026-03-18T06:17:16","guid":{"rendered":"https:\/\/soydeaqui.ddns.net\/pachuca\/index.php\/producto\/sensor-de-movimiento-inteligente-e-inalambrico-integrable-a-la-app-shelly-necesario-shellypro-o-plus\/"},"modified":"2026-03-18T06:17:20","modified_gmt":"2026-03-18T06:17:20","slug":"sensor-de-movimiento-inteligente-e-inalambrico-integrable-a-la-app-shelly-necesario-shellypro-o-plus","status":"publish","type":"product","link":"https:\/\/soydeaqui.ddns.net\/pachuca\/index.php\/producto\/sensor-de-movimiento-inteligente-e-inalambrico-integrable-a-la-app-shelly-necesario-shellypro-o-plus\/","title":{"rendered":"Sensor de movimiento inteligente e inal\u00e1mbrico, integrable a la App Shelly necesario ShellyPRO o PLUS"},"content":{"rendered":"<div style='width: 100%; max-width: 1200px; margin: 0 auto; font-family: sans-serif; line-height: 1.6; color: inherit;'>\n<div style='display: flex; flex-direction: column; gap: 20px;'>\n<div style='text-align: center;'> <strong style='font-size: 1.2em; color: inherit;'>Sensor de movimiento Bluetooth<\/strong> <\/div>\n<div style='text-align: justify; font-size: 14px; color: inherit;'> Un sensor de movimiento con capacidad de respuesta instant\u00e1nea y bater\u00eda de larga duraci\u00f3n. Las alertas r\u00e1pidas lo mantendr\u00e1n informado de cualquier movimiento en tiempo real&comma; mientras que su bater\u00eda duradera garantiza tranquilidad a largo plazo. Adem\u00e1s de detectar movimiento r\u00e1pidamente&comma; colabora perfectamente con otros dispositivos para proteger su hogar. <\/div>\n<div style='display: flex; flex-wrap: wrap; gap: 20px;'>\n<div style='flex: 1 1 300px; min-width: 280px;'>\n<div style='border-left: 5px solid #0091ff; border-radius: 5px; padding: 10px; box-shadow: 2px 2px 10px rgba(0&comma; 0&comma; 0&comma; 0.1);'>\n<h3 style='margin-top: 0; margin-bottom: 15px; font-size: 18px; color: inherit; opacity: 0.8;'>Caracter\u00edsticas principales:<\/h3>\n<ul style='padding-left: 20px; font-size: 14px; color: inherit; list-style-type: disc;'>\n<li style='margin-bottom: 8px;'>Bater\u00eda: CR2477 3V (incluida)<\/li>\n<li style='margin-bottom: 8px;'>Duraci\u00f3n de la bater\u00eda: hasta 3 a\u00f1os<\/li>\n<li style='margin-bottom: 8px;'>Adhesivo de pared incluido<\/li>\n<li style='margin-bottom: 8px;'>Sensor LUX para acciones basadas en la luminosidad de la habitaci\u00f3n<\/li>\n<li style='margin-bottom: 8px;'>Sensibilidad ajustable para adaptarse a sus necesidades<\/li>\n<li style='margin-bottom: 8px;'>Cifrado<\/li>\n<li style='margin-bottom: 8px;'>Se puede integrar en escenarios y escenas de automatizaci\u00f3n con otros dispositivos<\/li>\n<li style='margin-bottom: 8px; font-weight: bold;'>Es necesario que se tenga un Shelly PRO o PLUS en la App para enrolar el sensor de movimiento.<\/li>\n<\/ul><\/div>\n<\/p><\/div>\n<div style='flex: 1 1 300px; min-width: 280px;'>\n<div style='border-left: 5px solid #0091ff; border-radius: 5px; padding: 10px; box-shadow: 2px 2px 10px rgba(0&comma; 0&comma; 0&comma; 0.1);'>\n<h3 style='margin-top: 0; margin-bottom: 15px; font-size: 18px; color: inherit; opacity: 0.8;'>Funcionalidades:<\/h3>\n<ul style='padding-left: 20px; font-size: 14px; color: inherit; list-style-type: disc;'>\n<li style='margin-bottom: 8px;'>Tama\u00f1o: 32x42x27 \u00b10&comma;5 mm<\/li>\n<li style='margin-bottom: 8px;'>Temperatura ambiente: -20 \u00b0C a 40 \u00b0C<\/li>\n<li style='margin-bottom: 8px;'>PIR: si<\/li>\n<li style='margin-bottom: 8px;'>Sensor de luz: si<\/li>\n<\/ul><\/div>\n<\/p><\/div>\n<div style='flex: 1 1 300px; min-width: 280px;'>\n<div style='border-left: 5px solid #0091ff; border-radius: 5px; padding: 10px; box-shadow: 2px 2px 10px rgba(0&comma; 0&comma; 0&comma; 0.1);'>\n<h3 style='margin-top: 0; margin-bottom: 15px; font-size: 18px; color: inherit; opacity: 0.8;'>Caracter\u00edsticas Destacadas:<\/h3>\n<ul style='padding-left: 20px; font-size: 14px; color: inherit; list-style-type: disc;'>\n<li style='margin-bottom: 8px;'><a href='https:\/\/www.syscom.mx\/producto\/SHELLYBTMOTION-SHELLY-225442.html' style='color: #0091ff; text-decoration: none;'>Base de datos material de apoyo<\/a><\/li>\n<li style='margin-bottom: 8px;'>Bluetooth 4.2<\/li>\n<li style='margin-bottom: 8px;'>Respuesta menos a 100ms<\/li>\n<li style='margin-bottom: 8px;'>Bater\u00eda de larga duraci\u00f3n<\/li>\n<li style='margin-bottom: 8px;'>Sensor de luz<\/li>\n<li style='margin-bottom: 8px;'>Secuencia de comandos<\/li>\n<li style='margin-bottom: 8px;'>Activaci\u00f3n de escenas<\/li>\n<\/ul><\/div>\n<\/p><\/div>\n<\/p><\/div>\n<div style='display: flex; flex-wrap: wrap; gap: 15px; margin-top: 20px;'>\n<div style='flex: 1 1 48%; min-width: 280px;'> <img style='width: 100%; height: auto; border: 1px solid rgba(150&comma;150&comma;150&comma;0.3); border-radius: 8px;' src='https:\/\/i.ibb.co\/CbfRnSq\/btmotion1.jpg' alt='Sensor de movimiento Shelly BTMotion'> <\/div>\n<div style='flex: 1 1 48%; min-width: 280px;'> <img style='width: 100%; height: auto; border: 1px solid rgba(150&comma;150&comma;150&comma;0.3); border-radius: 8px;' src='https:\/\/i.ibb.co\/TbdbMRJ\/btmotion2.jpg' alt='Sensor de movimiento Shelly BTMotion'> <\/div>\n<\/p><\/div>\n<div style='display: flex; justify-content: center;'>\n<div style='width: 100%; max-width: 600px;'> <img style='width: 100%; height: auto; border: 1px solid rgba(150&comma;150&comma;150&comma;0.3); border-radius: 8px;' src='https:\/\/i.ibb.co\/0jsn6F3\/compatibilidad.jpg' alt='Compatibilidad Shelly BTMotion'> <\/div>\n<\/p><\/div>\n<\/p><\/div>\n<\/p><\/div>\n","protected":false},"excerpt":{"rendered":"<p>Sensor de movimiento inteligente e inal\u00e1mbrico, integrable a la App Shelly necesario ShellyPRO o PLUS<\/p>\n","protected":false},"featured_media":4267,"comment_status":"open","ping_status":"closed","template":"","meta":[],"product_brand":[],"product_cat":[148],"product_tag":[30,149,58],"class_list":{"0":"post-4268","1":"product","2":"type-product","3":"status-publish","4":"has-post-thumbnail","6":"product_cat-sensores-y-relevadores","7":"product_tag-automatizacion-casa-inteligente","8":"product_tag-sensores-y-relevadores","9":"product_tag-shelly","11":"first","12":"instock","13":"sale","14":"shipping-taxable","15":"purchasable","16":"product-type-simple"},"_links":{"self":[{"href":"https:\/\/soydeaqui.ddns.net\/pachuca\/index.php\/wp-json\/wp\/v2\/product\/4268","targetHints":{"allow":["GET"]}}],"collection":[{"href":"https:\/\/soydeaqui.ddns.net\/pachuca\/index.php\/wp-json\/wp\/v2\/product"}],"about":[{"href":"https:\/\/soydeaqui.ddns.net\/pachuca\/index.php\/wp-json\/wp\/v2\/types\/product"}],"replies":[{"embeddable":true,"href":"https:\/\/soydeaqui.ddns.net\/pachuca\/index.php\/wp-json\/wp\/v2\/comments?post=4268"}],"wp:featuredmedia":[{"embeddable":true,"href":"https:\/\/soydeaqui.ddns.net\/pachuca\/index.php\/wp-json\/wp\/v2\/media\/4267"}],"wp:attachment":[{"href":"https:\/\/soydeaqui.ddns.net\/pachuca\/index.php\/wp-json\/wp\/v2\/media?parent=4268"}],"wp:term":[{"taxonomy":"product_brand","embeddable":true,"href":"https:\/\/soydeaqui.ddns.net\/pachuca\/index.php\/wp-json\/wp\/v2\/product_brand?post=4268"},{"taxonomy":"product_cat","embeddable":true,"href":"https:\/\/soydeaqui.ddns.net\/pachuca\/index.php\/wp-json\/wp\/v2\/product_cat?post=4268"},{"taxonomy":"product_tag","embeddable":true,"href":"https:\/\/soydeaqui.ddns.net\/pachuca\/index.php\/wp-json\/wp\/v2\/product_tag?post=4268"}],"curies":[{"name":"wp","href":"https:\/\/api.w.org\/{rel}","templated":true}]}}