{"id":42630,"date":"2026-03-18T18:47:24","date_gmt":"2026-03-18T18:47:24","guid":{"rendered":"https:\/\/soydeaqui.ddns.net\/pachuca\/index.php\/producto\/modulo-solar-450w-41-4-vcc-30-mm-de-espesor-monocristalino-120-celdas-grado-a\/"},"modified":"2026-03-18T18:47:24","modified_gmt":"2026-03-18T18:47:24","slug":"modulo-solar-450w-41-4-vcc-30-mm-de-espesor-monocristalino-120-celdas-grado-a","status":"publish","type":"product","link":"https:\/\/soydeaqui.ddns.net\/pachuca\/index.php\/producto\/modulo-solar-450w-41-4-vcc-30-mm-de-espesor-monocristalino-120-celdas-grado-a\/","title":{"rendered":"M\u00f3dulo Solar 450W, 41.4 Vcc, 30 mm de espesor, Monocristalino, 120 Celdas grado A"},"content":{"rendered":"<div style='width: 100%; max-width: 1200px; margin: 0 auto; font-family: sans-serif; line-height: 1.6; color: inherit; background-color: transparent;'> <!-- Secci\u00f3n de caracter\u00edsticas --> <\/p>\n<div style='display: flex; flex-wrap: wrap; gap: 30px; margin-bottom: 30px;'>\n<div style='flex: 1 1 300px; min-width: 280px;'>\n<h3 style='font-size: 22px; border-bottom: 2px solid currentColor; padding-bottom: 5px; margin-top: 0; color: inherit; opacity: 0.8;'>Caracter\u00edsticas principales<\/h3>\n<ul style='padding-left: 20px; font-size: 15px; color: inherit;'>\n<li style='margin-bottom: 5px;'>Los m\u00f3dulos Solares de ET-SOLAR&comma; se encuentran en la lista de m\u00f3dulos TIER1&comma; con las especificaciones de calidad que exceden la demanda del mercado.<\/li>\n<li style='margin-bottom: 5px;'>Mayor Eficiencia gracias a la estructura de celda cortada (m\u00f3dulos de baja resistencia)<\/li>\n<li style='margin-bottom: 5px;'>El dise\u00f1o avanzado en la superficie del vidrio garantiza un excelente rendimiento en entornos de poca luz.<\/li>\n<li style='margin-bottom: 5px;'>Puede resistir carga de nieve hasta 5400 Pa y de carga del viento hasta 2400 Pa<\/li>\n<li style='margin-bottom: 5px;'>Alta resistencia a la niebla salina y al amoniaco.<\/li>\n<\/ul><\/div>\n<p> <!-- Especificaciones el\u00e9ctricas --> <\/p>\n<div style='flex: 1 1 300px; min-width: 280px;'>\n<h3 style='font-size: 22px; border-bottom: 2px solid currentColor; padding-bottom: 5px; margin-top: 0; color: inherit; opacity: 0.8;'>Especificaciones el\u00e9ctricas (STC*)<\/h3>\n<ul style='padding-left: 20px; font-size: 15px; color: inherit;'>\n<li style='margin-bottom: 5px;'><strong>Potencia m\u00e1xima (Pmax):<\/strong> 450 W<\/li>\n<li style='margin-bottom: 5px;'><strong>Tolerancia de potencia:<\/strong> 0~5 W<\/li>\n<li style='margin-bottom: 5px;'><strong>Eficiencia del m\u00f3dulo:<\/strong> 20.4 %<\/li>\n<li style='margin-bottom: 5px;'><strong>M\u00e1xima capacidad de voltaje (Vmp):<\/strong> 35.04 V<\/li>\n<li style='margin-bottom: 5px;'><strong>M\u00e1xima capacidad de corriente (Imp):<\/strong> 12.85 A<\/li>\n<li style='margin-bottom: 5px;'><strong>Voltaje de circuito abierto (Voc):<\/strong> 41.4 V<\/li>\n<li style='margin-bottom: 5px;'><strong>Corriente de cortocircuito (Isc):<\/strong> 13.6 A<\/li>\n<\/ul><\/div>\n<p> <!-- Especificaciones f\u00edsicas --> <\/p>\n<div style='flex: 1 1 300px; min-width: 280px;'>\n<h3 style='font-size: 22px; border-bottom: 2px solid currentColor; padding-bottom: 5px; margin-top: 0; color: inherit; opacity: 0.8;'>Especificaciones f\u00edsicas<\/h3>\n<ul style='padding-left: 20px; font-size: 15px; color: inherit;'>\n<li style='margin-bottom: 5px;'><strong>Dimensiones:<\/strong> 1909x1134x30mm<\/li>\n<\/ul><\/div>\n<\/p><\/div>\n<p> <!-- Secci\u00f3n de aplicaciones --> <\/p>\n<div style='display: flex; flex-wrap: wrap; gap: 30px; margin-bottom: 30px;'>\n<div style='flex: 1 1 300px; min-width: 280px;'>\n<h3 style='font-size: 22px; border-bottom: 2px solid currentColor; padding-bottom: 5px; margin-top: 0; color: inherit; opacity: 0.8;'>Aplicaciones<\/h3>\n<ul style='padding-left: 20px; font-size: 15px; color: inherit;'>\n<li style='margin-bottom: 5px;'>Para interconexi\u00f3n a la red<\/li>\n<li style='margin-bottom: 5px;'>Sistemas aislados con controladores MPPT<\/li>\n<\/ul><\/div>\n<p> <!-- Garant\u00eda --> <\/p>\n<div style='flex: 1 1 300px; min-width: 280px;'>\n<h3 style='font-size: 22px; border-bottom: 2px solid currentColor; padding-bottom: 5px; margin-top: 0; color: inherit; opacity: 0.8;'>Garant\u00eda<\/h3>\n<ul style='padding-left: 20px; font-size: 15px; color: inherit;'>\n<li style='margin-bottom: 5px;'>1 a\u00f1o contra defectos de fabricaci\u00f3n<\/li>\n<li style='margin-bottom: 5px;'>25 a\u00f1os de vida \u00fatil (salida de potencia)<\/li>\n<\/ul><\/div>\n<p> <!-- Recomendaciones de garant\u00eda --> <\/p>\n<div style='flex: 1 1 300px; min-width: 280px;'>\n<h3 style='font-size: 22px; border-bottom: 2px solid currentColor; padding-bottom: 5px; margin-top: 0; color: inherit; opacity: 0.8;'>Recomendaciones de garant\u00eda<\/h3>\n<ul style='padding-left: 20px; font-size: 15px; color: inherit;'>\n<li style='margin-bottom: 5px;'>Cualquier reclamo del producto debe hacerse dentro del periodo de garant\u00eda con la factura del mismo.<\/li>\n<li style='margin-bottom: 5px;'>El n\u00famero de serie del equipo debe ser visible&comma; al igual que la etiqueta posterior.<\/li>\n<li style='margin-bottom: 5px;'>Si al m\u00f3dulo se le cortan los conectores MC-4 el m\u00f3dulo pierde su garant\u00eda instant\u00e1neamente.<\/li>\n<li style='margin-bottom: 5px;'>Si perfora el marco del m\u00f3dulo pierde su garant\u00eda instant\u00e1neamente.<\/li>\n<li style='margin-bottom: 5px;'>No instale cuando alg\u00fan objeto en alg\u00fan punto del d\u00eda le genere sombra&comma; se considera como una mala instalaci\u00f3n y puede ser motivo de p\u00e9rdida de garant\u00eda.<\/li>\n<li style='margin-bottom: 5px;'>No mezcle los m\u00f3dulos de diferentes potencias en el mismo controlador o inversor&comma; se considera como una mala instalaci\u00f3n y puede ser motivo de p\u00e9rdida de garant\u00eda.<\/li>\n<li style='margin-bottom: 5px;'>Se recomienda que utilice la pinza ponchadora <a href='https:\/\/www.syscom.mx\/producto\/EP-MC4-EPCOM-POWERLINE-160268.html' style='color: #18a085; text-decoration: none;'>EP-MC4<\/a> cuando pliegue los conectores <a href='https:\/\/www.syscom.mx\/producto\/PROSECA-01-EPCOM-POWERLINE-72413.html' style='color: #18a085; text-decoration: none;'>PROSECA-01<\/a> al cable que usar\u00e1 para conectar su m\u00f3dulo al inversor o controlador.<\/li>\n<\/ul><\/div>\n<\/p><\/div>\n<p> <!-- Nota importante --> <\/p>\n<div style='margin-bottom: 30px; padding: 15px; border: 1px solid rgba(150&comma; 150&comma; 150&comma; 0.3); border-left: 4px solid #e74c3c; background-color: rgba(231&comma; 76&comma; 60&comma; 0.05);'>\n<p style='margin: 0; font-weight: bold; color: #e74c3c;'>***No aptos para uso en Microinversores BDM600***<\/p>\n<\/p><\/div>\n<p> <!-- Montajes compatibles --> <\/p>\n<div style='margin-bottom: 30px;'>\n<h3 style='font-size: 22px; border-bottom: 2px solid currentColor; padding-bottom: 5px; margin-top: 0; margin-bottom: 15px; color: inherit; opacity: 0.8;'>Montajes compatibles<\/h3>\n<div style='overflow-x: auto;'>\n<table style='width: 100%; border-collapse: collapse; color: inherit;'>\n<thead>\n<tr style='background-color: rgba(24&comma; 160&comma; 133&comma; 0.1);'>\n<th style='padding: 12px; text-align: left; border: 1px solid rgba(150&comma; 150&comma; 150&comma; 0.3);'> <\/th>\n<th style='padding: 12px; text-align: left; border: 1px solid rgba(150&comma; 150&comma; 150&comma; 0.3);'>VEKTOR8BLK<\/th>\n<th style='padding: 12px; text-align: left; border: 1px solid rgba(150&comma; 150&comma; 150&comma; 0.3);'>VEKTOR5R2X2<\/th>\n<th style='padding: 12px; text-align: left; border: 1px solid rgba(150&comma; 150&comma; 150&comma; 0.3);'>VEKTORMINIKIT1X1<\/th>\n<th style='padding: 12px; text-align: left; border: 1px solid rgba(150&comma; 150&comma; 150&comma; 0.3);'>VEKTOR8RPRO<\/th>\n<th style='padding: 12px; text-align: left; border: 1px solid rgba(150&comma; 150&comma; 150&comma; 0.3);'>VEKTOR8R<\/th>\n<th style='padding: 12px; text-align: left; border: 1px solid rgba(150&comma; 150&comma; 150&comma; 0.3);'>VEKTOR8R2700<\/th>\n<th style='padding: 12px; text-align: left; border: 1px solid rgba(150&comma; 150&comma; 150&comma; 0.3);'>VEKTOR8R3M<\/th>\n<th style='padding: 12px; text-align: left; border: 1px solid rgba(150&comma; 150&comma; 150&comma; 0.3);'>VEKTOR8R1M<\/th>\n<\/tr>\n<\/thead>\n<tbody>\n<tr>\n<td style='padding: 12px; border: 1px solid rgba(150&comma; 150&comma; 150&comma; 0.3);'> <\/td>\n<td style='padding: 12px; border: 1px solid rgba(150&comma; 150&comma; 150&comma; 0.3);'>4 m\u00f3dulos<\/td>\n<td style='padding: 12px; border: 1px solid rgba(150&comma; 150&comma; 150&comma; 0.3);'>4 m\u00f3dulos<\/td>\n<td style='padding: 12px; border: 1px solid rgba(150&comma; 150&comma; 150&comma; 0.3);'>1 m\u00f3dulo<\/td>\n<td style='padding: 12px; border: 1px solid rgba(150&comma; 150&comma; 150&comma; 0.3);'>4 m\u00f3dulos<\/td>\n<td style='padding: 12px; border: 1px solid rgba(150&comma; 150&comma; 150&comma; 0.3);'>4 m\u00f3dulos<\/td>\n<td style='padding: 12px; border: 1px solid rgba(150&comma; 150&comma; 150&comma; 0.3);'>2 m\u00f3dulos<\/td>\n<td style='padding: 12px; border: 1px solid rgba(150&comma; 150&comma; 150&comma; 0.3);'>3 m\u00f3dulos<\/td>\n<td style='padding: 12px; border: 1px solid rgba(150&comma; 150&comma; 150&comma; 0.3);'>1 m\u00f3dulo<\/td>\n<\/tr>\n<\/tbody>\n<\/table><\/div>\n<\/p><\/div>\n<p> <!-- Separador final --> <\/p>\n<hr style='border: 0; border-top: 1px solid rgba(150&comma; 150&comma; 150&comma; 0.3); margin: 30px 0;'> <\/div>\n","protected":false},"excerpt":{"rendered":"<p>M\u00f3dulo Solar 450W, 41.4 Vcc, 30 mm de espesor, Monocristalino, 120 Celdas grado A<\/p>\n","protected":false},"featured_media":42629,"comment_status":"open","ping_status":"closed","template":"","meta":[],"product_brand":[],"product_cat":[1152],"product_tag":[1190,964,1153],"class_list":{"0":"post-42630","1":"product","2":"type-product","3":"status-publish","4":"has-post-thumbnail","6":"product_cat-modulos-solares","7":"product_tag-elite-solar","8":"product_tag-energia-solar","9":"product_tag-modulos-solares","11":"first","12":"outofstock","13":"sale","14":"shipping-taxable","15":"purchasable","16":"product-type-simple"},"_links":{"self":[{"href":"https:\/\/soydeaqui.ddns.net\/pachuca\/index.php\/wp-json\/wp\/v2\/product\/42630","targetHints":{"allow":["GET"]}}],"collection":[{"href":"https:\/\/soydeaqui.ddns.net\/pachuca\/index.php\/wp-json\/wp\/v2\/product"}],"about":[{"href":"https:\/\/soydeaqui.ddns.net\/pachuca\/index.php\/wp-json\/wp\/v2\/types\/product"}],"replies":[{"embeddable":true,"href":"https:\/\/soydeaqui.ddns.net\/pachuca\/index.php\/wp-json\/wp\/v2\/comments?post=42630"}],"wp:featuredmedia":[{"embeddable":true,"href":"https:\/\/soydeaqui.ddns.net\/pachuca\/index.php\/wp-json\/wp\/v2\/media\/42629"}],"wp:attachment":[{"href":"https:\/\/soydeaqui.ddns.net\/pachuca\/index.php\/wp-json\/wp\/v2\/media?parent=42630"}],"wp:term":[{"taxonomy":"product_brand","embeddable":true,"href":"https:\/\/soydeaqui.ddns.net\/pachuca\/index.php\/wp-json\/wp\/v2\/product_brand?post=42630"},{"taxonomy":"product_cat","embeddable":true,"href":"https:\/\/soydeaqui.ddns.net\/pachuca\/index.php\/wp-json\/wp\/v2\/product_cat?post=42630"},{"taxonomy":"product_tag","embeddable":true,"href":"https:\/\/soydeaqui.ddns.net\/pachuca\/index.php\/wp-json\/wp\/v2\/product_tag?post=42630"}],"curies":[{"name":"wp","href":"https:\/\/api.w.org\/{rel}","templated":true}]}}