{"id":42535,"date":"2026-03-18T18:44:53","date_gmt":"2026-03-18T18:44:53","guid":{"rendered":"https:\/\/soydeaqui.ddns.net\/pachuca\/index.php\/producto\/manga-de-compresion-para-rodilleras-s-m\/"},"modified":"2026-03-18T18:44:57","modified_gmt":"2026-03-18T18:44:57","slug":"manga-de-compresion-para-rodilleras-s-m","status":"publish","type":"product","link":"https:\/\/soydeaqui.ddns.net\/pachuca\/index.php\/producto\/manga-de-compresion-para-rodilleras-s-m\/","title":{"rendered":"Manga de compresi\u00f3n para rodilleras S\/M"},"content":{"rendered":"<div style='width: 100%; max-width: 1200px; margin: 0 auto; font-family: sans-serif; line-height: 1.6; color: inherit; background-color: transparent;'>\n<div style='margin-bottom: 30px;'>\n<p style='font-size: 15px; color: inherit; margin-bottom: 15px;'>Las mangas de compresi\u00f3n para rodilleras de Klein Tools fueron dise\u00f1adas para los trabajadores que necesitan el beneficio de la compresi\u00f3n dentro o fuera del lugar de trabajo. La almohadilla de espuma de neopreno de la rodilla proporciona comodidad adicional al arrodillarse con las rodillas adoloridas y cansadas por la jornada laboral. El dise\u00f1o compacto y de bajo perfil se adapta f\u00e1cilmente bajo la ropa&comma; mientras que el agarre de silicona antideslizante en el pu\u00f1o superior mantiene la manga en su lugar durante el uso. Con un trama abierta y soporte&comma; el material de tejido duradero brinda comodidad que dura todo el d\u00eda. Lavable a m\u00e1quina y se vende por pares.<\/p>\n<\/p><\/div>\n<div style='display: flex; flex-wrap: wrap; gap: 30px; margin-bottom: 30px;'>\n<div style='flex: 1 1 300px; min-width: 280px;'>\n<h3 style='font-size: 22px; border-bottom: 2px solid currentColor; padding-bottom: 5px; margin-top: 0; color: inherit; opacity: 0.8;'>Caracter\u00edsticas<\/h3>\n<ul style='padding-left: 20px; font-size: 15px; color: inherit;'>\n<li style='margin-bottom: 5px;'>La manga de compresi\u00f3n fue dise\u00f1ada para trabajadores que necesitan el beneficio de la compresi\u00f3n<\/li>\n<li style='margin-bottom: 5px;'>Las rodilleras de neopreno proporcionan comodidad al arrodillarse con las rodillas adoloridas y cansadas por la jornada laboral<\/li>\n<li style='margin-bottom: 5px;'>Su material tejido de trama abierta le brinda soporte y le mantiene c\u00f3modo durante todo el d\u00eda<\/li>\n<li style='margin-bottom: 5px;'>Agarre de silicona en el pu\u00f1o para mantener las rodilleras en su sitio<\/li>\n<li style='margin-bottom: 5px;'>Dise\u00f1o de bajo perfil que se adapta f\u00e1cilmente bajo la ropa<\/li>\n<li style='margin-bottom: 5px;'>Ideal para trabajadores&comma; atletas o cualquier persona que necesite los beneficios de la compresi\u00f3n<\/li>\n<li style='margin-bottom: 5px;'>Lavable a m\u00e1quina y se vende por pares<\/li>\n<\/ul><\/div>\n<\/p><\/div>\n<hr style='border: 0; border-top: 1px solid rgba(150&comma; 150&comma; 150&comma; 0.3); margin: 30px 0;'>\n<div style='display: flex; flex-wrap: wrap; gap: 20px; margin-bottom: 30px;'>\n<div style='flex: 1 1 250px; border: 1px solid rgba(150&comma; 150&comma; 150&comma; 0.4); border-radius: 8px; overflow: hidden; display: flex; flex-direction: column;'>\n<div style='padding: 15px; border-bottom: 1px solid rgba(150&comma; 150&comma; 150&comma; 0.2); font-weight: bold; font-size: 18px; color: inherit;'>Especificaciones<\/div>\n<div style='padding: 15px; color: inherit;'>\n<ul style='padding-left: 20px; margin: 0; font-size: 14px; list-style-type: disc;'>\n<li style='margin-bottom: 5px;'><strong>Tipo:<\/strong> Mangas de compresi\u00f3n para rodilla<\/li>\n<li style='margin-bottom: 5px;'><strong>Aplicaci\u00f3n:<\/strong> Protecci\u00f3n para la rodilla<\/li>\n<li style='margin-bottom: 5px;'><strong>Caracter\u00edsticas especiales:<\/strong> Perfil de compresi\u00f3n&comma; rodillera<\/li>\n<li style='margin-bottom: 5px;'><strong>Longitud total:<\/strong> 14&comma;6&#8242; (37&comma;1 cm)<\/li>\n<li style='margin-bottom: 5px;'><strong>Altura total:<\/strong> 0&comma;47&#8242; (1&comma;2 cm)<\/li>\n<li style='margin-bottom: 5px;'><strong>Ancho total:<\/strong> 6&comma;9&#8242; (17&comma;5 cm)<\/li>\n<li style='margin-bottom: 5px;'><strong>Material:<\/strong> 61% nylon. 24% almohadilla de neopreno&comma; 7% elastano&comma; 6% Lycra&comma; 1&comma;7% silicona&comma; 0&comma;3% TPU<\/li>\n<\/ul><\/div>\n<\/p><\/div>\n<div style='flex: 1 1 250px; border: 1px solid rgba(150&comma; 150&comma; 150&comma; 0.4); border-radius: 8px; overflow: hidden; display: flex; flex-direction: column;'>\n<div style='padding: 15px; border-bottom: 1px solid rgba(150&comma; 150&comma; 150&comma; 0.2); font-weight: bold; font-size: 18px; color: inherit;'>Informaci\u00f3n adicional<\/div>\n<div style='padding: 15px; color: inherit;'>\n<ul style='padding-left: 20px; margin: 0; font-size: 14px; list-style-type: disc;'>\n<li style='margin-bottom: 5px;'><strong>No da\u00f1a los elementos:<\/strong> S\u00ed<\/li>\n<li style='margin-bottom: 5px;'><strong>Color:<\/strong> Negro\/naranja<\/li>\n<li style='margin-bottom: 5px;'><strong>Casquillo giratorio:<\/strong> No<\/li>\n<li style='margin-bottom: 5px;'><strong>Correas ajustables:<\/strong> No<\/li>\n<li style='margin-bottom: 5px;'><strong>Tipo de cierre:<\/strong> El\u00e1stico<\/li>\n<li style='margin-bottom: 5px;'><strong>Peso:<\/strong> 2&comma;26 oz (64 g)<\/li>\n<li style='margin-bottom: 5px;'><strong>UPC:<\/strong> 092644606229<\/li>\n<\/ul><\/div>\n<\/p><\/div>\n<\/p><\/div>\n<\/p><\/div>\n","protected":false},"excerpt":{"rendered":"<p>Manga de compresi\u00f3n para rodilleras S\/M<\/p>\n","protected":false},"featured_media":42534,"comment_status":"open","ping_status":"closed","template":"","meta":[],"product_brand":[],"product_cat":[1133],"product_tag":[1058,432,1134],"class_list":{"0":"post-42535","1":"product","2":"type-product","3":"status-publish","4":"has-post-thumbnail","6":"product_cat-seguridad-personal","7":"product_tag-ferreteria","8":"product_tag-klein-tools","9":"product_tag-seguridad-personal","11":"first","12":"instock","13":"sale","14":"shipping-taxable","15":"purchasable","16":"product-type-simple"},"_links":{"self":[{"href":"https:\/\/soydeaqui.ddns.net\/pachuca\/index.php\/wp-json\/wp\/v2\/product\/42535","targetHints":{"allow":["GET"]}}],"collection":[{"href":"https:\/\/soydeaqui.ddns.net\/pachuca\/index.php\/wp-json\/wp\/v2\/product"}],"about":[{"href":"https:\/\/soydeaqui.ddns.net\/pachuca\/index.php\/wp-json\/wp\/v2\/types\/product"}],"replies":[{"embeddable":true,"href":"https:\/\/soydeaqui.ddns.net\/pachuca\/index.php\/wp-json\/wp\/v2\/comments?post=42535"}],"wp:featuredmedia":[{"embeddable":true,"href":"https:\/\/soydeaqui.ddns.net\/pachuca\/index.php\/wp-json\/wp\/v2\/media\/42534"}],"wp:attachment":[{"href":"https:\/\/soydeaqui.ddns.net\/pachuca\/index.php\/wp-json\/wp\/v2\/media?parent=42535"}],"wp:term":[{"taxonomy":"product_brand","embeddable":true,"href":"https:\/\/soydeaqui.ddns.net\/pachuca\/index.php\/wp-json\/wp\/v2\/product_brand?post=42535"},{"taxonomy":"product_cat","embeddable":true,"href":"https:\/\/soydeaqui.ddns.net\/pachuca\/index.php\/wp-json\/wp\/v2\/product_cat?post=42535"},{"taxonomy":"product_tag","embeddable":true,"href":"https:\/\/soydeaqui.ddns.net\/pachuca\/index.php\/wp-json\/wp\/v2\/product_tag?post=42535"}],"curies":[{"name":"wp","href":"https:\/\/api.w.org\/{rel}","templated":true}]}}