{"id":4246,"date":"2026-03-18T06:17:04","date_gmt":"2026-03-18T06:17:04","guid":{"rendered":"https:\/\/soydeaqui.ddns.net\/pachuca\/index.php\/producto\/tag-colgante-con-boton-de-alarma-para-control-de-errantes-control-de-acceso-y-localizacion-ibernex\/"},"modified":"2026-03-18T06:17:04","modified_gmt":"2026-03-18T06:17:04","slug":"tag-colgante-con-boton-de-alarma-para-control-de-errantes-control-de-acceso-y-localizacion-ibernex","status":"publish","type":"product","link":"https:\/\/soydeaqui.ddns.net\/pachuca\/index.php\/producto\/tag-colgante-con-boton-de-alarma-para-control-de-errantes-control-de-acceso-y-localizacion-ibernex\/","title":{"rendered":"Tag colgante con bot\u00f3n de alarma para control de errantes, control de acceso y localizaci\u00f3n Ibernex"},"content":{"rendered":"<div style='width: 100%; max-width: 1200px; margin: 0 auto; font-family: sans-serif; line-height: 1.6; color: inherit; background-color: transparent;'>\n<div style='display: flex; flex-wrap: wrap; gap: 30px; margin-bottom: 30px;'>\n<div style='flex: 1 1 300px; min-width: 280px;'>\n<h3 style='font-size: 22px; border-bottom: 2px solid currentColor; padding-bottom: 5px; margin-top: 0; color: inherit; opacity: 0.8;'>Caracter\u00edsticas principales<\/h3>\n<ul style='padding-left: 20px; font-size: 15px; color: inherit;'>\n<li style='margin-bottom: 5px;'>Resistente al agua&comma; grado de protecci\u00f3n IP65<\/li>\n<li style='margin-bottom: 5px;'>Bater\u00eda reemplazable por el usuario&comma; CR2032<\/li>\n<li style='margin-bottom: 5px;'>Bot\u00f3n de alarma<\/li>\n<li style='margin-bottom: 5px;'>Indicador luminoso LED bicolor (rojo\/verde)<\/li>\n<li style='margin-bottom: 5px;'>Incluye cord\u00f3n con dispositivo anti-estrangulamiento para uso como colgante<\/li>\n<\/ul><\/div>\n<div style='flex: 1 1 300px; min-width: 280px;'>\n<h3 style='font-size: 22px; border-bottom: 2px solid currentColor; padding-bottom: 5px; margin-top: 0; color: inherit; opacity: 0.8;'>Caracter\u00edsticas el\u00e9ctricas y f\u00edsicas<\/h3>\n<ul style='padding-left: 20px; font-size: 15px; color: inherit;'>\n<li style='margin-bottom: 5px;'>Dimensiones: 57 x 44 x 14 mm (sin cord\u00f3n)<\/li>\n<li style='margin-bottom: 5px;'>Alimentacion: CR2032&comma; reemplazable<\/li>\n<li style='margin-bottom: 5px;'>Recepci\u00f3n LF 125kHz&comma; alcance t\u00edpico 3m<\/li>\n<li style='margin-bottom: 5px;'>Emisi\u00f3n HF 433.92 MHz Alcance t\u00edpico para localizaci\u00f3n 7m en interior de edificios<\/li>\n<\/ul><\/div>\n<div style='flex: 1 1 300px; min-width: 280px;'>\n<h3 style='font-size: 22px; border-bottom: 2px solid currentColor; padding-bottom: 5px; margin-top: 0; color: inherit; opacity: 0.8;'>Caracter\u00edsticas Destacadas<\/h3>\n<p style='font-size: 15px; color: inherit; margin-bottom: 15px;'>El NX0980 se suministra con un cord\u00f3n para su uso como colgante. El cord\u00f3n se une al tag mediante un mosquet\u00f3n met\u00e1lico. El cord\u00f3n incluye un dispositivo anti-estrangulamiento rearmable&comma; que abre el cord\u00f3n en caso de quedar enganchado&comma; evitando da\u00f1os al usuario. Estos dispositivos&comma; al igual que cualquier dispositivo inal\u00e1mbrico&comma; funcionan mediante se\u00f1ales de radio&comma; por lo que no se puede garantizar la comunicaci\u00f3n en todas las situaciones. Es posible que las interferencias&comma; continuas o espor\u00e1dicas&comma; procedentes tanto de distintos equipos electr\u00f3nicos como de inhibidores de frecuencias&comma; imposibiliten la comunicaci\u00f3n<\/p>\n<\/p><\/div>\n<\/p><\/div>\n<div style='margin-bottom: 30px;'>\n<p style='font-size: 15px; color: inherit; font-weight: bold;'><strong>Nota:<\/strong> Requiere certificaci\u00f3n para su instalaci\u00f3n y para solicitar soporte t\u00e9cnico.<\/p>\n<\/p><\/div>\n<hr style='border: 0; border-top: 1px solid rgba(150&comma; 150&comma; 150&comma; 0.3); margin: 30px 0;'>\n<div style='margin-bottom: 30px;'>\n<p style='font-size: 15px; color: inherit;'>La estructura y los elementos del interior de los edificios pueden reducir considerablemente el alcance de la comunicaci\u00f3n. Para evitar en lo posible estos problemas se recomienda realizar mediciones previas para comprobar los alcances y la ausencia de interferencias; y poder determinar situaci\u00f3n&comma; tipo y cantidad de dispositivos y antenas necesarios. Cuando el sistema se utiliza para detectar situaciones que implican riesgo para las personas&comma; como el control de fugas o errantes&comma; se debe considerar el sistema como una ayuda t\u00e9cnica&comma; pero nunca como el principal o \u00fanico sistema para evitar el riesgo.<\/p>\n<\/p><\/div>\n<hr style='border: 0; border-top: 1px solid rgba(150&comma; 150&comma; 150&comma; 0.3); margin: 30px 0;'> <\/div>\n","protected":false},"excerpt":{"rendered":"<p>Tag colgante con bot\u00f3n de alarma para control de errantes, control de acceso y localizaci\u00f3n Ibernex<\/p>\n","protected":false},"featured_media":4245,"comment_status":"open","ping_status":"closed","template":"","meta":[],"product_brand":[],"product_cat":[151],"product_tag":[152,153,126],"class_list":{"0":"post-4246","1":"product","2":"type-product","3":"status-publish","4":"has-post-thumbnail","6":"product_cat-atencion-sociosanitaria","7":"product_tag-atencion-sociosanitaria","8":"product_tag-ibernex","9":"product_tag-sistemas-de-emergencia","11":"first","12":"outofstock","13":"sale","14":"shipping-taxable","15":"purchasable","16":"product-type-simple"},"_links":{"self":[{"href":"https:\/\/soydeaqui.ddns.net\/pachuca\/index.php\/wp-json\/wp\/v2\/product\/4246","targetHints":{"allow":["GET"]}}],"collection":[{"href":"https:\/\/soydeaqui.ddns.net\/pachuca\/index.php\/wp-json\/wp\/v2\/product"}],"about":[{"href":"https:\/\/soydeaqui.ddns.net\/pachuca\/index.php\/wp-json\/wp\/v2\/types\/product"}],"replies":[{"embeddable":true,"href":"https:\/\/soydeaqui.ddns.net\/pachuca\/index.php\/wp-json\/wp\/v2\/comments?post=4246"}],"wp:featuredmedia":[{"embeddable":true,"href":"https:\/\/soydeaqui.ddns.net\/pachuca\/index.php\/wp-json\/wp\/v2\/media\/4245"}],"wp:attachment":[{"href":"https:\/\/soydeaqui.ddns.net\/pachuca\/index.php\/wp-json\/wp\/v2\/media?parent=4246"}],"wp:term":[{"taxonomy":"product_brand","embeddable":true,"href":"https:\/\/soydeaqui.ddns.net\/pachuca\/index.php\/wp-json\/wp\/v2\/product_brand?post=4246"},{"taxonomy":"product_cat","embeddable":true,"href":"https:\/\/soydeaqui.ddns.net\/pachuca\/index.php\/wp-json\/wp\/v2\/product_cat?post=4246"},{"taxonomy":"product_tag","embeddable":true,"href":"https:\/\/soydeaqui.ddns.net\/pachuca\/index.php\/wp-json\/wp\/v2\/product_tag?post=4246"}],"curies":[{"name":"wp","href":"https:\/\/api.w.org\/{rel}","templated":true}]}}