{"id":42388,"date":"2026-03-18T18:40:40","date_gmt":"2026-03-18T18:40:40","guid":{"rendered":"https:\/\/soydeaqui.ddns.net\/pachuca\/index.php\/producto\/abrazadera-isofonica-reforzada-2-60mm\/"},"modified":"2026-03-18T18:40:45","modified_gmt":"2026-03-18T18:40:45","slug":"abrazadera-isofonica-reforzada-2-60mm","status":"publish","type":"product","link":"https:\/\/soydeaqui.ddns.net\/pachuca\/index.php\/producto\/abrazadera-isofonica-reforzada-2-60mm\/","title":{"rendered":"Abrazadera isof\u00f3nica reforzada 2&#8243; (60mm)."},"content":{"rendered":"<div style='width: 100%; max-width: 1200px; margin: 0 auto; font-family: sans-serif; line-height: 1.6; color: inherit; background-color: transparent;'>\n<div style='display: flex; flex-wrap: wrap; gap: 30px; margin-bottom: 30px;'>\n<div style='flex: 1 1 300px; min-width: 280px;'>\n<h3 style='font-size: 22px; border-bottom: 2px solid currentColor; padding-bottom: 5px; margin-top: 0; color: inherit; opacity: 0.8;'>Abrazadera Isof\u00f3nica Reforzada<\/h3>\n<ul style='padding-left: 20px; font-size: 15px; color: inherit;'>\n<li style='margin-bottom: 5px;'>Acabado superficial: cincado electrol\u00edtico&comma; recubrimiento >3 micras<\/li>\n<li style='margin-bottom: 5px;'>Isof\u00f3nica&comma; goma de EPDM para aislamiento&comma; reducci\u00f3n del sonido y vibraciones<\/li>\n<li style='margin-bottom: 5px;'>Cumple el C\u00f3digo T\u00e9cnico de la Edificaci\u00f3n&comma; CTE&comma; apartados Documentos B\u00e1sicos HS y HR<\/li>\n<li style='margin-bottom: 5px;'>Perfil de acero de 1.75 \u00f7 2.3 mm de espesor<\/li>\n<li style='margin-bottom: 5px;'>Tornillos laterales con arandela de pl\u00e1stico para evitar su p\u00e9rdida<\/li>\n<li style='margin-bottom: 5px;'>Reforzada. Tuerca soldada de 3\/8\u201d<\/li>\n<li style='margin-bottom: 5px;'>Adecuada para tubos de acero&comma; pl\u00e1stico&comma; cobre y ventilaci\u00f3n<\/li>\n<li style='margin-bottom: 5px;'>Indicada para instalaciones de suministro de agua (ACS y AF)&comma; evacuaci\u00f3n de agua (saneamiento)&comma; instalaciones t\u00e9rmicas (climatizaci\u00f3n&comma; calefacci\u00f3n&comma; ventilaci\u00f3n)&comma; aire comprimido&comma; instalaciones de gas\u00f3leo&comma; etc.<\/li>\n<li style='margin-bottom: 5px;'>Temperatura de trabajo: -30\u00baC \u00f7 +120\u00baC<\/li>\n<\/ul><\/div>\n<\/p><\/div>\n<div style='display: flex; flex-wrap: wrap; gap: 20px; margin-bottom: 30px;'>\n<div style='flex: 1 1 250px; border: 1px solid rgba(150&comma; 150&comma; 150&comma; 0.4); border-radius: 8px; overflow: hidden; display: flex; flex-direction: column;'>\n<div style='padding: 15px; border-bottom: 1px solid rgba(150&comma; 150&comma; 150&comma; 0.2); font-weight: bold; font-size: 18px; color: inherit;'>Caracter\u00edsticas<\/div>\n<div style='padding: 15px; color: inherit;'>\n<ul style='padding-left: 20px; margin: 0; font-size: 14px; list-style-type: disc;'>\n<li style='margin-bottom: 5px;'><strong>Medida milimetros:<\/strong> 60 mm<\/li>\n<li style='margin-bottom: 5px;'><strong>Diametro interno:<\/strong> 2&#8242; ( 60-64 mm )<\/li>\n<li style='margin-bottom: 5px;'><strong>Dimensiones:<\/strong> 18.5 x 1.75 mm<\/li>\n<li style='margin-bottom: 5px;'><strong>Carga m\u00e1xima recomendada:<\/strong> 150 kg<\/li>\n<\/ul><\/div>\n<\/p><\/div>\n<\/p><\/div>\n<div style='display: flex; flex-wrap: wrap; gap: 30px; margin-bottom: 30px;'>\n<div style='flex: 1 1 300px; min-width: 280px;'>\n<div style='width: 100%;'> <img style='width: 100%; height: auto; border: 1px solid rgba(150&comma;150&comma;150&comma;0.3); border-radius: 8px;' src='https:\/\/www.climabit.com\/3596-home_default\/abrazadera-isofonica-m8m10-200-mm.jpg' alt='Abrazadera Isof\u00f3nica M8+M10 - 200 mm.'> <\/div>\n<\/p><\/div>\n<\/p><\/div>\n<hr style='border: 0; border-top: 1px solid rgba(150&comma; 150&comma; 150&comma; 0.3); margin: 30px 0;'> <\/div>\n","protected":false},"excerpt":{"rendered":"<p>Abrazadera isof\u00f3nica reforzada 2&#8243; (60mm).<\/p>\n","protected":false},"featured_media":42387,"comment_status":"open","ping_status":"closed","template":"","meta":[],"product_brand":[],"product_cat":[655],"product_tag":[572,709,656],"class_list":{"0":"post-42388","1":"product","2":"type-product","3":"status-publish","4":"has-post-thumbnail","6":"product_cat-tuberia-metalica-conduit-accesorios","7":"product_tag-canalizacion","8":"product_tag-index","9":"product_tag-tuberia-metalica-conduit-accesorios","11":"first","12":"instock","13":"sale","14":"shipping-taxable","15":"purchasable","16":"product-type-simple"},"_links":{"self":[{"href":"https:\/\/soydeaqui.ddns.net\/pachuca\/index.php\/wp-json\/wp\/v2\/product\/42388","targetHints":{"allow":["GET"]}}],"collection":[{"href":"https:\/\/soydeaqui.ddns.net\/pachuca\/index.php\/wp-json\/wp\/v2\/product"}],"about":[{"href":"https:\/\/soydeaqui.ddns.net\/pachuca\/index.php\/wp-json\/wp\/v2\/types\/product"}],"replies":[{"embeddable":true,"href":"https:\/\/soydeaqui.ddns.net\/pachuca\/index.php\/wp-json\/wp\/v2\/comments?post=42388"}],"wp:featuredmedia":[{"embeddable":true,"href":"https:\/\/soydeaqui.ddns.net\/pachuca\/index.php\/wp-json\/wp\/v2\/media\/42387"}],"wp:attachment":[{"href":"https:\/\/soydeaqui.ddns.net\/pachuca\/index.php\/wp-json\/wp\/v2\/media?parent=42388"}],"wp:term":[{"taxonomy":"product_brand","embeddable":true,"href":"https:\/\/soydeaqui.ddns.net\/pachuca\/index.php\/wp-json\/wp\/v2\/product_brand?post=42388"},{"taxonomy":"product_cat","embeddable":true,"href":"https:\/\/soydeaqui.ddns.net\/pachuca\/index.php\/wp-json\/wp\/v2\/product_cat?post=42388"},{"taxonomy":"product_tag","embeddable":true,"href":"https:\/\/soydeaqui.ddns.net\/pachuca\/index.php\/wp-json\/wp\/v2\/product_tag?post=42388"}],"curies":[{"name":"wp","href":"https:\/\/api.w.org\/{rel}","templated":true}]}}