{"id":4234,"date":"2026-03-18T06:16:57","date_gmt":"2026-03-18T06:16:57","guid":{"rendered":"https:\/\/soydeaqui.ddns.net\/pachuca\/index.php\/producto\/boton-multiproposito-emergencia-reset-con-llave-espanol-tapa-de-policarbonato-2-relevadores-forma-c-interior\/"},"modified":"2026-03-18T06:16:58","modified_gmt":"2026-03-18T06:16:58","slug":"boton-multiproposito-emergencia-reset-con-llave-espanol-tapa-de-policarbonato-2-relevadores-forma-c-interior","status":"publish","type":"product","link":"https:\/\/soydeaqui.ddns.net\/pachuca\/index.php\/producto\/boton-multiproposito-emergencia-reset-con-llave-espanol-tapa-de-policarbonato-2-relevadores-forma-c-interior\/","title":{"rendered":"Bot\u00f3n Multiprop\u00f3sito, Emergencia, Reset Con Llave, Espa\u00f1ol, Tapa De Policarbonato, 2 Relevadores forma C, Interior"},"content":{"rendered":"<div style='width: 100%; max-width: 1200px; margin: 0 auto; font-family: sans-serif; line-height: 1.6; color: inherit; background-color: transparent;'> <!-- Secci\u00f3n de descripci\u00f3n --> <\/p>\n<div style='margin-bottom: 30px;'>\n<p style='font-size: 16px; color: inherit; margin-bottom: 15px; text-align: justify;'> Estos interruptores de bot\u00f3n pulsador multiusos son <strong style='color: inherit;'>ADA compatibles<\/strong> y cubren una amplia gama de aplicaciones. Se llaman <strong style='color: inherit;'>Stopper Stations o estaciones de parada<\/strong>. Incorporan un exclusivo dise\u00f1o patentado que ayuda dram\u00e1ticamente a evitar la activaci\u00f3n accidental. Un n\u00famero de modelos est\u00e1ndar est\u00e1n disponibles o podemos crear unidades personalizadas para satisfacer sus necesidades. Usted tiene la elecci\u00f3n de cualquiera de los cinco colores universales del exterior&comma; varios estilos de bot\u00f3n&comma; as\u00ed como textos e idiomas est\u00e1ndar o personalizados. <\/p>\n<p style='font-size: 16px; color: inherit; margin-bottom: 15px; text-align: justify;'> Debido a su dise\u00f1o patentado superior&comma; combinado con la calidad de construcci\u00f3n integral&comma; usted puede esperar un rendimiento excepcional para los a\u00f1os venideros. De hecho&comma; muchos clientes de STI se sorprenden al encontrar que toda esta calidad est\u00e1 disponible sin aumento de precio. Adem\u00e1s&comma; los clientes aprecian la opci\u00f3n para proteger los interruptores con las tapas protectoras de STI que llevan tres a\u00f1os de garant\u00eda contra la rotura en condiciones normales de uso&comma; un a\u00f1o en componentes electromec\u00e1nicos y electr\u00f3nicos. Para aplicaciones de interior&comma; usted podr\u00e1 pedir su Stopper Station con una tapa de pre-alarma para ayudar a evitar la activaci\u00f3n accidental o maliciosa. <\/p>\n<\/p><\/div>\n<p> <!-- Secci\u00f3n de caracter\u00edsticas generales --> <\/p>\n<div style='margin-bottom: 30px;'>\n<h3 style='font-size: 22px; border-bottom: 2px solid currentColor; padding-bottom: 5px; margin-top: 0; color: inherit; opacity: 0.8;'>Caracter\u00edsticas Generales Serie Stopper\u00ae Station<\/h3>\n<ul style='padding-left: 20px; font-size: 15px; color: inherit;'>\n<li style='margin-bottom: 5px;'>Ayudan a prevenir activaciones accidentales gracias a su dise\u00f1o curvo y tapa protectora de policarbonato.<\/li>\n<li style='margin-bottom: 5px;'><strong style='color: inherit;'>Listados UL\/cUL&comma; Cumplimiento ADA&comma; CE<\/strong>.<\/li>\n<li style='margin-bottom: 5px;'>Botones multiproposito con relevadores <strong style='color: inherit;'>NO\/NC tipo C<\/strong> para activaciones.<\/li>\n<li style='margin-bottom: 5px;'>Disponibles en seis diferentes colores&comma; textos personalizables y cualquier idioma.<\/li>\n<li style='margin-bottom: 5px;'>Iluminaci\u00f3n con LED opcional para indicar la activaci\u00f3n.<\/li>\n<li style='margin-bottom: 5px;'>Diferentes modos de restablecimiento como: Moment\u00e1neo&comma; Girar para Restablecer&comma; Llave para Restablecer.<\/li>\n<li style='margin-bottom: 5px;'>Con o sin cubierta de policarbonato.<\/li>\n<li style='margin-bottom: 5px;'>Tres a\u00f1os de garant\u00eda contra rotura del policarbonato en uso normal. Un a\u00f1o en los componentes electr\u00f3nicos y electromec\u00e1nicos.<\/li>\n<li style='margin-bottom: 5px;'>Carcasa de policarbonato super resistente.<\/li>\n<li style='margin-bottom: 5px;'>Placa posterior de acero inoxidable.<\/li>\n<li style='margin-bottom: 5px;'>Propiedades de trabajo t\u00edpicas del policarbonato son de -40 a 121\u00baC.<\/li>\n<li style='margin-bottom: 5px;'>El policarbonato cumple con las normas de la <strong style='color: inherit;'>FDA<\/strong> para aplicaciones en contacto con alimentos.<\/li>\n<\/ul><\/div>\n<p> <!-- Secci\u00f3n de caracter\u00edsticas del bot\u00f3n --> <\/p>\n<div style='margin-bottom: 30px;'>\n<h3 style='font-size: 22px; border-bottom: 2px solid currentColor; padding-bottom: 5px; margin-top: 0; color: inherit; opacity: 0.8;'>Caracter\u00edsticas del Bot\u00f3n<\/h3>\n<ul style='padding-left: 20px; font-size: 15px; color: inherit;'>\n<li style='margin-bottom: 5px;'><strong style='color: inherit;'>Serie:<\/strong> SS2xy2<\/li>\n<li style='margin-bottom: 5px;'><strong style='color: inherit;'>Color:<\/strong> Blanco<\/li>\n<li style='margin-bottom: 5px;'><strong style='color: inherit;'>Frase de texto:<\/strong> EMERGENCIA<\/li>\n<li style='margin-bottom: 5px;'><strong style='color: inherit;'>Cubierta protectora:<\/strong> Policarbonato para interior<\/li>\n<li style='margin-bottom: 5px;'><strong style='color: inherit;'>Bocina de advertencia integrada:<\/strong> NO<\/li>\n<li style='margin-bottom: 5px;'><strong style='color: inherit;'>Funcionamiento de bot\u00f3n:<\/strong> Llave para restablecer<\/li>\n<li style='margin-bottom: 5px;'><strong style='color: inherit;'>Idioma:<\/strong> Espa\u00f1ol<\/li>\n<\/ul><\/div>\n<p> <!-- Secci\u00f3n de videos --> <\/p>\n<div style='margin-bottom: 30px;'>\n<h3 style='font-size: 22px; border-bottom: 2px solid currentColor; padding-bottom: 5px; margin-top: 0; color: inherit; opacity: 0.8;'>Videos<\/h3>\n<div style='margin-bottom: 30px;'>\n<div style='position: relative; padding-bottom: 56.25%; height: 0; overflow: hidden; margin-bottom: 30px;'>   <\/div>\n<div style='text-align: center; font-size: 14px; color: inherit; margin-bottom: 20px;'>Interruptores Multiprop\u00f3sito de Control de Acceso<\/div>\n<\/p><\/div>\n<div style='margin-bottom: 30px;'>\n<div style='position: relative; padding-bottom: 56.25%; height: 0; overflow: hidden; margin-bottom: 30px;'>   <\/div>\n<div style='text-align: center; font-size: 14px; color: inherit; margin-bottom: 20px;'>Conexi\u00f3n del LED<\/div>\n<\/p><\/div>\n<\/p><\/div>\n<\/p><\/div>\n","protected":false},"excerpt":{"rendered":"<p>Bot\u00f3n Multiprop\u00f3sito, Emergencia, Reset Con Llave, Espa\u00f1ol, Tapa De Policarbonato, 2 Relevadores forma C, Interior<\/p>\n","protected":false},"featured_media":4233,"comment_status":"open","ping_status":"closed","template":"","meta":[],"product_brand":[],"product_cat":[190],"product_tag":[93,191,169],"class_list":{"0":"post-4234","1":"product","2":"type-product","3":"status-publish","4":"has-post-thumbnail","6":"product_cat-botones-de-salida","7":"product_tag-accesorios","8":"product_tag-botones-de-salida","9":"product_tag-sti","11":"first","12":"outofstock","13":"sale","14":"shipping-taxable","15":"purchasable","16":"product-type-simple"},"_links":{"self":[{"href":"https:\/\/soydeaqui.ddns.net\/pachuca\/index.php\/wp-json\/wp\/v2\/product\/4234","targetHints":{"allow":["GET"]}}],"collection":[{"href":"https:\/\/soydeaqui.ddns.net\/pachuca\/index.php\/wp-json\/wp\/v2\/product"}],"about":[{"href":"https:\/\/soydeaqui.ddns.net\/pachuca\/index.php\/wp-json\/wp\/v2\/types\/product"}],"replies":[{"embeddable":true,"href":"https:\/\/soydeaqui.ddns.net\/pachuca\/index.php\/wp-json\/wp\/v2\/comments?post=4234"}],"wp:featuredmedia":[{"embeddable":true,"href":"https:\/\/soydeaqui.ddns.net\/pachuca\/index.php\/wp-json\/wp\/v2\/media\/4233"}],"wp:attachment":[{"href":"https:\/\/soydeaqui.ddns.net\/pachuca\/index.php\/wp-json\/wp\/v2\/media?parent=4234"}],"wp:term":[{"taxonomy":"product_brand","embeddable":true,"href":"https:\/\/soydeaqui.ddns.net\/pachuca\/index.php\/wp-json\/wp\/v2\/product_brand?post=4234"},{"taxonomy":"product_cat","embeddable":true,"href":"https:\/\/soydeaqui.ddns.net\/pachuca\/index.php\/wp-json\/wp\/v2\/product_cat?post=4234"},{"taxonomy":"product_tag","embeddable":true,"href":"https:\/\/soydeaqui.ddns.net\/pachuca\/index.php\/wp-json\/wp\/v2\/product_tag?post=4234"}],"curies":[{"name":"wp","href":"https:\/\/api.w.org\/{rel}","templated":true}]}}