{"id":42240,"date":"2026-03-18T18:36:41","date_gmt":"2026-03-18T18:36:41","guid":{"rendered":"https:\/\/soydeaqui.ddns.net\/pachuca\/index.php\/producto\/ecoflow-delta-2-max-estacion-de-energia-portatil-2400w-6-ac-1800-w-max-3400w-2-usb-c-100w-capacidad-para-aumentar-respaldo-cargador-de-coche-10a-a-12-6v-conectividad-wifi-y-bluetooth-a\/"},"modified":"2026-03-18T18:36:42","modified_gmt":"2026-03-18T18:36:42","slug":"ecoflow-delta-2-max-estacion-de-energia-portatil-2400w-6-ac-1800-w-max-3400w-2-usb-c-100w-capacidad-para-aumentar-respaldo-cargador-de-coche-10a-a-12-6v-conectividad-wifi-y-bluetooth-a","status":"publish","type":"product","link":"https:\/\/soydeaqui.ddns.net\/pachuca\/index.php\/producto\/ecoflow-delta-2-max-estacion-de-energia-portatil-2400w-6-ac-1800-w-max-3400w-2-usb-c-100w-capacidad-para-aumentar-respaldo-cargador-de-coche-10a-a-12-6v-conectividad-wifi-y-bluetooth-a\/","title":{"rendered":"EcoFlow Delta 2 Max | Estaci\u00f3n de Energ\u00eda Port\u00e1til 2400W \/ 6 AC 1800 W (Max. 3400W) \/ 2 USB-C 100W \/ Capacidad para Aumentar Respaldo \/ Cargador de Coche 10A a 12.6V \/ Conectividad WiFi y Bluetooth (App) \/ Carga Solar 800W Max."},"content":{"rendered":"<div style='width: 100%; max-width: 1200px; margin: 0 auto; font-family: sans-serif; line-height: 1.6; color: inherit; background-color: transparent;'>\n<div style='position: relative; padding-bottom: 56.25%; height: 0; overflow: hidden; margin-bottom: 30px;'>   <\/div>\n<div style='display: flex; flex-wrap: wrap; gap: 30px; margin-bottom: 30px;'>\n<div style='flex: 1 1 300px; min-width: 280px;'>\n<h3 style='font-size: 22px; border-bottom: 2px solid currentColor; padding-bottom: 5px; margin-top: 0; color: inherit; opacity: 0.8;'>Tenga un respaldo de energ\u00eda en su hogar durante los cortes con DELTA Max. Con una capacidad ampliable que alcanza hasta 6kWh&comma; carga dual y la capacidad de alimentar sus dispositivos dom\u00e9sticos&comma; puede permanecer encendido en cualquier situaci\u00f3n.<\/h3>\n<\/p><\/div>\n<\/p><\/div>\n<div style='display: flex; flex-wrap: wrap; gap: 30px; margin-bottom: 30px;'>\n<div style='flex: 1 1 300px; min-width: 280px;'>\n<h3 style='font-size: 22px; border-bottom: 2px solid currentColor; padding-bottom: 5px; margin-top: 0; color: inherit; opacity: 0.8;'>Energ\u00eda de respaldo expandible para el hogar<\/h3>\n<p style='font-size: 15px; color: inherit;'>Una sola unidad DELTA Max tiene una capacidad de 2kWh que se puede expandir hasta 6kWh con bater\u00edas extra inteligentes DELTA Max. Esto significa que cuando ocurre un apag\u00f3n&comma; puede continuar alimentando sus dispositivos dom\u00e9sticos importantes&comma; como su refrigerador y luces&comma; durante horas y horas.<\/p>\n<\/p><\/div>\n<\/p><\/div>\n<div style='display: flex; flex-wrap: wrap; gap: 30px; margin-bottom: 30px;'>\n<div style='flex: 1 1 100%;'> <img style='width: 100%; height: auto; border: 1px solid rgba(150&comma;150&comma;150&comma;0.3); border-radius: 8px;' src='https:\/\/cdn.shopify.com\/s\/files\/1\/1996\/9707\/files\/1_ceaec225-130c-498a-94bf-b387f819031c_1800x.jpg?v=1657896342' alt=''> <\/div>\n<\/p><\/div>\n<div style='display: flex; flex-wrap: wrap; gap: 30px; margin-bottom: 30px;'>\n<div style='flex: 1 1 300px; min-width: 280px;'>\n<h3 style='font-size: 22px; border-bottom: 2px solid currentColor; padding-bottom: 5px; margin-top: 0; color: inherit; opacity: 0.8;'>Potencia para el 99 % de los dispositivos de tu hogar<\/h3>\n<p style='font-size: 15px; color: inherit;'>Con la tecnolog\u00eda X-Boost de EcoFlow&comma; DELTA Max puede alimentar dispositivos de servicio pesado de hasta 3400 W. Eso significa que durante un corte de energ\u00eda o un apag\u00f3n&comma; puede continuar alimentando su refrigerador&comma; secadora y m\u00e1s. Ese es el est\u00e1ndar de oro de la industria para una estaci\u00f3n de energ\u00eda port\u00e1til de este tama\u00f1o y capacidad.<\/p>\n<\/p><\/div>\n<\/p><\/div>\n<div style='display: flex; flex-wrap: wrap; gap: 30px; margin-bottom: 30px;'>\n<div style='flex: 1 1 100%;'> <img style='width: 100%; height: auto; border: 1px solid rgba(150&comma;150&comma;150&comma;0.3); border-radius: 8px;' src='https:\/\/cdn.shopify.com\/s\/files\/1\/1996\/9707\/files\/3_b1750bf7-2bce-47bd-9705-b3ccced5bf3d_1800x.jpg?v=1657896369' alt=''> <\/div>\n<\/p><\/div>\n<div style='display: flex; flex-wrap: wrap; gap: 30px; margin-bottom: 30px;'>\n<div style='flex: 1 1 300px; min-width: 280px;'>\n<h3 style='font-size: 22px; border-bottom: 2px solid currentColor; padding-bottom: 5px; margin-top: 0; color: inherit; opacity: 0.8;'>Energ\u00eda de respaldo de emergencia<\/h3>\n<p style='font-size: 15px; color: inherit;'>Los desastres pueden ocurrir en cualquier \u00e9poca del a\u00f1o&comma; a veces durando m\u00e1s de lo que esper\u00e1bamos. Cuando ocurren apagones prolongados&comma; el generador inteligente EcoFlow sirve como una opci\u00f3n de emergencia que se integra con DELTA Max. Se inicia autom\u00e1ticamente cuando su DELTA Max alcanza un nivel bajo de carga&comma; recarga su DELTA Max y detiene el motor por s\u00ed solo una vez que su DELTA Max alcanza una carga completa. Esto le brinda una opci\u00f3n confiable de respaldo de emergencia que se basa en el uso m\u00ednimo de un generador.<\/p>\n<\/p><\/div>\n<\/p><\/div>\n<div style='display: flex; flex-wrap: wrap; gap: 30px; margin-bottom: 30px;'>\n<div style='flex: 1 1 100%;'> <img style='width: 100%; height: auto; border: 1px solid rgba(150&comma;150&comma;150&comma;0.3); border-radius: 8px;' src='https:\/\/cdn.shopify.com\/s\/files\/1\/1996\/9707\/files\/5_82d93d9b-b77f-49b0-af70-311efb2a8609_1800x.jpg?v=1657896399' alt=''> <\/div>\n<\/p><\/div>\n<div style='display: flex; flex-wrap: wrap; gap: 30px; margin-bottom: 30px;'>\n<div style='flex: 1 1 300px; min-width: 280px;'>\n<h3 style='font-size: 22px; border-bottom: 2px solid currentColor; padding-bottom: 5px; margin-top: 0; color: inherit; opacity: 0.8;'>Controle&comma; monitoree y administre su uso de energ\u00eda<\/h3>\n<p style='font-size: 15px; color: inherit;'>Controle y monitoree su DELTA Max con la aplicaci\u00f3n EcoFlow. Sum\u00e9rjase en la configuraci\u00f3n para personalizar su uso de energ\u00eda o controlar DELTA Max de forma remota.<\/p>\n<\/p><\/div>\n<\/p><\/div>\n<div style='display: flex; flex-wrap: wrap; gap: 30px; margin-bottom: 30px;'>\n<div style='flex: 1 1 100%;'> <img style='width: 100%; height: auto; border: 1px solid rgba(150&comma;150&comma;150&comma;0.3); border-radius: 8px;' src='https:\/\/cdn.shopify.com\/s\/files\/1\/1996\/9707\/files\/6_944a4e26-7249-4c0a-af2b-3ff786f4d537_1800x.jpg?v=1657896411' alt=''> <\/div>\n<\/p><\/div>\n<hr style='border: 0; border-top: 1px solid rgba(150&comma; 150&comma; 150&comma; 0.3); margin: 30px 0;'> <\/div>\n","protected":false},"excerpt":{"rendered":"<p>EcoFlow Delta 2 Max | Estaci\u00f3n de Energ\u00eda Port\u00e1til 2400W \/ 6 AC 1800 W (Max. 3400W) \/ 2 USB-C 100W \/ Capacidad para Aumentar Respaldo \/ Cargador de Coche 10A a 12.6V \/ Conectividad WiFi y Bluetooth (App) \/ Carga Solar 800W Max.<\/p>\n","protected":false},"featured_media":32,"comment_status":"open","ping_status":"closed","template":"","meta":[],"product_brand":[],"product_cat":[1114],"product_tag":[1116,1115,1101],"class_list":{"0":"post-42240","1":"product","2":"type-product","3":"status-publish","4":"has-post-thumbnail","6":"product_cat-estaciones-de-energia-portables","7":"product_tag-ecoflow","8":"product_tag-estaciones-de-energia-portables","9":"product_tag-respaldo-de-energia","11":"first","12":"outofstock","13":"sale","14":"shipping-taxable","15":"purchasable","16":"product-type-simple"},"_links":{"self":[{"href":"https:\/\/soydeaqui.ddns.net\/pachuca\/index.php\/wp-json\/wp\/v2\/product\/42240","targetHints":{"allow":["GET"]}}],"collection":[{"href":"https:\/\/soydeaqui.ddns.net\/pachuca\/index.php\/wp-json\/wp\/v2\/product"}],"about":[{"href":"https:\/\/soydeaqui.ddns.net\/pachuca\/index.php\/wp-json\/wp\/v2\/types\/product"}],"replies":[{"embeddable":true,"href":"https:\/\/soydeaqui.ddns.net\/pachuca\/index.php\/wp-json\/wp\/v2\/comments?post=42240"}],"wp:featuredmedia":[{"embeddable":true,"href":"https:\/\/soydeaqui.ddns.net\/pachuca\/index.php\/wp-json\/wp\/v2\/media\/32"}],"wp:attachment":[{"href":"https:\/\/soydeaqui.ddns.net\/pachuca\/index.php\/wp-json\/wp\/v2\/media?parent=42240"}],"wp:term":[{"taxonomy":"product_brand","embeddable":true,"href":"https:\/\/soydeaqui.ddns.net\/pachuca\/index.php\/wp-json\/wp\/v2\/product_brand?post=42240"},{"taxonomy":"product_cat","embeddable":true,"href":"https:\/\/soydeaqui.ddns.net\/pachuca\/index.php\/wp-json\/wp\/v2\/product_cat?post=42240"},{"taxonomy":"product_tag","embeddable":true,"href":"https:\/\/soydeaqui.ddns.net\/pachuca\/index.php\/wp-json\/wp\/v2\/product_tag?post=42240"}],"curies":[{"name":"wp","href":"https:\/\/api.w.org\/{rel}","templated":true}]}}