{"id":42206,"date":"2026-03-18T18:35:44","date_gmt":"2026-03-18T18:35:44","guid":{"rendered":"https:\/\/soydeaqui.ddns.net\/pachuca\/index.php\/producto\/termostato-no-programable-fan-coil-digital-2-tubos\/"},"modified":"2026-03-18T18:35:45","modified_gmt":"2026-03-18T18:35:45","slug":"termostato-no-programable-fan-coil-digital-2-tubos","status":"publish","type":"product","link":"https:\/\/soydeaqui.ddns.net\/pachuca\/index.php\/producto\/termostato-no-programable-fan-coil-digital-2-tubos\/","title":{"rendered":"Termostato No programable Fan &#038; Coil. Digital. 2 tubos"},"content":{"rendered":"<div style='width: 100%; max-width: 1200px; margin: 0 auto; font-family: sans-serif; line-height: 1.6; color: inherit; background-color: transparent;'> <!-- Secci\u00f3n de descripci\u00f3n general --> <\/p>\n<div style='margin-bottom: 30px;'>\n<h3 style='font-size: 22px; border-bottom: 2px solid currentColor; padding-bottom: 5px; margin-top: 0; color: inherit; opacity: 0.8;'>Descripci\u00f3n general<\/h3>\n<p style='font-size: 15px; color: inherit; margin-top: 15px; margin-bottom: 0;'> Los termostatos T6811\/T6812 cuentan con una sencilla interface para el usuario que facilita los controles b\u00e1sicos&comma; por lo que sus clientes sabr\u00e1n todo el tiempo c\u00f3mo regular el termostato. Al mismo tiempo&comma; cuentan con caracter\u00edsticas de ahorro de energ\u00eda incorporadas&comma; lo que incluye limitadores de rango y bloqueo del panel de control&comma; para evitar el alto costo relacionado con los ajustes elevados de temperatura. <\/p>\n<\/p><\/div>\n<p> <!-- Secci\u00f3n de especificaciones --> <\/p>\n<div style='display: flex; flex-wrap: wrap; gap: 20px; margin-bottom: 30px;'>\n<div style='flex: 1 1 250px; border: 1px solid rgba(150&comma; 150&comma; 150&comma; 0.4); border-radius: 8px; overflow: hidden; display: flex; flex-direction: column;'>\n<div style='padding: 15px; border-bottom: 1px solid rgba(150&comma; 150&comma; 150&comma; 0.2); font-weight: bold; font-size: 18px; color: inherit;'>Especificaciones del producto<\/div>\n<div style='padding: 15px; color: inherit;'>\n<ul style='padding-left: 20px; margin: 0; font-size: 14px; list-style-type: disc;'>\n<li style='margin-bottom: 5px;'><strong>Solicitud:<\/strong> Fan &#038; coil de 2 tubos&comma; fr\u00edo o calor&comma; 110 VAC<\/li>\n<li style='margin-bottom: 5px;'><strong>Montaje:<\/strong> Montaje horizontal en caja de conexiones de 86 x 86 mm o caja de conexiones de 2&#215;4<\/li>\n<li style='margin-bottom: 5px;'><strong>Clasificaciones el\u00e9ctricas:<\/strong> 4A Resistivo\/2A Inductivo<\/li>\n<li style='margin-bottom: 5px;'><strong>Frecuencia:<\/strong> 50 Hz&comma; 60 Hz<\/li>\n<li style='margin-bottom: 5px;'><strong>Voltaje de suministro:<\/strong> 110 Vca +20%&comma; -10%<\/li>\n<li style='margin-bottom: 5px;'><strong>Cambiar posiciones (sistema):<\/strong> Calor &#8211; Fr\u00edo &#8211; Ventilaci\u00f3n<\/li>\n<li style='margin-bottom: 5px;'><strong>Cambiar posiciones (ventilador):<\/strong> Alto &#8211; Medio &#8211; Bajo<\/li>\n<li style='margin-bottom: 5px;'><strong>Color:<\/strong> Blanco<\/li>\n<li style='margin-bottom: 5px;'><strong>Cambio:<\/strong> Manual<\/li>\n<li style='margin-bottom: 5px;'><strong>Rango de temperatura de ajuste (F):<\/strong> 50 F a 90 F<\/li>\n<li style='margin-bottom: 5px;'><strong>Rango de temperatura de ajuste (C):<\/strong> 10 C a 32 C<\/li>\n<\/ul><\/div>\n<\/p><\/div>\n<\/p><\/div>\n<p> <!-- Separador --> <\/p>\n<hr style='border: 0; border-top: 1px solid rgba(150&comma; 150&comma; 150&comma; 0.3); margin: 30px 0;'> <\/div>\n","protected":false},"excerpt":{"rendered":"<p>Termostato No programable Fan &#038; Coil. Digital. 2 tubos<\/p>\n","protected":false},"featured_media":42205,"comment_status":"open","ping_status":"closed","template":"","meta":[],"product_brand":[],"product_cat":[43],"product_tag":[30,45,44],"class_list":{"0":"post-42206","1":"product","2":"type-product","3":"status-publish","4":"has-post-thumbnail","6":"product_cat-termostatos","7":"product_tag-automatizacion-casa-inteligente","8":"product_tag-honeywell-home-resideo","9":"product_tag-termostatos","11":"first","12":"outofstock","13":"sale","14":"shipping-taxable","15":"purchasable","16":"product-type-simple"},"_links":{"self":[{"href":"https:\/\/soydeaqui.ddns.net\/pachuca\/index.php\/wp-json\/wp\/v2\/product\/42206","targetHints":{"allow":["GET"]}}],"collection":[{"href":"https:\/\/soydeaqui.ddns.net\/pachuca\/index.php\/wp-json\/wp\/v2\/product"}],"about":[{"href":"https:\/\/soydeaqui.ddns.net\/pachuca\/index.php\/wp-json\/wp\/v2\/types\/product"}],"replies":[{"embeddable":true,"href":"https:\/\/soydeaqui.ddns.net\/pachuca\/index.php\/wp-json\/wp\/v2\/comments?post=42206"}],"wp:featuredmedia":[{"embeddable":true,"href":"https:\/\/soydeaqui.ddns.net\/pachuca\/index.php\/wp-json\/wp\/v2\/media\/42205"}],"wp:attachment":[{"href":"https:\/\/soydeaqui.ddns.net\/pachuca\/index.php\/wp-json\/wp\/v2\/media?parent=42206"}],"wp:term":[{"taxonomy":"product_brand","embeddable":true,"href":"https:\/\/soydeaqui.ddns.net\/pachuca\/index.php\/wp-json\/wp\/v2\/product_brand?post=42206"},{"taxonomy":"product_cat","embeddable":true,"href":"https:\/\/soydeaqui.ddns.net\/pachuca\/index.php\/wp-json\/wp\/v2\/product_cat?post=42206"},{"taxonomy":"product_tag","embeddable":true,"href":"https:\/\/soydeaqui.ddns.net\/pachuca\/index.php\/wp-json\/wp\/v2\/product_tag?post=42206"}],"curies":[{"name":"wp","href":"https:\/\/api.w.org\/{rel}","templated":true}]}}