{"id":42123,"date":"2026-03-18T18:33:36","date_gmt":"2026-03-18T18:33:36","guid":{"rendered":"https:\/\/soydeaqui.ddns.net\/pachuca\/index.php\/producto\/cable-fotovoltaico-1-metro-color-rojo-calibre-10-awg-terminal-mc4-macho-y-hembra-en-ambos-extremos\/"},"modified":"2026-03-18T18:33:36","modified_gmt":"2026-03-18T18:33:36","slug":"cable-fotovoltaico-1-metro-color-rojo-calibre-10-awg-terminal-mc4-macho-y-hembra-en-ambos-extremos","status":"publish","type":"product","link":"https:\/\/soydeaqui.ddns.net\/pachuca\/index.php\/producto\/cable-fotovoltaico-1-metro-color-rojo-calibre-10-awg-terminal-mc4-macho-y-hembra-en-ambos-extremos\/","title":{"rendered":"Cable Fotovoltaico \/ 1 metro \/ Color Rojo \/ Calibre 10 AWG \/ Terminal MC4-Macho y Hembra en  ambos extremos"},"content":{"rendered":"<div style='width: 100%; max-width: 1200px; margin: 0 auto; font-family: sans-serif; line-height: 1.6; color: inherit; background-color: transparent;'>\n<div style='text-align: center; margin-bottom: 30px;'>\n<h1 style='color: inherit; font-size: 28px; margin: 0 0 10px; font-weight: bold;'>CFMC41MRED<\/h1>\n<h3 style='color: inherit; font-size: 20px; margin: 0 0 15px;'>Cable de 1 metro \/ Fotovoltaico Rojo \/ 6 mm\u00b2 (10AWG)<\/h3>\n<h3 style='color: inherit; font-size: 18px; margin: 0 0 20px;'>Con terminales MC4- Hembra y Macho en ambos extremos<\/h3>\n<p style='color: inherit; margin: 0 auto 10px; max-width: 800px;'><strong>Cable formado por un conductor flexible de cobre suave&comma; con aislamiento de polietileno de cadena cruzada XLPE<\/strong><\/p>\n<\/p><\/div>\n<p> <!-- CARACTERISTICAS Y ESPECIFICACIONES --> <\/p>\n<div style='display: flex; flex-wrap: wrap; gap: 30px; margin-bottom: 40px;'> <!-- Caracter\u00edsticas --> <\/p>\n<div style='flex: 1 1 300px; min-width: 280px;'> <img style='width: 100%; height: auto; border: 1px solid rgba(150&comma;150&comma;150&comma;0.3); border-radius: 8px; margin-bottom: 15px;' src='https:\/\/ftp3.syscom.mx\/usuarios\/fotos\/BancoFotografiasSyscom\/EPCOMPOWERLINE\/CFMC41MRED\/CFMC41MRED-p.PNG' alt='Cable Fotovoltaico'> <\/p>\n<div style='border: 1px solid rgba(150&comma;150&comma;150&comma;0.4); border-radius: 8px; overflow: hidden;'>\n<div style='padding: 15px; border-bottom: 1px solid rgba(150&comma;150&comma;150&comma;0.2); font-weight: bold; font-size: 18px; color: inherit;'>Caracter\u00edsticas<\/div>\n<div style='padding: 15px; color: inherit;'>\n<ul style='padding-left: 20px; margin: 0; font-size: 14px; list-style-type: disc;'>\n<li style='margin-bottom: 5px;'>El conductor es cobre suave en cableado<\/li>\n<li style='margin-bottom: 5px;'><strong>Alta resistencia a los rayos UV&comma; al ozono y a la hidrolizaci\u00f3n.<\/strong><\/li>\n<li style='margin-bottom: 5px;'><strong>Resistencia a altas temperaturas<\/strong><\/li>\n<li style='margin-bottom: 5px;'><strong>Flexibilidad en condiciones de fr\u00edo<\/strong><\/li>\n<li style='margin-bottom: 5px;'><strong>Vida \u00fatil esperada de m\u00e1s de 25 a\u00f1os<\/strong><\/li>\n<\/ul><\/div>\n<\/p><\/div>\n<\/p><\/div>\n<p> <!-- Caracter\u00edsticas F\u00edsicas y El\u00e9ctricas --> <\/p>\n<div style='flex: 1 1 300px; min-width: 280px;'> <img style='width: 100%; height: auto; border: 1px solid rgba(150&comma;150&comma;150&comma;0.3); border-radius: 8px; margin-bottom: 15px;' src='https:\/\/ftp3.syscom.mx\/usuarios\/fotos\/BancoFotografiasSyscom\/EPCOMPOWERLINE\/CFMC41MRED\/CFMC41MRED-p.PNG' alt='Cable Fotovoltaico'> <\/p>\n<div style='border: 1px solid rgba(150&comma;150&comma;150&comma;0.4); border-radius: 8px; overflow: hidden;'>\n<div style='padding: 15px; border-bottom: 1px solid rgba(150&comma;150&comma;150&comma;0.2); font-weight: bold; font-size: 18px; color: inherit;'>Caracter\u00edsticas F\u00edsicas y El\u00e9ctricas<\/div>\n<div style='padding: 15px; color: inherit;'>\n<ul style='padding-left: 20px; margin: 0; font-size: 14px; list-style-type: disc;'>\n<li style='margin-bottom: 5px;'><strong>Material:<\/strong> Cobre desnudo<\/li>\n<li style='margin-bottom: 5px;'><strong>Tipo:<\/strong> PV<\/li>\n<li style='margin-bottom: 5px;'><strong>Tama\u00f1o:<\/strong> 6 mm\u00b2<\/li>\n<li style='margin-bottom: 5px;'><strong>Calibre:<\/strong> 10 AWG<\/li>\n<li style='margin-bottom: 5px;'><strong>Material:<\/strong> Cobre<\/li>\n<li style='margin-bottom: 5px;'><strong>Di\u00e1metro del conductor:<\/strong> 3.39 mm<\/li>\n<li style='margin-bottom: 5px;'><strong>Di\u00e1metro del conductor externo:<\/strong> 7.27 mm<\/li>\n<li style='margin-bottom: 5px;'><strong>Tensi\u00f3n m\u00e1xima de operaci\u00f3n:<\/strong> 1000 \/ 2000 V<\/li>\n<li style='margin-bottom: 5px;'><strong>Color externo:<\/strong> Rojo<\/li>\n<li style='margin-bottom: 5px;'><strong>Temperatura de operaci\u00f3n:<\/strong> -40\u00b0C a 90 \u00b0C<\/li>\n<li style='margin-bottom: 5px;'><strong>Est\u00e1ndares:<\/strong><\/li>\n<li style='margin-bottom: 5px;'><strong>Rendimiento a prueba de fuego:<\/strong> IEC602332-1; IEC602332-24<\/li>\n<li style='margin-bottom: 5px;'><strong>Emisi\u00f3n de humo:<\/strong> IEC61034&comma; EN61034-2<\/li>\n<li style='margin-bottom: 5px;'><strong>Baja carga de fuego:<\/strong> DIN 51900<\/li>\n<li style='margin-bottom: 5px;'><strong>Aprobaci\u00f3n:<\/strong> UL 4703<\/li>\n<\/ul><\/div>\n<\/p><\/div>\n<\/p><\/div>\n<p> <!-- Modelos Relacionados --> <\/p>\n<div style='flex: 1 1 300px; min-width: 280px;'> <img style='width: 100%; height: auto; border: 1px solid rgba(150&comma;150&comma;150&comma;0.3); border-radius: 8px; margin-bottom: 15px;' src='https:\/\/ftp3.syscom.mx\/usuarios\/fotos\/BancoFotografiasSyscom\/EPCOMPOWERLINE\/CFMC41MRED\/CFMC41MRED-p.PNG' alt='Cable Fotovoltaico'> <\/p>\n<div style='border: 1px solid rgba(150&comma;150&comma;150&comma;0.4); border-radius: 8px; overflow: hidden;'>\n<div style='padding: 15px; border-bottom: 1px solid rgba(150&comma;150&comma;150&comma;0.2); font-weight: bold; font-size: 18px; color: inherit;'>Modelos Relacionados<\/div>\n<div style='padding: 15px; color: inherit;'>\n<ul style='padding-left: 20px; margin: 0; font-size: 14px; list-style-type: disc;'>\n<li style='margin-bottom: 5px;'><strong>6 mm\u00b2 (10 AWG):<\/strong><\/li>\n<li style='margin-bottom: 5px;'>CBLPV10R\/25. 25M \/ Rojo \/ 6 mm\u00b2 (10 AWG)<\/li>\n<li style='margin-bottom: 5px;'>CBLPV10B\/25. 25M \/ Rojo \/ 6 mm\u00b2 (10 AWG)<\/li>\n<li style='margin-bottom: 5px;'>CBLPV10R\/100. 100M \/ Rojo \/ 6 mm\u00b2 (10 AWG)<\/li>\n<li style='margin-bottom: 5px;'>CBLPV10B\/100. 100M \/ Negro \/ 6 mm\u00b2 (10 AWG)<\/li>\n<li style='margin-bottom: 5px;'>CBLPV10R\/500. 500M \/ Rojo \/ 6 mm\u00b2 (10 AWG)<\/li>\n<li style='margin-bottom: 5px;'>CBLPV10B\/500. 500M \/ Negro \/ 6 mm\u00b2 (10 AWG)<\/li>\n<li style='margin-bottom: 5px;'><strong>10 mm\u00b2 (8 AWG):<\/strong><\/li>\n<li style='margin-bottom: 5px;'>CBLPV8R\/50. 50M \/ Rojo \/ 10 mm\u00b2 (8 AWG)<\/li>\n<li style='margin-bottom: 5px;'>CBLPV8B\/50. 50M \/ Negro \/ 10 mm\u00b2 (8 AWG)<\/li>\n<li style='margin-bottom: 5px;'><strong>16 mm\u00b2 (6 AWG):<\/strong><\/li>\n<li style='margin-bottom: 5px;'>CBLPV6B\/50. 50M \/ Negro \/ 16 mm\u00b2 (6 AWG)<\/li>\n<li style='margin-bottom: 5px;'>CBLPV6R\/50. 50M \/ Rojo \/ 16 mm\u00b2 (6 AWG)<\/li>\n<li style='margin-bottom: 5px;'>CBLPV6R\/100. 100M \/ Rojo \/ 16 mm\u00b2 (6 AWG)<\/li>\n<li style='margin-bottom: 5px;'>CBLPV6B\/100. 100M \/ Negro \/ 16 mm\u00b2 (6 AWG)<\/li>\n<li style='margin-bottom: 5px;'>CBLPV6R\/500. 500M \/ Negro \/ 16 mm\u00b2 (6 AWG)<\/li>\n<li style='margin-bottom: 5px;'>CBLPV6B\/500. 500M \/ Negro \/ 16 mm\u00b2 (6 AWG)<\/li>\n<li style='margin-bottom: 5px;'><strong>Aleaci\u00f3n Cobre Esta\u00f1o:<\/strong><\/li>\n<li style='margin-bottom: 5px;'><strong>6 mm\u00b2 (10 AWG)<\/strong><\/li>\n<li style='margin-bottom: 5px;'>CBLUT10R\/100. 100M \/ Rojo \/ 6 mm\u00b2 (10 AWG)<\/li>\n<li style='margin-bottom: 5px;'>CBLUT10B\/100. 100M \/ Negro \/ 6 mm\u00b2 (10 AWG)<\/li>\n<li style='margin-bottom: 5px;'><strong>Jumpers:<\/strong><\/li>\n<li style='margin-bottom: 5px;'><strong>6 mm\u00b2 (10 AWG)<\/strong><\/li>\n<li style='margin-bottom: 5px;'>CFMC41MRED. MC4.M\/1M \/ Rojo \/ 6 mm\u00b2 (10 AWG)<\/li>\n<li style='margin-bottom: 5px;'>CFMC41MBLK. MC4.M\/1M \/ Negro \/ 6 mm\u00b2 (10 AWG)<\/li>\n<\/ul><\/div>\n<\/p><\/div>\n<\/p><\/div>\n<\/p><\/div>\n<\/p><\/div>\n","protected":false},"excerpt":{"rendered":"<p>Cable Fotovoltaico \/ 1 metro \/ Color Rojo \/ Calibre 10 AWG \/ Terminal MC4-Macho y Hembra en  ambos extremos<\/p>\n","protected":false},"featured_media":42122,"comment_status":"open","ping_status":"closed","template":"","meta":[],"product_brand":[],"product_cat":[1067],"product_tag":[1068,964,454],"class_list":{"0":"post-42123","1":"product","2":"type-product","3":"status-publish","4":"has-post-thumbnail","6":"product_cat-accesorios-cables-jumpers","7":"product_tag-accesorios-cables-jumpers","8":"product_tag-energia-solar","9":"product_tag-epcom-powerline","11":"first","12":"instock","13":"sale","14":"shipping-taxable","15":"purchasable","16":"product-type-simple"},"_links":{"self":[{"href":"https:\/\/soydeaqui.ddns.net\/pachuca\/index.php\/wp-json\/wp\/v2\/product\/42123","targetHints":{"allow":["GET"]}}],"collection":[{"href":"https:\/\/soydeaqui.ddns.net\/pachuca\/index.php\/wp-json\/wp\/v2\/product"}],"about":[{"href":"https:\/\/soydeaqui.ddns.net\/pachuca\/index.php\/wp-json\/wp\/v2\/types\/product"}],"replies":[{"embeddable":true,"href":"https:\/\/soydeaqui.ddns.net\/pachuca\/index.php\/wp-json\/wp\/v2\/comments?post=42123"}],"wp:featuredmedia":[{"embeddable":true,"href":"https:\/\/soydeaqui.ddns.net\/pachuca\/index.php\/wp-json\/wp\/v2\/media\/42122"}],"wp:attachment":[{"href":"https:\/\/soydeaqui.ddns.net\/pachuca\/index.php\/wp-json\/wp\/v2\/media?parent=42123"}],"wp:term":[{"taxonomy":"product_brand","embeddable":true,"href":"https:\/\/soydeaqui.ddns.net\/pachuca\/index.php\/wp-json\/wp\/v2\/product_brand?post=42123"},{"taxonomy":"product_cat","embeddable":true,"href":"https:\/\/soydeaqui.ddns.net\/pachuca\/index.php\/wp-json\/wp\/v2\/product_cat?post=42123"},{"taxonomy":"product_tag","embeddable":true,"href":"https:\/\/soydeaqui.ddns.net\/pachuca\/index.php\/wp-json\/wp\/v2\/product_tag?post=42123"}],"curies":[{"name":"wp","href":"https:\/\/api.w.org\/{rel}","templated":true}]}}