{"id":42099,"date":"2026-03-18T18:32:59","date_gmt":"2026-03-18T18:32:59","guid":{"rendered":"https:\/\/soydeaqui.ddns.net\/pachuca\/index.php\/producto\/tubo-conduit-pvc-ligero-de-3-4-19-mm-de-3-m\/"},"modified":"2026-03-18T18:32:59","modified_gmt":"2026-03-18T18:32:59","slug":"tubo-conduit-pvc-ligero-de-3-4-19-mm-de-3-m","status":"publish","type":"product","link":"https:\/\/soydeaqui.ddns.net\/pachuca\/index.php\/producto\/tubo-conduit-pvc-ligero-de-3-4-19-mm-de-3-m\/","title":{"rendered":"Tubo Conduit PVC  Ligero de 3\/4&#8243; (19 mm) de 3 m."},"content":{"rendered":"<div style='width: 100%; max-width: 1200px; margin: 0 auto; font-family: sans-serif; line-height: 1.6; color: inherit; background-color: transparent;'> <!-- Secci\u00f3n de contenido con flex\/grid --> <\/p>\n<div style='display: flex; flex-wrap: wrap; gap: 30px; margin-bottom: 30px;'>\n<div style='flex: 1 1 300px; min-width: 280px;'>\n<h3 style='font-size: 22px; border-bottom: 2px solid currentColor; padding-bottom: 5px; margin-top: 0; color: inherit; opacity: 0.8;'>Aplicaciones<\/h3>\n<p style='font-size: 15px; color: inherit; margin-bottom: 15px;'> La tuber\u00eda conduit tipo ligero est\u00e1 dise\u00f1ada para la conducci\u00f3n de cables el\u00e9ctricos en instalaciones el\u00e9ctricas industriales&comma; dom\u00e9sticas&comma; de voz y datos en casas habitaci\u00f3n y comercios. Ideal para obras donde ser\u00e1 cubierta por concreto. <\/p>\n<p style='font-size: 15px; color: inherit; margin-bottom: 15px;'> Fabricada con compuesto de Policloruro de Vinilo (PVC) sin plastificante&comma; con celda de clasificaci\u00f3n 12454 seg\u00fan NMX-E-031. Cumple con la norma NMX-E-012-SCFI vigente. <\/p>\n<p style='font-size: 15px; color: inherit; margin-bottom: 15px;'> Su uni\u00f3n se realiza mediante casquillo termoformado integrado al tubo o mediante cople de PVC inyectado para facilitar su inserci\u00f3n. <\/p>\n<p style='font-size: 15px; color: inherit; margin-bottom: 15px;'> El cumplimiento de estas especificaciones garantiza su correcto funcionamiento y vida \u00fatil. Cumple con altos est\u00e1ndares de seguridad y ofrece rigidez diel\u00e9ctrica&comma; actuando como buen aislante el\u00e9ctrico para evitar cortocircuitos y fugas de potencial. <\/p>\n<\/p><\/div>\n<\/p><\/div>\n<p> <!-- Secci\u00f3n de cards con especificaciones --> <\/p>\n<div style='display: flex; flex-wrap: wrap; gap: 20px; margin-bottom: 30px;'>\n<div style='flex: 1 1 250px; border: 1px solid rgba(150&comma; 150&comma; 150&comma; 0.4); border-radius: 8px; overflow: hidden; display: flex; flex-direction: column;'>\n<div style='padding: 15px; border-bottom: 1px solid rgba(150&comma; 150&comma; 150&comma; 0.2); font-weight: bold; font-size: 18px; color: inherit;'>Caracter\u00edsticas<\/div>\n<div style='padding: 15px; color: inherit;'>\n<ul style='padding-left: 20px; margin: 0; font-size: 14px; list-style-type: disc;'>\n<li style='margin-bottom: 5px;'><strong>Di\u00e1metro Nominal:<\/strong> 3\/4&#8242; (19 mm)<\/li>\n<li style='margin-bottom: 5px;'><strong>Di\u00e1metro Exterior:<\/strong> 23.3 &#8211; 23.5 mm<\/li>\n<li style='margin-bottom: 5px;'><strong>Espesor de Pared:<\/strong> 1 &#8211; 1.2 mm<\/li>\n<li style='margin-bottom: 5px;'><strong>Di\u00e1metro de entrada casquillo:<\/strong> 23.6 &#8211; 24 mm<\/li>\n<li style='margin-bottom: 5px;'><strong>Di\u00e1metro terminal de casquillo:<\/strong> 23.3 -23.7 mm<\/li>\n<li style='margin-bottom: 5px;'><strong>Longitud Casquillo:<\/strong> 18.3 mm<\/li>\n<\/ul>\n<p style='margin-top: 15px; font-size: 14px; color: inherit;'> <strong>Nota:<\/strong> La longitud de la tuber\u00eda es de 3000 mm \u00b1 0.5% (15 mm) <\/p>\n<\/p><\/div>\n<\/p><\/div>\n<\/p><\/div>\n<p> <!-- Separador --> <\/p>\n<hr style='border: 0; border-top: 1px solid rgba(150&comma; 150&comma; 150&comma; 0.3); margin: 30px 0;'> <\/div>\n","protected":false},"excerpt":{"rendered":"<p>Tubo Conduit PVC  Ligero de 3\/4&#8243; (19 mm) de 3 m.<\/p>\n","protected":false},"featured_media":42098,"comment_status":"open","ping_status":"closed","template":"","meta":[],"product_brand":[],"product_cat":[648],"product_tag":[703,572,649],"class_list":{"0":"post-42099","1":"product","2":"type-product","3":"status-publish","4":"has-post-thumbnail","6":"product_cat-tuberia-pvc-registros-pvc","7":"product_tag-amanco-wavin","8":"product_tag-canalizacion","9":"product_tag-tuberia-pvc-registros-pvc","11":"first","12":"instock","13":"sale","14":"shipping-taxable","15":"purchasable","16":"product-type-simple"},"_links":{"self":[{"href":"https:\/\/soydeaqui.ddns.net\/pachuca\/index.php\/wp-json\/wp\/v2\/product\/42099","targetHints":{"allow":["GET"]}}],"collection":[{"href":"https:\/\/soydeaqui.ddns.net\/pachuca\/index.php\/wp-json\/wp\/v2\/product"}],"about":[{"href":"https:\/\/soydeaqui.ddns.net\/pachuca\/index.php\/wp-json\/wp\/v2\/types\/product"}],"replies":[{"embeddable":true,"href":"https:\/\/soydeaqui.ddns.net\/pachuca\/index.php\/wp-json\/wp\/v2\/comments?post=42099"}],"wp:featuredmedia":[{"embeddable":true,"href":"https:\/\/soydeaqui.ddns.net\/pachuca\/index.php\/wp-json\/wp\/v2\/media\/42098"}],"wp:attachment":[{"href":"https:\/\/soydeaqui.ddns.net\/pachuca\/index.php\/wp-json\/wp\/v2\/media?parent=42099"}],"wp:term":[{"taxonomy":"product_brand","embeddable":true,"href":"https:\/\/soydeaqui.ddns.net\/pachuca\/index.php\/wp-json\/wp\/v2\/product_brand?post=42099"},{"taxonomy":"product_cat","embeddable":true,"href":"https:\/\/soydeaqui.ddns.net\/pachuca\/index.php\/wp-json\/wp\/v2\/product_cat?post=42099"},{"taxonomy":"product_tag","embeddable":true,"href":"https:\/\/soydeaqui.ddns.net\/pachuca\/index.php\/wp-json\/wp\/v2\/product_tag?post=42099"}],"curies":[{"name":"wp","href":"https:\/\/api.w.org\/{rel}","templated":true}]}}