{"id":42027,"date":"2026-03-18T18:30:59","date_gmt":"2026-03-18T18:30:59","guid":{"rendered":"https:\/\/soydeaqui.ddns.net\/pachuca\/index.php\/producto\/24-vcc-15-a-fuente-de-alimentacion-tipo-din-riel-360-w-funcion-para-baterias-de-respaldo\/"},"modified":"2026-03-18T18:31:03","modified_gmt":"2026-03-18T18:31:03","slug":"24-vcc-15-a-fuente-de-alimentacion-tipo-din-riel-360-w-funcion-para-baterias-de-respaldo","status":"publish","type":"product","link":"https:\/\/soydeaqui.ddns.net\/pachuca\/index.php\/producto\/24-vcc-15-a-fuente-de-alimentacion-tipo-din-riel-360-w-funcion-para-baterias-de-respaldo\/","title":{"rendered":"24 Vcc @ 15 A \/ Fuente de alimentaci\u00f3n \/ Tipo din riel \/ 360 W \/ Funci\u00f3n para bater\u00edas de respaldo."},"content":{"rendered":"<div style='width: 100%; max-width: 1200px; margin: 0 auto; font-family: sans-serif; line-height: 1.6; color: inherit; background-color: transparent;'>\n<div style='text-align: center; margin-bottom: 30px;'>\n<h1 style='font-size: 28px; color: inherit; margin: 0 0 10px 0;'><strong>P24350BK<\/strong><\/h1>\n<h3 style='font-size: 20px; color: inherit; margin: 0 0 15px 0;'>Fuente de 11-15 Vcc \/ 5 A<\/h3>\n<h4 style='font-size: 16px; color: inherit; opacity: 0.8; margin: 0 0 20px 0;'><strong>Eficiencia en energ\u00eda&comma; con protecci\u00f3n contra sobretensi\u00f3n&comma; cortocircuitos&comma; circuitos de protecci\u00f3n contra anti-interferencia<\/strong><\/h4>\n<p style='font-size: 14px; color: inherit; margin: 0 auto; max-width: 800px;'> <strong>La luz verde enciende&comma; cuando la fuente cuenta con su entrada de alimentaci\u00f3n de 100-240 Vca&comma; suministrando as\u00ed tanto a la carga de la bater\u00eda como la requerida. Cuando falla la energ\u00eda&comma; la bater\u00eda proporciona el voltaje&comma; el led en rojo enciende&comma; y al mismo tiempo entra en la etapa de monitoreo del voltaje de la bater\u00eda&comma; cuando detecta que el voltaje de la bater\u00eda cae a 10.5 Volts&comma; el circuito cortar\u00e1 la carga&comma; la fuente de alimentaci\u00f3n ya no cargar\u00e1&comma; para evitar que la bater\u00eda se descargue&comma; protegiendo as\u00ed la vida \u00fatil de la bater\u00eda&comma; el sistema se reiniciar\u00e1 autom\u00e1ticamente cuando vuelva la alimentaci\u00f3n de la red&comma; a su estado normal.<\/strong> <\/p>\n<\/p><\/div>\n<div style='display: flex; flex-wrap: wrap; gap: 30px; margin-bottom: 30px;'>\n<div style='flex: 1 1 300px; min-width: 280px;'>\n<div style='border: 1px solid rgba(150&comma; 150&comma; 150&comma; 0.4); border-radius: 8px; overflow: hidden; display: flex; flex-direction: column;'>\n<div style='padding: 15px; border-bottom: 1px solid rgba(150&comma; 150&comma; 150&comma; 0.2); font-weight: bold; font-size: 18px; color: inherit;'>Caracter\u00edsticas<\/div>\n<div style='padding: 15px; color: inherit;'>\n<ul style='padding-left: 20px; margin: 0; font-size: 14px; list-style-type: disc;'>\n<li style='margin-bottom: 5px;'><strong>Voltaje de salida:<\/strong> 24 Vcc<\/li>\n<li style='margin-bottom: 5px;'><strong>Salida de corriente total:<\/strong> 15 A<\/li>\n<li style='margin-bottom: 5px;'><strong>Salida de corriente m\u00e1xima por canal:<\/strong> 2 A<\/li>\n<li style='margin-bottom: 5px;'><strong>Capacidad de bater\u00edas de respaldo en 12 V x 2 unidades<\/strong><\/li>\n<li style='margin-bottom: 5px;'><strong>No se incluyen las bater\u00edas<\/strong><\/li>\n<li style='margin-bottom: 5px;'><strong>Se requieren de 2 bater\u00edas de 12 V conectadas en serie<\/strong><\/li>\n<\/ul><\/div>\n<\/p><\/div>\n<\/p><\/div>\n<div style='flex: 1 1 300px; min-width: 280px;'>\n<div style='border: 1px solid rgba(150&comma; 150&comma; 150&comma; 0.4); border-radius: 8px; overflow: hidden; display: flex; flex-direction: column;'>\n<div style='padding: 15px; border-bottom: 1px solid rgba(150&comma; 150&comma; 150&comma; 0.2); font-weight: bold; font-size: 18px; color: inherit;'>Caracter\u00edsticas F\u00edsicas y El\u00e9ctricas<\/div>\n<div style='padding: 15px; color: inherit;'>\n<ul style='padding-left: 20px; margin: 0; font-size: 14px; list-style-type: disc;'>\n<li style='margin-bottom: 5px;'><strong>Voltaje de entrada:<\/strong> 96-264 Vca<\/li>\n<li style='margin-bottom: 5px;'><strong>Temperatura de operaci\u00f3n:<\/strong> -20\u00b0C a 45 \u00b0C<\/li>\n<li style='margin-bottom: 5px;'><strong>Dimensiones:<\/strong> 212 x 115 x 30 mm (L*W*H)<\/li>\n<li style='margin-bottom: 5px;'><strong>Garant\u00eda:<\/strong> 1 a\u00f1o<\/li>\n<\/ul><\/div>\n<\/p><\/div>\n<\/p><\/div>\n<div style='flex: 1 1 300px; min-width: 280px;'>\n<div style='border: 1px solid rgba(150&comma; 150&comma; 150&comma; 0.4); border-radius: 8px; overflow: hidden; display: flex; flex-direction: column;'>\n<div style='padding: 15px; border-bottom: 1px solid rgba(150&comma; 150&comma; 150&comma; 0.2); font-weight: bold; font-size: 18px; color: inherit;'>Modelos Relacionados<\/div>\n<div style='padding: 15px; color: inherit;'>\n<ul style='padding-left: 20px; margin: 0; font-size: 14px; list-style-type: disc;'>\n<li style='margin-bottom: 5px;'><strong>En CCTV (4.5-9.5 Ah):<\/strong><\/li>\n<li style='margin-bottom: 5px; color: #3598db;'><strong>PS12DC4PBK.<\/strong><\/li>\n<li style='margin-bottom: 5px; color: #3598db;'><strong>PLK12DC8ABK.<\/strong><\/li>\n<li style='margin-bottom: 5px; color: #3598db;'><strong>PLK12DC4ABK.<\/strong><\/li>\n<li style='margin-bottom: 5px; color: #3598db;'><strong>PLK12DC20ABK.<\/strong><\/li>\n<li style='margin-bottom: 5px; color: #3598db;'><strong>PLK12DC16ABK<\/strong><\/li>\n<li style='margin-bottom: 5px; color: #3598db;'><strong>P13DC3BK<\/strong><\/li>\n<li style='margin-bottom: 5px; color: #3598db;'><strong>P13DC5BK<\/strong><\/li>\n<li style='margin-bottom: 5px;'><strong>En Control de Acceso (4.5-9.5 Ah):<\/strong><\/li>\n<li style='margin-bottom: 5px; color: #3598db;'><strong>PL12DC3ABK<\/strong><\/li>\n<li style='margin-bottom: 5px; color: #3598db;'><strong>PL12DC5ABK<\/strong><\/li>\n<li style='margin-bottom: 5px;'><strong>En CCTV \/ CA (4.5-18 Ah):<\/strong><\/li>\n<li style='margin-bottom: 5px; color: #3598db;'><strong>XP15DC6BK<\/strong><\/li>\n<li style='margin-bottom: 5px; color: #3598db;'><strong>XP15DC10BK<\/strong><\/li>\n<li style='margin-bottom: 5px; color: #3598db;'><strong>XP15DC30BK<\/strong><\/li>\n<li style='margin-bottom: 5px;'><strong>Requerimiento de gabinete para bater\u00eda:<\/strong><\/li>\n<li style='margin-bottom: 5px; color: #3598db;'><strong>P24350BK<\/strong><\/li>\n<li style='margin-bottom: 5px; color: #3598db;'><strong>PSR30A<\/strong><\/li>\n<\/ul><\/div>\n<\/p><\/div>\n<\/p><\/div>\n<\/p><\/div>\n<div style='margin-bottom: 30px;'>\n<div style='position: relative; padding-bottom: 56.25%; height: 0; overflow: hidden;'>   <\/div>\n<\/p><\/div>\n<\/p><\/div>\n","protected":false},"excerpt":{"rendered":"<p>24 Vcc @ 15 A \/ Fuente de alimentaci\u00f3n \/ Tipo din riel \/ 360 W \/ Funci\u00f3n para bater\u00edas de respaldo.<\/p>\n","protected":false},"featured_media":42026,"comment_status":"open","ping_status":"closed","template":"","meta":[],"product_brand":[],"product_cat":[1188],"product_tag":[454,405,1189],"class_list":{"0":"post-42027","1":"product","2":"type-product","3":"status-publish","4":"has-post-thumbnail","6":"product_cat-fuentes-de-uso-industrial-riel-din","7":"product_tag-epcom-powerline","8":"product_tag-fuentes-de-poder","9":"product_tag-fuentes-de-uso-industrial-riel-din","11":"first","12":"instock","13":"sale","14":"shipping-taxable","15":"purchasable","16":"product-type-simple"},"_links":{"self":[{"href":"https:\/\/soydeaqui.ddns.net\/pachuca\/index.php\/wp-json\/wp\/v2\/product\/42027","targetHints":{"allow":["GET"]}}],"collection":[{"href":"https:\/\/soydeaqui.ddns.net\/pachuca\/index.php\/wp-json\/wp\/v2\/product"}],"about":[{"href":"https:\/\/soydeaqui.ddns.net\/pachuca\/index.php\/wp-json\/wp\/v2\/types\/product"}],"replies":[{"embeddable":true,"href":"https:\/\/soydeaqui.ddns.net\/pachuca\/index.php\/wp-json\/wp\/v2\/comments?post=42027"}],"wp:featuredmedia":[{"embeddable":true,"href":"https:\/\/soydeaqui.ddns.net\/pachuca\/index.php\/wp-json\/wp\/v2\/media\/42026"}],"wp:attachment":[{"href":"https:\/\/soydeaqui.ddns.net\/pachuca\/index.php\/wp-json\/wp\/v2\/media?parent=42027"}],"wp:term":[{"taxonomy":"product_brand","embeddable":true,"href":"https:\/\/soydeaqui.ddns.net\/pachuca\/index.php\/wp-json\/wp\/v2\/product_brand?post=42027"},{"taxonomy":"product_cat","embeddable":true,"href":"https:\/\/soydeaqui.ddns.net\/pachuca\/index.php\/wp-json\/wp\/v2\/product_cat?post=42027"},{"taxonomy":"product_tag","embeddable":true,"href":"https:\/\/soydeaqui.ddns.net\/pachuca\/index.php\/wp-json\/wp\/v2\/product_tag?post=42027"}],"curies":[{"name":"wp","href":"https:\/\/api.w.org\/{rel}","templated":true}]}}