{"id":41904,"date":"2026-03-18T18:27:41","date_gmt":"2026-03-18T18:27:41","guid":{"rendered":"https:\/\/soydeaqui.ddns.net\/pachuca\/index.php\/producto\/gua-jalacables-luminiscente-de-12-metros-39-37-pies\/"},"modified":"2026-03-18T18:27:53","modified_gmt":"2026-03-18T18:27:53","slug":"gua-jalacables-luminiscente-de-12-metros-39-37-pies","status":"publish","type":"product","link":"https:\/\/soydeaqui.ddns.net\/pachuca\/index.php\/producto\/gua-jalacables-luminiscente-de-12-metros-39-37-pies\/","title":{"rendered":"Gu?a Jalacables Luminiscente de 12 Metros (39.37 Pies)"},"content":{"rendered":"<div style='width: 100%; max-width: 1200px; margin: 0 auto; font-family: sans-serif; line-height: 1.6; color: inherit; background-color: transparent;'>\n<div style='display: flex; flex-wrap: wrap; gap: 30px; margin-bottom: 30px;'>\n<div style='flex: 1 1 300px; min-width: 280px;'>\n<h3 style='font-size: 22px; border-bottom: 2px solid currentColor; padding-bottom: 5px; margin-top: 0; color: inherit; opacity: 0.8;'>Caracter\u00edsticas<\/h3>\n<ul style='padding-left: 20px; font-size: 15px; color: inherit;'>\n<li style='margin-bottom: 5px; font-size: 14px;'>Gu\u00eda jalacables de 40&#8242; que cuenta con una exclusiva gu\u00eda de fibra de vidrio que brilla en la oscuridad y punta de nylon<\/li>\n<li style='margin-bottom: 5px; font-size: 14px;'>Carcasa compacta y transparente que permite cargar el material incandescente en el estuche mientras se est\u00e1 en movimiento<\/li>\n<li style='margin-bottom: 5px; font-size: 14px;'>Totalmente extra\u00edble de la carcasa&comma; para una aplicaci\u00f3n m\u00e1s vers\u00e1til&comma; como el alambre de paso directo<\/li>\n<li style='margin-bottom: 5px; font-size: 14px;'>Extremo del anclaje que utiliza un conector de acero inoxidable compatible con los accesorios para barras para gu\u00edas jalacables (Cat. n.\u00ba 56511)<\/li>\n<li style='margin-bottom: 5px; font-size: 14px;'>Carcasa y mango duraderos que ofrecen mejor resistencia a impactos<\/li>\n<li style='margin-bottom: 5px; font-size: 14px;'>Punta del ojal estrecha que facilita la extracci\u00f3n en espacios abarrotados<\/li>\n<li style='margin-bottom: 5px; font-size: 14px;'>Marca de alineaci\u00f3n en la carcasa que permite volverla a guardar f\u00e1cilmente<\/li>\n<li style='margin-bottom: 5px; font-size: 14px;'>Hecho en EE. UU. con componentes globales; patente pendiente<\/li>\n<\/ul><\/div>\n<\/p><\/div>\n<div style='display: flex; justify-content: center; margin: 30px 0;'> <img style='width: 100%; max-width: 600px; height: auto; border: 1px solid rgba(150&comma;150&comma;150&comma;0.3); border-radius: 8px;' src='https:\/\/ftp3.syscom.mx\/usuarios\/fotos\/50660\/216841-50550_app5.jpg' alt=''> <\/div>\n<div style='display: flex; justify-content: center; margin: 30px 0;'>\n<div style='position: relative; padding-bottom: 56.25%; height: 0; overflow: hidden; width: 100%; max-width: 800px;'>   <\/div>\n<\/p><\/div>\n<\/p><\/div>\n","protected":false},"excerpt":{"rendered":"<p>Gu?a Jalacables Luminiscente de 12 Metros (39.37 Pies)<\/p>\n","protected":false},"featured_media":41903,"comment_status":"open","ping_status":"closed","template":"","meta":[],"product_brand":[],"product_cat":[608],"product_tag":[586,25,432],"class_list":{"0":"post-41904","1":"product","2":"type-product","3":"status-publish","4":"has-post-thumbnail","6":"product_cat-herramientas-cableado-de-cobre","7":"product_tag-cableado-de-cobre","8":"product_tag-herramientas","9":"product_tag-klein-tools","11":"first","12":"instock","13":"sale","14":"shipping-taxable","15":"purchasable","16":"product-type-simple"},"_links":{"self":[{"href":"https:\/\/soydeaqui.ddns.net\/pachuca\/index.php\/wp-json\/wp\/v2\/product\/41904","targetHints":{"allow":["GET"]}}],"collection":[{"href":"https:\/\/soydeaqui.ddns.net\/pachuca\/index.php\/wp-json\/wp\/v2\/product"}],"about":[{"href":"https:\/\/soydeaqui.ddns.net\/pachuca\/index.php\/wp-json\/wp\/v2\/types\/product"}],"replies":[{"embeddable":true,"href":"https:\/\/soydeaqui.ddns.net\/pachuca\/index.php\/wp-json\/wp\/v2\/comments?post=41904"}],"wp:featuredmedia":[{"embeddable":true,"href":"https:\/\/soydeaqui.ddns.net\/pachuca\/index.php\/wp-json\/wp\/v2\/media\/41903"}],"wp:attachment":[{"href":"https:\/\/soydeaqui.ddns.net\/pachuca\/index.php\/wp-json\/wp\/v2\/media?parent=41904"}],"wp:term":[{"taxonomy":"product_brand","embeddable":true,"href":"https:\/\/soydeaqui.ddns.net\/pachuca\/index.php\/wp-json\/wp\/v2\/product_brand?post=41904"},{"taxonomy":"product_cat","embeddable":true,"href":"https:\/\/soydeaqui.ddns.net\/pachuca\/index.php\/wp-json\/wp\/v2\/product_cat?post=41904"},{"taxonomy":"product_tag","embeddable":true,"href":"https:\/\/soydeaqui.ddns.net\/pachuca\/index.php\/wp-json\/wp\/v2\/product_tag?post=41904"}],"curies":[{"name":"wp","href":"https:\/\/api.w.org\/{rel}","templated":true}]}}