{"id":41853,"date":"2026-03-18T18:26:12","date_gmt":"2026-03-18T18:26:12","guid":{"rendered":"https:\/\/soydeaqui.ddns.net\/pachuca\/index.php\/producto\/kit-de-prueba-electrica-cl120ncvt-3pet40rt210\/"},"modified":"2026-03-18T18:26:23","modified_gmt":"2026-03-18T18:26:23","slug":"kit-de-prueba-electrica-cl120ncvt-3pet40rt210","status":"publish","type":"product","link":"https:\/\/soydeaqui.ddns.net\/pachuca\/index.php\/producto\/kit-de-prueba-electrica-cl120ncvt-3pet40rt210\/","title":{"rendered":"Kit de Prueba El\u00e9ctrica CL120+NCVT-3P+ET40+RT210"},"content":{"rendered":"<div style='width: 100%; max-width: 1200px; margin: 0 auto; font-family: sans-serif; line-height: 1.6; color: inherit; background-color: transparent;'>\n<div style='width: 100%; margin-bottom: 30px;'>\n<div style='margin: 0; padding: 0;'>\n<h1 style='font-size: 32px; margin: 0; color: inherit;'>Kit de prueba el\u00e9ctrica de mult\u00edmetro de gancho de calidad superior<\/h1>\n<\/p><\/div>\n<div style='margin: 0; padding: 0;'>\n<h2 style='font-size: 24px; color: rgba(153&comma; 153&comma; 153&comma; 0.8); margin: 0 0 20px 0;'>CL120VP<\/h2>\n<\/p><\/div>\n<\/p><\/div>\n<div style='display: flex; flex-wrap: wrap; gap: 30px; margin-bottom: 30px;'>\n<div style='flex: 1 1 300px; min-width: 280px;'>\n<h3 style='font-size: 22px; border-bottom: 2px solid currentColor; padding-bottom: 5px; margin-top: 0; color: inherit; opacity: 0.8;'>Caracter\u00edsticas<\/h3>\n<ul style='padding-left: 20px; font-size: 15px; color: inherit;'>\n<li style='margin-bottom: 5px;'>Mult\u00edmetro de gancho CL120 que mide corriente CA con las pinzas&comma; as\u00ed como voltaje CA\/CD&comma; resistencia y continuidad con cables de prueba<\/li>\n<li style='margin-bottom: 5px;'>Mult\u00edmetro con LCD retroiluminada de f\u00e1cil visualizaci\u00f3n en lugares con poca luz y CAT III 600 V&comma; clase 2&comma; doble aislamiento<\/li>\n<li style='margin-bottom: 5px;'>RT210 detecta los problemas de cableado m\u00e1s comunes en recept\u00e1culos est\u00e1ndar y GFCI<\/li>\n<li style='margin-bottom: 5px;'>Un pr\u00e1ctico cuadro de RT210 que ayuda a determinar las condiciones de cableado: puesta a tierra abierta&comma; polaridad inversa&comma; vivo abierto&comma; neutro abierto y vivo y tierra invertidos<\/li>\n<li style='margin-bottom: 5px;'>NCVT-3P con capacidades de rango dual que permiten detectar de 12 a 1000 V CA o de 70 a 1000 V CA para una amplia variedad de aplicaciones de bajo voltaje o de voltaje est\u00e1ndar<\/li>\n<li style='margin-bottom: 5px;'>La brillante linterna ilumina el \u00e1rea de trabajo y se puede utilizar independientemente de la funci\u00f3n de detecci\u00f3n de voltaje del NCVT-3P<\/li>\n<li style='margin-bottom: 5px;'>ET40 prueba voltajes CA de 12 V a 240 V CA en cuatro niveles \u00fatiles conforme a los voltajes residenciales m\u00e1s utilizados<\/li>\n<li style='margin-bottom: 5px;'>ET40 tambi\u00e9n prueba voltajes CD de 1&comma;5 V a mayores de 17 V a 24 V en cuatro niveles comunes<\/li>\n<\/ul><\/div>\n<\/p><\/div>\n<div style='width: 100%; margin-bottom: 30px;'>\n<div style='width: 100%; max-width: 900px; margin: 0 auto;'> <img style='width: 100%; height: auto; border: 1px solid rgba(150&comma;150&comma;150&comma;0.3); border-radius: 8px;' src='https:\/\/ftp3.syscom.mx\/usuarios\/fotos\/CL120VP\/216849-cl120vp.jpg' alt=''> <\/div>\n<\/p><\/div>\n<div style='width: 100%; margin-bottom: 30px;'>\n<div style='position: relative; padding-bottom: 56.25%; height: 0; overflow: hidden; margin-bottom: 30px;'>   <\/div>\n<\/p><\/div>\n<\/p><\/div>\n","protected":false},"excerpt":{"rendered":"<p>Kit de Prueba El\u00e9ctrica CL120+NCVT-3P+ET40+RT210<\/p>\n","protected":false},"featured_media":41852,"comment_status":"open","ping_status":"closed","template":"","meta":[],"product_brand":[],"product_cat":[1140],"product_tag":[1058,432,1141],"class_list":{"0":"post-41853","1":"product","2":"type-product","3":"status-publish","4":"has-post-thumbnail","6":"product_cat-medicion-e-inspeccion-electrica","7":"product_tag-ferreteria","8":"product_tag-klein-tools","9":"product_tag-medicion-e-inspeccion-electrica","11":"first","12":"instock","13":"sale","14":"shipping-taxable","15":"purchasable","16":"product-type-simple"},"_links":{"self":[{"href":"https:\/\/soydeaqui.ddns.net\/pachuca\/index.php\/wp-json\/wp\/v2\/product\/41853","targetHints":{"allow":["GET"]}}],"collection":[{"href":"https:\/\/soydeaqui.ddns.net\/pachuca\/index.php\/wp-json\/wp\/v2\/product"}],"about":[{"href":"https:\/\/soydeaqui.ddns.net\/pachuca\/index.php\/wp-json\/wp\/v2\/types\/product"}],"replies":[{"embeddable":true,"href":"https:\/\/soydeaqui.ddns.net\/pachuca\/index.php\/wp-json\/wp\/v2\/comments?post=41853"}],"wp:featuredmedia":[{"embeddable":true,"href":"https:\/\/soydeaqui.ddns.net\/pachuca\/index.php\/wp-json\/wp\/v2\/media\/41852"}],"wp:attachment":[{"href":"https:\/\/soydeaqui.ddns.net\/pachuca\/index.php\/wp-json\/wp\/v2\/media?parent=41853"}],"wp:term":[{"taxonomy":"product_brand","embeddable":true,"href":"https:\/\/soydeaqui.ddns.net\/pachuca\/index.php\/wp-json\/wp\/v2\/product_brand?post=41853"},{"taxonomy":"product_cat","embeddable":true,"href":"https:\/\/soydeaqui.ddns.net\/pachuca\/index.php\/wp-json\/wp\/v2\/product_cat?post=41853"},{"taxonomy":"product_tag","embeddable":true,"href":"https:\/\/soydeaqui.ddns.net\/pachuca\/index.php\/wp-json\/wp\/v2\/product_tag?post=41853"}],"curies":[{"name":"wp","href":"https:\/\/api.w.org\/{rel}","templated":true}]}}