{"id":41821,"date":"2026-03-18T18:25:16","date_gmt":"2026-03-18T18:25:16","guid":{"rendered":"https:\/\/soydeaqui.ddns.net\/pachuca\/index.php\/producto\/inflador-de-neumaticos-compresor-de-aire-portatil-de-12-v-cc-120-v-ca-con-diseno-de-apagado-automatico-bomba-de-aire-de-inflado-rapido-para-neumaticos-de-coche\/"},"modified":"2026-03-18T18:25:17","modified_gmt":"2026-03-18T18:25:17","slug":"inflador-de-neumaticos-compresor-de-aire-portatil-de-12-v-cc-120-v-ca-con-diseno-de-apagado-automatico-bomba-de-aire-de-inflado-rapido-para-neumaticos-de-coche","status":"publish","type":"product","link":"https:\/\/soydeaqui.ddns.net\/pachuca\/index.php\/producto\/inflador-de-neumaticos-compresor-de-aire-portatil-de-12-v-cc-120-v-ca-con-diseno-de-apagado-automatico-bomba-de-aire-de-inflado-rapido-para-neumaticos-de-coche\/","title":{"rendered":"Inflador de neum\u00e1ticos, compresor de aire port\u00e1til de 12 V CC\/120 V CA con dise\u00f1o de apagado autom\u00e1tico, bomba de aire de inflado r\u00e1pido para neum\u00e1ticos de coche"},"content":{"rendered":"<div style='width: 100%; max-width: 1200px; margin: 0 auto; font-family: sans-serif; line-height: 1.6; color: inherit; background-color: transparent;'>\n<div style='display: flex; flex-wrap: wrap; gap: 30px; margin-bottom: 30px;'>\n<div style='flex: 1 1 300px; min-width: 280px;'>\n<h3 style='font-size: 22px; border-bottom: 2px solid currentColor; padding-bottom: 5px; margin-top: 0; color: inherit; opacity: 0.8;'>Especificaciones t\u00e9cnicas<\/h3>\n<ul style='padding-left: 20px; font-size: 15px; color: inherit;'>\n<li style='margin-bottom: 5px;'><strong>Capacidad de polvo:<\/strong> 0.5L<\/li>\n<li style='margin-bottom: 5px;'><strong>Vac\u00edo:<\/strong> 5kpa<\/li>\n<li style='margin-bottom: 5px;'><strong>Bater\u00eda:<\/strong> 2000 mah*3&comma; 11&comma;1 V<\/li>\n<li style='margin-bottom: 5px;'><strong>Motor:<\/strong> Motor cepillado<\/li>\n<li style='margin-bottom: 5px;'><strong>Potencia del motor:<\/strong> 100W<\/li>\n<li style='margin-bottom: 5px;'><strong>Tiempo de carga:<\/strong> 2&comma;5-3 horas<\/li>\n<li style='margin-bottom: 5px;'><strong>Tiempo de trabajo:<\/strong> 20m<\/li>\n<li style='margin-bottom: 5px;'><strong>Peso de la unidad:<\/strong> 0.66kgs<\/li>\n<li style='margin-bottom: 5px;'><strong>Tama\u00f1o de la unidad:<\/strong> 36.5x10x11.7cm<\/li>\n<li style='margin-bottom: 5px;'><strong>Peso por paquete:<\/strong> 1.2kgs<\/li>\n<li style='margin-bottom: 5px;'><strong>Tama\u00f1o de caja de exportaci\u00f3n:<\/strong> 55 x 37 x 42 cm&comma; 17.8 KGS por caja<\/li>\n<\/ul><\/div>\n<div style='flex: 1 1 300px; min-width: 280px;'>\n<h3 style='font-size: 22px; border-bottom: 2px solid currentColor; padding-bottom: 5px; margin-top: 0; color: inherit; opacity: 0.8;'>Accesorios incluidos<\/h3>\n<ul style='padding-left: 20px; font-size: 15px; color: inherit;'>\n<li style='margin-bottom: 5px;'>Filtro HEPA de papel * 2<\/li>\n<li style='margin-bottom: 5px;'>Filtro de nailon * 3<\/li>\n<li style='margin-bottom: 5px;'>Boquilla para hendiduras * 1<\/li>\n<li style='margin-bottom: 5px;'>Cepillo para polvo * 1<\/li>\n<li style='margin-bottom: 5px;'>Cepillo de filtro * 1<\/li>\n<li style='margin-bottom: 5px;'>Gu\u00eda del usuario * 1<\/li>\n<li style='margin-bottom: 5px;'>Adaptador de CA Cargador * 1<\/li>\n<\/ul><\/div>\n<\/p><\/div>\n<div style='display: flex; flex-wrap: wrap; gap: 30px; margin-bottom: 30px;'>\n<div style='flex: 1 1 300px; min-width: 280px;'>\n<h3 style='font-size: 22px; border-bottom: 2px solid currentColor; padding-bottom: 5px; margin-top: 0; color: inherit; opacity: 0.8;'>Caracter\u00edsticas destacadas<\/h3>\n<ul style='padding-left: 20px; font-size: 15px; color: inherit;'>\n<li style='margin-bottom: 5px;'>Dise\u00f1o inal\u00e1mbrico sin cables para mayor libertad de movimiento<\/li>\n<li style='margin-bottom: 5px;'>Filtros HEPA mejorados con envoltura premium para prolongar su vida \u00fatil<\/li>\n<li style='margin-bottom: 5px;'>Tecnolog\u00eda de carga r\u00e1pida para 2&comma;5-3 horas de carga completa<\/li>\n<li style='margin-bottom: 5px;'>20 minutos de autonom\u00eda (variable seg\u00fan carga de limpieza)<\/li>\n<li style='margin-bottom: 5px;'>Boquilla para grietas y herramienta de cepillo para diferentes necesidades<\/li>\n<li style='margin-bottom: 5px;'>Luz LED integrada para limpieza en zonas oscuras<\/li>\n<\/ul><\/div>\n<div style='flex: 1 1 300px; min-width: 280px;'>\n<h3 style='font-size: 22px; border-bottom: 2px solid currentColor; padding-bottom: 5px; margin-top: 0; color: inherit; opacity: 0.8;'>Certificaciones<\/h3>\n<ul style='padding-left: 20px; font-size: 15px; color: inherit;'>\n<li style='margin-bottom: 5px;'>UL<\/li>\n<li style='margin-bottom: 5px;'>FCC<\/li>\n<li style='margin-bottom: 5px;'>PSE<\/li>\n<li style='margin-bottom: 5px;'>UKCA<\/li>\n<li style='margin-bottom: 5px;'>IC<\/li>\n<li style='margin-bottom: 5px;'>CE<\/li>\n<li style='margin-bottom: 5px;'>USA<\/li>\n<\/ul><\/div>\n<\/p><\/div>\n<div style='display: flex; flex-wrap: wrap; gap: 30px; margin-bottom: 30px;'>\n<div style='flex: 1 1 300px; min-width: 280px;'>\n<h3 style='font-size: 22px; border-bottom: 2px solid currentColor; padding-bottom: 5px; margin-top: 0; color: inherit; opacity: 0.8;'>Opci\u00f3n de alimentaci\u00f3n<\/h3>\n<ul style='padding-left: 20px; font-size: 15px; color: inherit;'>\n<li style='margin-bottom: 5px;'><strong>Adaptador de carga de CA:<\/strong><\/li>\n<li style='margin-bottom: 5px; margin-left: 15px;'>Entrada: 100~240V 50\/60Hz<\/li>\n<li style='margin-bottom: 5px; margin-left: 15px;'>Salida: 12&comma;5 V CC 1000 mA<\/li>\n<\/ul><\/div>\n<\/p><\/div>\n<div style='display: flex; flex-wrap: wrap; gap: 30px; margin-bottom: 30px;'>\n<div style='flex: 1 1 300px; min-width: 280px;'>\n<h3 style='font-size: 22px; border-bottom: 2px solid currentColor; padding-bottom: 5px; margin-top: 0; color: inherit; opacity: 0.8;'>Servicio postventa<\/h3>\n<p style='font-size: 15px; color: inherit;'>Si tiene alguna pregunta o problema sobre VacLife&comma; comun\u00edquese con nosotros para obtener ayuda. Nuestro producto ha sido asegurado por AIG. Solo tenga la seguridad de que su uso diario de este producto est\u00e1 debidamente protegido.<\/p>\n<\/p><\/div>\n<\/p><\/div>\n<hr style='border: 0; border-top: 1px solid rgba(150&comma; 150&comma; 150&comma; 0.3); margin: 30px 0;'> <\/div>\n","protected":false},"excerpt":{"rendered":"<p>Inflador de neum\u00e1ticos, compresor de aire port\u00e1til de 12 V CC\/120 V CA con dise\u00f1o de apagado autom\u00e1tico, bomba de aire de inflado r\u00e1pido para neum\u00e1ticos de coche<\/p>\n","protected":false},"featured_media":32,"comment_status":"open","ping_status":"closed","template":"","meta":[],"product_brand":[],"product_cat":[1071],"product_tag":[1066,1072,450],"class_list":{"0":"post-41821","1":"product","2":"type-product","3":"status-publish","4":"has-post-thumbnail","6":"product_cat-extensiones-y-multicontactos","7":"product_tag-area-electrica","8":"product_tag-extensiones-y-multicontactos","9":"product_tag-fireegg","11":"first","12":"outofstock","13":"sale","14":"shipping-taxable","15":"purchasable","16":"product-type-simple"},"_links":{"self":[{"href":"https:\/\/soydeaqui.ddns.net\/pachuca\/index.php\/wp-json\/wp\/v2\/product\/41821","targetHints":{"allow":["GET"]}}],"collection":[{"href":"https:\/\/soydeaqui.ddns.net\/pachuca\/index.php\/wp-json\/wp\/v2\/product"}],"about":[{"href":"https:\/\/soydeaqui.ddns.net\/pachuca\/index.php\/wp-json\/wp\/v2\/types\/product"}],"replies":[{"embeddable":true,"href":"https:\/\/soydeaqui.ddns.net\/pachuca\/index.php\/wp-json\/wp\/v2\/comments?post=41821"}],"wp:featuredmedia":[{"embeddable":true,"href":"https:\/\/soydeaqui.ddns.net\/pachuca\/index.php\/wp-json\/wp\/v2\/media\/32"}],"wp:attachment":[{"href":"https:\/\/soydeaqui.ddns.net\/pachuca\/index.php\/wp-json\/wp\/v2\/media?parent=41821"}],"wp:term":[{"taxonomy":"product_brand","embeddable":true,"href":"https:\/\/soydeaqui.ddns.net\/pachuca\/index.php\/wp-json\/wp\/v2\/product_brand?post=41821"},{"taxonomy":"product_cat","embeddable":true,"href":"https:\/\/soydeaqui.ddns.net\/pachuca\/index.php\/wp-json\/wp\/v2\/product_cat?post=41821"},{"taxonomy":"product_tag","embeddable":true,"href":"https:\/\/soydeaqui.ddns.net\/pachuca\/index.php\/wp-json\/wp\/v2\/product_tag?post=41821"}],"curies":[{"name":"wp","href":"https:\/\/api.w.org\/{rel}","templated":true}]}}