{"id":41496,"date":"2026-03-18T18:16:36","date_gmt":"2026-03-18T18:16:36","guid":{"rendered":"https:\/\/soydeaqui.ddns.net\/pachuca\/index.php\/producto\/montaje-sujetador-adhesivo-stronghold-de-4-vias-de-1-x-1-x-1-4-color-negro-nylon-6-6-retardante-de-llamas-v-2-paquete-de-100pz\/"},"modified":"2026-03-18T18:16:37","modified_gmt":"2026-03-18T18:16:37","slug":"montaje-sujetador-adhesivo-stronghold-de-4-vias-de-1-x-1-x-1-4-color-negro-nylon-6-6-retardante-de-llamas-v-2-paquete-de-100pz","status":"publish","type":"product","link":"https:\/\/soydeaqui.ddns.net\/pachuca\/index.php\/producto\/montaje-sujetador-adhesivo-stronghold-de-4-vias-de-1-x-1-x-1-4-color-negro-nylon-6-6-retardante-de-llamas-v-2-paquete-de-100pz\/","title":{"rendered":"Montaje-Sujetador Adhesivo STRONGHOLD de 4 V\u00edas de 1&#8243; x 1&#8243; x 1\/4&#8243;, Color Negro,  Nylon 6.6 Retardante de Llamas V-2, Paquete de 100pz"},"content":{"rendered":"<div style='width: 100%; max-width: 1200px; margin: 0 auto; font-family: sans-serif; line-height: 1.6; color: inherit; background-color: transparent;'>\n<div style='display: flex; flex-direction: column; gap: 30px;'>\n<div style='width: 100%;'> <img style='width: 100%; height: auto; border: 1px solid rgba(150&comma;150&comma;150&comma;0.3); border-radius: 8px;' src='https:\/\/ftp3.syscom.mx\/usuarios\/fotos\/SMP16AC\/217843-panduit-logo-tm-negro-fondo_trans30-01_(002).png' alt=''> <\/div>\n<div style='width: 100%;'>\n<p style='font-size: 16px; color: inherit; text-align: justify; margin: 0; padding: 0;'> Los montajes con soporte adhesivo para bridas de uni\u00f3n StrongHold SMP16A-C son un m\u00e9todo confiable para fijar cables con rapidez y menor costo de instalaci\u00f3n. Est\u00e1n fabricados con Nylon 6.6 retardante de llamas V-2&comma; lo que aumenta la fuerza mec\u00e1nica&comma; la resistencia al calor y al desgaste&comma; y la rigidez. Estos montajes se pueden utilizar con bridas miniatura&comma; intermedia y est\u00e1ndar&comma; y est\u00e1n dise\u00f1ados para interiores y exteriores. Miden 0.976&#8242; x 0.976&#8242; (25 x 25 mm)&comma; son de color negro y se comercializan en paquetes de 100. <\/p>\n<\/p><\/div>\n<div style='width: 100%;'> <img style='width: 100%; height: auto; border: 1px solid rgba(150&comma;150&comma;150&comma;0.3); border-radius: 8px;' src='https:\/\/ftp3.syscom.mx\/usuarios\/fotos\/SMP16AC0\/217846-captura_de_pantalla_2023-04-14_a_la(s)_13.34.27.png' alt=''> <\/div>\n<\/p><\/div>\n<\/p><\/div>\n","protected":false},"excerpt":{"rendered":"<p>Montaje-Sujetador Adhesivo STRONGHOLD de 4 V\u00edas de 1&#8243; x 1&#8243; x 1\/4&#8243;, Color Negro,  Nylon 6.6 Retardante de Llamas V-2, Paquete de 100pz<\/p>\n","protected":false},"featured_media":41495,"comment_status":"open","ping_status":"closed","template":"","meta":[],"product_brand":[],"product_cat":[574],"product_tag":[572,575,445],"class_list":{"0":"post-41496","1":"product","2":"type-product","3":"status-publish","4":"has-post-thumbnail","6":"product_cat-fijacion","7":"product_tag-canalizacion","8":"product_tag-fijacion","9":"product_tag-panduit","11":"first","12":"instock","13":"sale","14":"shipping-taxable","15":"purchasable","16":"product-type-simple"},"_links":{"self":[{"href":"https:\/\/soydeaqui.ddns.net\/pachuca\/index.php\/wp-json\/wp\/v2\/product\/41496","targetHints":{"allow":["GET"]}}],"collection":[{"href":"https:\/\/soydeaqui.ddns.net\/pachuca\/index.php\/wp-json\/wp\/v2\/product"}],"about":[{"href":"https:\/\/soydeaqui.ddns.net\/pachuca\/index.php\/wp-json\/wp\/v2\/types\/product"}],"replies":[{"embeddable":true,"href":"https:\/\/soydeaqui.ddns.net\/pachuca\/index.php\/wp-json\/wp\/v2\/comments?post=41496"}],"wp:featuredmedia":[{"embeddable":true,"href":"https:\/\/soydeaqui.ddns.net\/pachuca\/index.php\/wp-json\/wp\/v2\/media\/41495"}],"wp:attachment":[{"href":"https:\/\/soydeaqui.ddns.net\/pachuca\/index.php\/wp-json\/wp\/v2\/media?parent=41496"}],"wp:term":[{"taxonomy":"product_brand","embeddable":true,"href":"https:\/\/soydeaqui.ddns.net\/pachuca\/index.php\/wp-json\/wp\/v2\/product_brand?post=41496"},{"taxonomy":"product_cat","embeddable":true,"href":"https:\/\/soydeaqui.ddns.net\/pachuca\/index.php\/wp-json\/wp\/v2\/product_cat?post=41496"},{"taxonomy":"product_tag","embeddable":true,"href":"https:\/\/soydeaqui.ddns.net\/pachuca\/index.php\/wp-json\/wp\/v2\/product_tag?post=41496"}],"curies":[{"name":"wp","href":"https:\/\/api.w.org\/{rel}","templated":true}]}}