{"id":4149,"date":"2026-03-18T06:16:01","date_gmt":"2026-03-18T06:16:01","guid":{"rendered":"https:\/\/soydeaqui.ddns.net\/pachuca\/index.php\/producto\/sirena-de-alertamiento-sismico-sonido-oficial\/"},"modified":"2026-03-18T06:16:02","modified_gmt":"2026-03-18T06:16:02","slug":"sirena-de-alertamiento-sismico-sonido-oficial","status":"publish","type":"product","link":"https:\/\/soydeaqui.ddns.net\/pachuca\/index.php\/producto\/sirena-de-alertamiento-sismico-sonido-oficial\/","title":{"rendered":"Sirena de Alertamiento S\u00edsmico &#8211; Sonido Oficial"},"content":{"rendered":"<div style='width: 100%; max-width: 1200px; margin: 0 auto; font-family: sans-serif; line-height: 1.6; color: inherit; background-color: transparent;'>\n<div style='width: 100%; margin-bottom: 30px;'> <img style='width: 100%; height: auto; border: 1px solid rgba(150&comma;150&comma;150&comma;0.3); border-radius: 8px;' src='https:\/\/ftp3.syscom.mx\/usuarios\/vvega\/yonusa\/equipos\/sismico\/YASSIR_cabezera.jpg' alt=''> <\/div>\n<div style='margin-bottom: 30px; font-size: 15px;'>\n<p>El altavoz de A.S. YONUSA&comma; emite el audio oficial de alertamiento s\u00edsmico que deben de tener este tipo de sistemas ya que es el caracter\u00edstico que se tiene con el sonido&comma; y cuenta con el tiempo de emisi\u00f3n que se debe de tener por norma que es de 150 seg. por emisi\u00f3n<\/p>\n<\/p><\/div>\n<div style='display: flex; flex-wrap: wrap; gap: 30px; margin-bottom: 30px;'>\n<div style='flex: 1 1 300px; min-width: 280px;'>\n<div style='border-left: 5px solid #0091ff; border-radius: 5px; padding: 5px; box-shadow: 2px 2px 10px rgba(216&comma;216&comma;216&comma;0.4);'>\n<div style='font-size: 18px; font-weight: bold; margin-bottom: 10px; color: inherit;'>Funcionalidad<\/div>\n<ul style='padding-left: 20px; font-size: 14px; color: inherit;'>\n<li style='margin-bottom: 5px;'>El dispositivo funciona con alimentaci\u00f3n de voltaje de corriente continua de 12Vdc hasta 14Vcc.<\/li>\n<li style='margin-bottom: 5px;'>El altavoz de A.S. YONUSA puede ser cableado hasta un m\u00e1ximo de 15 mts de donde sea instalado el Adaptador de A.S<\/li>\n<li style='margin-bottom: 5px;'>Totalmente compatible con los modulos YASWIFI y YASMOD de YONUSA para alertamiento s\u00edsmico.<\/li>\n<li style='margin-bottom: 5px;'>Facil de instalar&comma; solo necesitas conectar 12 VCC al altavoz para obtener el Audio de Alerta S\u00edsmica.<\/li>\n<\/ul><\/div>\n<\/p><\/div>\n<div style='flex: 1 1 300px; min-width: 280px;'>\n<div style='border-left: 5px solid #0091ff; border-radius: 5px; padding: 5px; box-shadow: 2px 2px 10px rgba(216&comma;216&comma;216&comma;0.4);'>\n<div style='font-size: 18px; font-weight: bold; margin-bottom: 10px; color: inherit;'>Caracter\u00edsticas F\u00edsicas y El\u00e9ctricas:<\/div>\n<ul style='padding-left: 20px; font-size: 14px; color: inherit;'>\n<li style='margin-bottom: 5px;'><strong>Fuente de alimentacion:<\/strong> 12-14 VCC<\/li>\n<li style='margin-bottom: 5px;'><strong>Corriente de alimentacion:<\/strong> 1.2 Amperes<\/li>\n<li style='margin-bottom: 5px;'><strong>Consumo en Alarma:<\/strong> 3.3 Watts.<\/li>\n<li style='margin-bottom: 5px;'><strong>Soporte bater\u00eda externa 12Vcc 4 Amp\/hr:<\/strong> 3 d\u00edas<\/li>\n<li style='margin-bottom: 5px;'><strong>Alcance lineal sonoro frontal directo:<\/strong> 25 mts<\/li>\n<li style='margin-bottom: 5px;'><strong>Alcance lineal sonoro indirecto:<\/strong> 10 mts<\/li>\n<li style='margin-bottom: 5px;'><strong>Potencia de emisi\u00f3n:<\/strong> 30 Watts<\/li>\n<li style='margin-bottom: 5px;'><strong>Decibeles:<\/strong> 100-120 dB<\/li>\n<li style='margin-bottom: 5px;'><strong>Dimensiones:<\/strong> 20 x 13.5 x 23 cm<\/li>\n<li style='margin-bottom: 5px;'><strong>Peso:<\/strong> 0.5 Kgs<\/li>\n<li style='margin-bottom: 5px;'><strong>Material:<\/strong> Plastico ABS<\/li>\n<li style='margin-bottom: 5px;'><strong>Tipo:<\/strong> NEMA 2 (uso en briznas y lloviznas)<\/li>\n<\/ul><\/div>\n<\/p><\/div>\n<div style='flex: 1 1 300px; min-width: 280px;'>\n<div style='border-left: 5px solid #0091ff; border-radius: 5px; padding: 5px; box-shadow: 2px 2px 10px rgba(216&comma;216&comma;216&comma;0.4);'>\n<div style='font-size: 18px; font-weight: bold; margin-bottom: 10px; color: inherit;'>Caracter\u00edsticas Destacadas:<\/div>\n<p style='font-size: 14px; color: inherit;'>Es compatible con dispositivo MULTIPUNTO YONUSA para la activaci\u00f3n de la Sirena de Alertamiento S\u00edsmico YONUSA de forma inal\u00e1mbrica. (Consultar ficha t\u00e9cnica Multipunto).<\/p>\n<p style='font-size: 14px; color: inherit;'>La sirena de alertamiento s\u00edsmico es un dispositivo que nos proporciona el audio \u00fanico y oficial de alerta s\u00edsmica con potencia de 30W y un tono m\u00e1ximo de hasta 120 dB.<\/p>\n<\/p><\/div>\n<\/p><\/div>\n<\/p><\/div>\n<hr style='border: 0; border-top: 1px solid rgba(150&comma; 150&comma; 150&comma; 0.3); margin: 30px 0;'>\n<div style='margin-bottom: 30px;'>\n<h2 style='font-size: 20px; font-weight: bold; text-align: center; margin: 0 0 20px; color: inherit;'>Funcionamiento y equipo<\/h2>\n<p style='font-size: 15px; margin-bottom: 15px; color: inherit;'>Se utiliza un radio meteorol\u00f3gico el cual es capaz de recibir la se\u00f1al que se emite por Sistema de Alertamiento S\u00edsmico Mexicano (SASMEX)&comma; la cual es una se\u00f1al que se transmite de manera abierta&comma; siempre y cuando se tenga este radio. Esta se\u00f1al se transmite en 7 canales diferentes&comma; el cual se selecciona el canal en el radio conforme a la zona en la que se vaya instalar el equipo&comma; llevando al siguiente punto.<\/p>\n<p style='font-size: 15px; margin-bottom: 15px; color: inherit;'>La alerta s\u00edsmica \u00fanicamente se transmite en zonas altamente s\u00edsmicas del pa\u00eds como lo es: Ciudad de M\u00e9xico&comma; Puebla&comma; Acapulco&comma; Chilpancingo&comma; Morelia&comma; Oaxaca&comma; Toluca y Morelos.<\/p>\n<div style='width: 100%; margin: 30px 0;'> <img style='width: 100%; height: auto; border: 1px solid rgba(150&comma;150&comma;150&comma;0.3); border-radius: 8px;' src='https:\/\/ftp3.syscom.mx\/usuarios\/vvega\/yonusa\/equipos\/sismico\/Sismica.jpg' alt=''> <\/div>\n<\/p><\/div>\n<\/p><\/div>\n","protected":false},"excerpt":{"rendered":"<p>Sirena de Alertamiento S\u00edsmico &#8211; Sonido Oficial<\/p>\n","protected":false},"featured_media":4148,"comment_status":"open","ping_status":"closed","template":"","meta":[],"product_brand":[],"product_cat":[92],"product_tag":[93,82,84],"class_list":{"0":"post-4149","1":"product","2":"type-product","3":"status-publish","4":"has-post-thumbnail","6":"product_cat-accesorios","7":"product_tag-accesorios","8":"product_tag-cercas-electricas","9":"product_tag-yonusa","11":"first","12":"instock","13":"sale","14":"shipping-taxable","15":"purchasable","16":"product-type-simple"},"_links":{"self":[{"href":"https:\/\/soydeaqui.ddns.net\/pachuca\/index.php\/wp-json\/wp\/v2\/product\/4149","targetHints":{"allow":["GET"]}}],"collection":[{"href":"https:\/\/soydeaqui.ddns.net\/pachuca\/index.php\/wp-json\/wp\/v2\/product"}],"about":[{"href":"https:\/\/soydeaqui.ddns.net\/pachuca\/index.php\/wp-json\/wp\/v2\/types\/product"}],"replies":[{"embeddable":true,"href":"https:\/\/soydeaqui.ddns.net\/pachuca\/index.php\/wp-json\/wp\/v2\/comments?post=4149"}],"wp:featuredmedia":[{"embeddable":true,"href":"https:\/\/soydeaqui.ddns.net\/pachuca\/index.php\/wp-json\/wp\/v2\/media\/4148"}],"wp:attachment":[{"href":"https:\/\/soydeaqui.ddns.net\/pachuca\/index.php\/wp-json\/wp\/v2\/media?parent=4149"}],"wp:term":[{"taxonomy":"product_brand","embeddable":true,"href":"https:\/\/soydeaqui.ddns.net\/pachuca\/index.php\/wp-json\/wp\/v2\/product_brand?post=4149"},{"taxonomy":"product_cat","embeddable":true,"href":"https:\/\/soydeaqui.ddns.net\/pachuca\/index.php\/wp-json\/wp\/v2\/product_cat?post=4149"},{"taxonomy":"product_tag","embeddable":true,"href":"https:\/\/soydeaqui.ddns.net\/pachuca\/index.php\/wp-json\/wp\/v2\/product_tag?post=4149"}],"curies":[{"name":"wp","href":"https:\/\/api.w.org\/{rel}","templated":true}]}}