{"id":41476,"date":"2026-03-18T18:16:04","date_gmt":"2026-03-18T18:16:04","guid":{"rendered":"https:\/\/soydeaqui.ddns.net\/pachuca\/index.php\/producto\/curso-bascio-de-tuberia-conduit\/"},"modified":"2026-03-18T18:16:05","modified_gmt":"2026-03-18T18:16:05","slug":"curso-bascio-de-tuberia-conduit","status":"publish","type":"product","link":"https:\/\/soydeaqui.ddns.net\/pachuca\/index.php\/producto\/curso-bascio-de-tuberia-conduit\/","title":{"rendered":"Curso B\u00e1scio de Tuber\u00eda Conduit."},"content":{"rendered":"<div style='width: 100%; max-width: 1200px; margin: 0 auto; font-family: sans-serif; line-height: 1.6; color: inherit; background-color: transparent;'>\n<div style='display: flex; flex-wrap: wrap; gap: 30px; margin-bottom: 30px;'>\n<div style='flex: 1 1 300px; min-width: 280px;'>\n<h3 style='font-size: 22px; border-bottom: 2px solid currentColor; padding-bottom: 5px; margin-top: 0; color: inherit; opacity: 0.8;'>Informaci\u00f3n General<\/h3>\n<ul style='padding-left: 20px; font-size: 15px; color: inherit;'>\n<li style='margin-bottom: 5px;'><strong>Calendarizaci\u00f3n:<\/strong> <a href='https:\/\/www.syscom.mx\/calendario\/' style='color: inherit; text-decoration: underline;'>Ver calendarizaci\u00f3n<\/a><\/li>\n<li style='margin-bottom: 5px;'><strong>Requisitos:<\/strong> Ser Cliente\/Distribuidor Syscom<\/li>\n<li style='margin-bottom: 5px;'><strong>Duraci\u00f3n:<\/strong> 6 horas<\/li>\n<li style='margin-bottom: 5px;'><strong>Horario:<\/strong> de 9:00 a 1:00 &#8211; 14:00 a 17:00 (Hora del centro)<\/li>\n<\/ul><\/div>\n<\/p><\/div>\n<div style='display: flex; flex-wrap: wrap; gap: 30px; margin-bottom: 30px;'>\n<div style='flex: 1 1 300px; min-width: 280px;'>\n<h3 style='font-size: 22px; border-bottom: 2px solid currentColor; padding-bottom: 5px; margin-top: 0; color: inherit; opacity: 0.8;'>Dirigido a<\/h3>\n<p style='font-size: 15px; color: inherit; line-height: 1.6; margin-top: 0;'>Distribuidores interesados en conocer las soluciones de tuber\u00eda que manejamos y el uso adecuado de herramientas para su correcta instalaci\u00f3n.<\/p>\n<\/p><\/div>\n<\/p><\/div>\n<div style='display: flex; flex-wrap: wrap; gap: 30px; margin-bottom: 30px;'>\n<div style='flex: 1 1 300px; min-width: 280px;'>\n<h3 style='font-size: 22px; border-bottom: 2px solid currentColor; padding-bottom: 5px; margin-top: 0; color: inherit; opacity: 0.8;'>Objetivo<\/h3>\n<p style='font-size: 15px; color: inherit; line-height: 1.6; margin-top: 0;'>El asistente conocer\u00e1 la tuber\u00eda&comma; accesorios y de manera pr\u00e1ctica el uso de algunas herramientas.<\/p>\n<\/p><\/div>\n<\/p><\/div>\n<div style='display: flex; flex-wrap: wrap; gap: 20px; margin-bottom: 30px;'>\n<div style='flex: 1 1 250px; border: 1px solid rgba(150&comma; 150&comma; 150&comma; 0.4); border-radius: 8px; overflow: hidden; display: flex; flex-direction: column;'>\n<div style='padding: 15px; border-bottom: 1px solid rgba(150&comma; 150&comma; 150&comma; 0.2); font-weight: bold; font-size: 18px; color: inherit;'>Temario<\/div>\n<div style='padding: 15px; color: inherit;'>\n<ol style='padding-left: 20px; margin: 0; font-size: 14px; list-style-type: decimal;'>\n<li style='margin-bottom: 10px;'><strong>Usos de Tuber\u00eda Conduit de acuerdo a NOM<\/strong>\n<ul style='margin: 5px 0 0 20px; padding: 0; list-style-type: disc;'>\n<li>PVC Pesado<\/li>\n<li>Tuber\u00eda Conduit Flexible<\/li>\n<li>Tuber\u00eda Conduit Flexible Recubierta (Licuatite)<\/li>\n<li>Tuber\u00eda Conduit Pared Delgada<\/li>\n<li>Tuber\u00eda Conduit Pared Gruesa<\/li>\n<li>Tuber\u00eda Conduit R\u00edgido de Aluminio<\/li>\n<li>Tuber\u00eda Conduit R\u00edgido de Aluminio + PVC (L\u00ednea P\u00farpura)<\/li>\n<\/ul>\n<\/li>\n<li style='margin-bottom: 10px;'><strong>Accesorios complementarios<\/strong>\n<ul style='margin: 5px 0 0 20px; padding: 0; list-style-type: disc;'>\n<li>Coples<\/li>\n<li>Conectores<\/li>\n<li>Sellos<\/li>\n<li>Tuercas Uni\u00f3n<\/li>\n<li>Cajas redondas<\/li>\n<li>Cajas ovaladas<\/li>\n<li>Cajas Fs<\/li>\n<\/ul>\n<\/li>\n<li style='margin-bottom: 10px;'><strong>\u00c1reas Clasificadas<\/strong>\n<ul style='margin: 5px 0 0 20px; padding: 0; list-style-type: disc;'>\n<li>Clasificaci\u00f3n<\/li>\n<li>Divisi\u00f3n<\/li>\n<li>Grupo<\/li>\n<\/ul>\n<\/li>\n<li style='margin-bottom: 10px;'><strong>Herramientas<\/strong>\n<ul style='margin: 5px 0 0 20px; padding: 0; list-style-type: disc;'>\n<li>Doblatubos<\/li>\n<\/ul>\n<\/li>\n<\/ol><\/div>\n<\/p><\/div>\n<\/p><\/div>\n<hr style='border: 0; border-top: 1px solid rgba(150&comma; 150&comma; 150&comma; 0.3); margin: 30px 0;'> <\/div>\n","protected":false},"excerpt":{"rendered":"<p>Curso B\u00e1scio de Tuber\u00eda Conduit.<\/p>\n","protected":false},"featured_media":32,"comment_status":"open","ping_status":"closed","template":"","meta":[],"product_brand":[],"product_cat":[648],"product_tag":[572,63,649],"class_list":{"0":"post-41476","1":"product","2":"type-product","3":"status-publish","4":"has-post-thumbnail","6":"product_cat-tuberia-pvc-registros-pvc","7":"product_tag-canalizacion","8":"product_tag-syscom","9":"product_tag-tuberia-pvc-registros-pvc","11":"first","12":"outofstock","13":"sale","14":"shipping-taxable","15":"purchasable","16":"product-type-simple"},"_links":{"self":[{"href":"https:\/\/soydeaqui.ddns.net\/pachuca\/index.php\/wp-json\/wp\/v2\/product\/41476","targetHints":{"allow":["GET"]}}],"collection":[{"href":"https:\/\/soydeaqui.ddns.net\/pachuca\/index.php\/wp-json\/wp\/v2\/product"}],"about":[{"href":"https:\/\/soydeaqui.ddns.net\/pachuca\/index.php\/wp-json\/wp\/v2\/types\/product"}],"replies":[{"embeddable":true,"href":"https:\/\/soydeaqui.ddns.net\/pachuca\/index.php\/wp-json\/wp\/v2\/comments?post=41476"}],"wp:featuredmedia":[{"embeddable":true,"href":"https:\/\/soydeaqui.ddns.net\/pachuca\/index.php\/wp-json\/wp\/v2\/media\/32"}],"wp:attachment":[{"href":"https:\/\/soydeaqui.ddns.net\/pachuca\/index.php\/wp-json\/wp\/v2\/media?parent=41476"}],"wp:term":[{"taxonomy":"product_brand","embeddable":true,"href":"https:\/\/soydeaqui.ddns.net\/pachuca\/index.php\/wp-json\/wp\/v2\/product_brand?post=41476"},{"taxonomy":"product_cat","embeddable":true,"href":"https:\/\/soydeaqui.ddns.net\/pachuca\/index.php\/wp-json\/wp\/v2\/product_cat?post=41476"},{"taxonomy":"product_tag","embeddable":true,"href":"https:\/\/soydeaqui.ddns.net\/pachuca\/index.php\/wp-json\/wp\/v2\/product_tag?post=41476"}],"curies":[{"name":"wp","href":"https:\/\/api.w.org\/{rel}","templated":true}]}}