{"id":41441,"date":"2026-03-18T18:15:06","date_gmt":"2026-03-18T18:15:06","guid":{"rendered":"https:\/\/soydeaqui.ddns.net\/pachuca\/index.php\/producto\/montaje-para-modulos-solares-en-muro-con-espesor-de-30-35-mm-riel-1300mm\/"},"modified":"2026-03-18T18:15:11","modified_gmt":"2026-03-18T18:15:11","slug":"montaje-para-modulos-solares-en-muro-con-espesor-de-30-35-mm-riel-1300mm","status":"publish","type":"product","link":"https:\/\/soydeaqui.ddns.net\/pachuca\/index.php\/producto\/montaje-para-modulos-solares-en-muro-con-espesor-de-30-35-mm-riel-1300mm\/","title":{"rendered":"Montaje Para M\u00f3dulos Solares En Muro Con Espesor De 30-35 mm, Riel 1300mm"},"content":{"rendered":"<div style='width: 100%; max-width: 1200px; margin: 0 auto; font-family: sans-serif; line-height: 1.6; color: inherit; background-color: transparent;'> <!-- Imagen garant\u00eda --> <\/p>\n<div style='width: 100%; margin-bottom: 30px;'> <img style='width: 100%; height: auto; border: 1px solid rgba(150&comma;150&comma;150&comma;0.3); border-radius: 8px;' src='https:\/\/ftp3.syscom.mx\/usuarios\/anavarro\/SUNFORSON\/garantia25.png' alt=''> <\/div>\n<p> <!-- Informaci\u00f3n principal --> <\/p>\n<div style='width: 100%; margin-bottom: 30px;'>\n<h1 style='font-size: 28px; text-align: center; color: inherit; margin: 0 0 20px;'>Montaje para m\u00f3dulos solares sobre muro<\/h1>\n<\/p><\/div>\n<p> <!-- Beneficios --> <\/p>\n<div style='width: 100%; margin-bottom: 30px;'>\n<h2 style='font-size: 18px; color: inherit; margin: 0 0 15px;'>Beneficios de utilizar montajes de Aluminio Anodizado PS-WM1300 de Epcom Powerline:<\/h2>\n<ul style='padding-left: 20px; font-size: 15px; color: inherit; list-style-type: circle;'>\n<li style='margin-bottom: 10px;'>Mitigue la corrosi\u00f3n por efecto del &#8216;Par Galv\u00e1nico&#8217;&comma; garantice sus instalaciones contra la corrosi\u00f3n prematura.<\/li>\n<li style='margin-bottom: 10px;'>F\u00e1cil instalaci\u00f3n y adaptabilidad a sus necesidades debido a la gran variedad de accesorios disponibles.<\/li>\n<li style='margin-bottom: 10px;'>\u00a12 a\u00f1os de garant\u00eda contra defectos de fabricaci\u00f3n!<\/li>\n<\/ul><\/div>\n<p> <!-- Caracter\u00edsticas --> <\/p>\n<div style='width: 100%; margin-bottom: 30px;'>\n<h3 style='font-size: 20px; color: inherit; margin: 0 0 15px;'>Caracter\u00edsticas Principales:<\/h3>\n<ul style='padding-left: 20px; font-size: 15px; color: inherit;'>\n<li style='margin-bottom: 10px;'>Para diversos arreglos de m\u00f3dulos fotovoltaicos de 30-35 mm de espesor<\/li>\n<\/ul>\n<p style='margin: 20px 0; font-size: 14px; color: inherit; opacity: 0.8;'>*Se sugiere revisar compatibilidad con el departamento de ingenier\u00eda.<\/p>\n<\/p><\/div>\n<p> <!-- M\u00f3dulos compatibles --> <\/p>\n<div style='width: 100%; margin-bottom: 30px;'>\n<h3 style='font-size: 18px; color: inherit; margin: 0 0 15px;'>M\u00f3dulos compatibles:<\/h3>\n<ul style='padding-left: 20px; font-size: 14px; color: inherit; list-style-type: disc;'>\n<li style='margin-bottom: 8px;'> <a style='color: inherit; text-decoration: none; font-weight: 600;' href='https:\/\/www.syscom.mx\/principal\/searchcont?route=PRO-150-12-EPCOM-POWERLINE-167894&#038;autodetect=POR15012'>PRO-150-12<\/a> <\/li>\n<li style='margin-bottom: 8px;'> <a style='color: inherit; text-decoration: none; font-weight: 600;' href='https:\/\/www.syscom.mx\/principal\/searchcont?route=PRO12512-EPCOM-POWERLINE-170112&#038;autodetect=PRO12512'>PRO12512<\/a> <\/li>\n<li style='margin-bottom: 8px;'> <a style='color: inherit; text-decoration: none; font-weight: 600;' href='https:\/\/www.syscom.mx\/principal\/searchcont?route=PRO10012-EPCOM-POWERLINE-194937&#038;autodetect=PRO10012'>PRO10012<\/a> <\/li>\n<li style='margin-bottom: 8px;'> <a style='color: inherit; text-decoration: none; font-weight: 600;' href='https:\/\/www.syscom.mx\/principal\/searchcont?route=PRO8512-EPCOM-POWERLINE-166480&#038;autodetect=PRO8512'>PRO8512<\/a> <\/li>\n<\/ul>\n<p style='margin: 20px 0 0; font-size: 14px; color: inherit; opacity: 0.8;'>*El modelo incluye sus 4 tornillos autoperforantes para su r\u00e1pida instalaci\u00f3n<\/p>\n<\/p><\/div>\n<p> <!-- Ventajas --> <\/p>\n<div style='width: 100%; margin-bottom: 30px;'>\n<h2 style='font-size: 20px; color: inherit; text-align: center; margin: 0 0 20px;'>Ventajas de los sistemas de montaje de Epcom Power Line<\/h2>\n<ul style='padding-left: 20px; font-size: 15px; color: inherit; list-style-type: disc;'>\n<li style='margin-bottom: 10px;'>Materiales de la m\u00e1s alta calidad.<\/li>\n<li style='margin-bottom: 10px;'>Instalaci\u00f3n r\u00e1pida y sencilla.<\/li>\n<li style='margin-bottom: 10px;'>Piezas m\u00e1s robustas resistentes en climas extremos.<\/li>\n<li style='margin-bottom: 10px;'>Soporte t\u00e9cnico 365 d\u00edas del a\u00f1o.<\/li>\n<li style='margin-bottom: 10px;'>2 a\u00f1os de garant\u00eda.<\/li>\n<\/ul><\/div>\n<p> <!-- Separador final --> <\/p>\n<hr style='border: 0; border-top: 1px solid rgba(150&comma;150&comma;150&comma;0.3); margin: 30px 0;'> <\/div>\n","protected":false},"excerpt":{"rendered":"<p>Montaje Para M\u00f3dulos Solares En Muro Con Espesor De 30-35 mm, Riel 1300mm<\/p>\n","protected":false},"featured_media":41440,"comment_status":"open","ping_status":"closed","template":"","meta":[],"product_brand":[],"product_cat":[963],"product_tag":[964,965,248],"class_list":{"0":"post-41441","1":"product","2":"type-product","3":"status-publish","4":"has-post-thumbnail","6":"product_cat-montajes-completos-para-modulos","7":"product_tag-energia-solar","8":"product_tag-montajes-completos-para-modulos","9":"product_tag-precision","11":"first","12":"instock","13":"sale","14":"shipping-taxable","15":"purchasable","16":"product-type-simple"},"_links":{"self":[{"href":"https:\/\/soydeaqui.ddns.net\/pachuca\/index.php\/wp-json\/wp\/v2\/product\/41441","targetHints":{"allow":["GET"]}}],"collection":[{"href":"https:\/\/soydeaqui.ddns.net\/pachuca\/index.php\/wp-json\/wp\/v2\/product"}],"about":[{"href":"https:\/\/soydeaqui.ddns.net\/pachuca\/index.php\/wp-json\/wp\/v2\/types\/product"}],"replies":[{"embeddable":true,"href":"https:\/\/soydeaqui.ddns.net\/pachuca\/index.php\/wp-json\/wp\/v2\/comments?post=41441"}],"wp:featuredmedia":[{"embeddable":true,"href":"https:\/\/soydeaqui.ddns.net\/pachuca\/index.php\/wp-json\/wp\/v2\/media\/41440"}],"wp:attachment":[{"href":"https:\/\/soydeaqui.ddns.net\/pachuca\/index.php\/wp-json\/wp\/v2\/media?parent=41441"}],"wp:term":[{"taxonomy":"product_brand","embeddable":true,"href":"https:\/\/soydeaqui.ddns.net\/pachuca\/index.php\/wp-json\/wp\/v2\/product_brand?post=41441"},{"taxonomy":"product_cat","embeddable":true,"href":"https:\/\/soydeaqui.ddns.net\/pachuca\/index.php\/wp-json\/wp\/v2\/product_cat?post=41441"},{"taxonomy":"product_tag","embeddable":true,"href":"https:\/\/soydeaqui.ddns.net\/pachuca\/index.php\/wp-json\/wp\/v2\/product_tag?post=41441"}],"curies":[{"name":"wp","href":"https:\/\/api.w.org\/{rel}","templated":true}]}}