{"id":41416,"date":"2026-03-18T18:14:27","date_gmt":"2026-03-18T18:14:27","guid":{"rendered":"https:\/\/soydeaqui.ddns.net\/pachuca\/index.php\/producto\/pinza-para-ponchar-o-crimpar-terminales-para-cables-de-calibres-8-awg-a-4-0-awg\/"},"modified":"2026-03-18T18:14:34","modified_gmt":"2026-03-18T18:14:34","slug":"pinza-para-ponchar-o-crimpar-terminales-para-cables-de-calibres-8-awg-a-4-0-awg","status":"publish","type":"product","link":"https:\/\/soydeaqui.ddns.net\/pachuca\/index.php\/producto\/pinza-para-ponchar-o-crimpar-terminales-para-cables-de-calibres-8-awg-a-4-0-awg\/","title":{"rendered":"Pinza para Ponchar o Crimpar Terminales Para Cables de Calibres 8 AWG a 4\/0 AWG"},"content":{"rendered":"<div style='width: 100%; max-width: 1200px; margin: 0 auto; font-family: sans-serif; line-height: 1.6; color: inherit; background-color: transparent;'> <!-- Imagen principal --> <\/p>\n<div style='margin: 20px 0;'> <img style='width: 100%; height: auto; border: 1px solid rgba(150&comma;150&comma;150&comma;0.3); border-radius: 8px; display: block; margin: 0 auto;' src='data:image\/png;base64&comma;iVBORw0KGgoAAAANSUhEUgAAAUMAAABVCAIAAABcqRFiAAAYcklEQVR4Ae2diVcUV77H5x\/RiGI0eyaZN3mZl3fmvJks894siXR1V3fTzb6DijvROCqgEnfjvkQFXCI0OwJuCRpxA2RHQHYDzY4g0Fvde5+3blM0vRQ2cmjAW+ceKKru+q3f5+5V\/A7RgypAFZj9CvzuehSgCswFBShJc+FJ0jJQBSjJ1AaoAnNBAUryXHiKtAxUgb+\/\/D8A0YFz45DZ3gAAAABJRU5ErkJggg==' alt=''> <\/div>\n<p> <!-- Descripci\u00f3n general --> <\/p>\n<div style='margin-bottom: 30px;'>\n<p style='font-size: 15px; color: inherit; margin: 0 0 15px 0; text-align: justify;'> Pinza para Ponchar o Crimpar Terminales Dise\u00f1ada espec\u00edficamente para cables de calibres 8 AWG a 4\/0 AWG&comma; esta herramienta est\u00e1 equipada con 2 troqueles giratorios de 8 posiciones que se bloquean en su lugar&comma; brindando la m\u00e1xima precisi\u00f3n y seguridad al crimpado de terminales. <\/p>\n<\/p><\/div>\n<p> <!-- Secci\u00f3n de caracter\u00edsticas y especificaciones --> <\/p>\n<div style='display: flex; flex-wrap: wrap; gap: 20px; margin-bottom: 30px;'> <!-- Caracter\u00edsticas --> <\/p>\n<div style='flex: 1 1 300px; min-width: 280px;'>\n<div style='border: 1px solid rgba(150&comma; 150&comma; 150&comma; 0.4); border-radius: 8px; overflow: hidden;'>\n<div style='padding: 15px; border-bottom: 1px solid rgba(150&comma; 150&comma; 150&comma; 0.2); font-weight: bold; font-size: 18px; color: inherit; background: rgba(53&comma; 152&comma; 219&comma; 0.1);'>Caracter\u00edsticas<\/div>\n<div style='padding: 15px; color: inherit;'>\n<ul style='padding-left: 20px; margin: 0; font-size: 14px; list-style-type: disc;'>\n<li style='margin-bottom: 10px;'><strong>Troqueles giratorios de 8 posiciones:<\/strong> Ajusta con precisi\u00f3n la posici\u00f3n para crimpar terminales (leng\u00fcetas) de cobre o aluminio desforradas&comma; asegurando un ajuste perfecto y duradero.<\/li>\n<li style='margin-bottom: 10px;'><strong>Bloqueo seguro:<\/strong> Los troqueles se bloquean en su lugar&comma; garantizando que las terminales se mantengan estables durante el proceso de crimpado.<\/li>\n<li style='margin-bottom: 10px;'><strong>Versatilidad:<\/strong> Compatible con cables de calibres 8 AWG (10 mm) a 4\/0 AWG (120 mm)&comma; cubriendo un amplio rango de aplicaciones el\u00e9ctricas.<\/li>\n<li style='margin-bottom: 10px;'><strong>Durabilidad y resistencia:<\/strong> Fabricada con materiales de alta calidad&comma; esta pinza est\u00e1 dise\u00f1ada para soportar el uso intensivo en entornos profesionales.<\/li>\n<li style='margin-bottom: 10px;'><strong>Facilidad de uso:<\/strong> El dise\u00f1o ergon\u00f3mico y el mecanismo de palanca permiten aplicar la fuerza necesaria con menor esfuerzo&comma; haciendo que el crimpado sea r\u00e1pido y sencillo.<\/li>\n<\/ul><\/div>\n<\/p><\/div>\n<\/p><\/div>\n<p> <!-- Aplicaciones --> <\/p>\n<div style='flex: 1 1 300px; min-width: 280px;'>\n<div style='border: 1px solid rgba(150&comma; 150&comma; 150&comma; 0.4); border-radius: 8px; overflow: hidden;'>\n<div style='padding: 15px; border-bottom: 1px solid rgba(150&comma; 150&comma; 150&comma; 0.2); font-weight: bold; font-size: 18px; color: inherit; background: rgba(53&comma; 152&comma; 219&comma; 0.1);'>Aplicaciones<\/div>\n<div style='padding: 15px; color: inherit;'>\n<ul style='padding-left: 20px; margin: 0; font-size: 14px; list-style-type: disc;'>\n<li style='margin-bottom: 10px;'>Crimpado de terminales en tableros el\u00e9ctricos&comma; interruptores y cajas de conexi\u00f3n<\/li>\n<li style='margin-bottom: 10px;'>Conexi\u00f3n de cables y terminales en paneles solares y controladores de carga.<\/li>\n<li style='margin-bottom: 10px;'>Crimpado de terminales en equipos de alta capacidad&comma; transformadores y motores.<\/li>\n<li style='margin-bottom: 10px;'>Reemplazo o ajuste de terminales en sistemas el\u00e9ctricos existentes.<\/li>\n<\/ul><\/div>\n<\/p><\/div>\n<\/p><\/div>\n<p> <!-- Tabla de medidas --> <\/p>\n<div style='flex: 1 1 250px; min-width: 220px;'>\n<div style='border: 1px solid rgba(150&comma; 150&comma; 150&comma; 0.4); border-radius: 8px; overflow: hidden;'>\n<div style='padding: 15px; border-bottom: 1px solid rgba(150&comma; 150&comma; 150&comma; 0.2); font-weight: bold; font-size: 18px; color: inherit; background: rgba(53&comma; 152&comma; 219&comma; 0.1);'>Util para las siguientes medidas de terminales:<\/div>\n<div style='padding: 15px; color: inherit;'>\n<table style='width: 100%; border-collapse: collapse;'>\n<thead>\n<tr style='background-color: #3598db; color: white;'>\n<th style='padding: 8px; border: 1px solid rgba(150&comma;150&comma;150&comma;0.3);'>mm<\/th>\n<th style='padding: 8px; border: 1px solid rgba(150&comma;150&comma;150&comma;0.3);'>AWG<\/th>\n<\/tr>\n<\/thead>\n<tbody>\n<tr>\n<td style='padding: 8px; border: 1px solid rgba(150&comma;150&comma;150&comma;0.3); text-align: center;'>10<\/td>\n<td style='padding: 8px; border: 1px solid rgba(150&comma;150&comma;150&comma;0.3); text-align: center;'>8<\/td>\n<\/tr>\n<tr>\n<td style='padding: 8px; border: 1px solid rgba(150&comma;150&comma;150&comma;0.3); text-align: center;'>16<\/td>\n<td style='padding: 8px; border: 1px solid rgba(150&comma;150&comma;150&comma;0.3); text-align: center;'>6<\/td>\n<\/tr>\n<tr>\n<td style='padding: 8px; border: 1px solid rgba(150&comma;150&comma;150&comma;0.3); text-align: center;'>25<\/td>\n<td style='padding: 8px; border: 1px solid rgba(150&comma;150&comma;150&comma;0.3); text-align: center;'>4<\/td>\n<\/tr>\n<tr>\n<td style='padding: 8px; border: 1px solid rgba(150&comma;150&comma;150&comma;0.3); text-align: center;'>35<\/td>\n<td style='padding: 8px; border: 1px solid rgba(150&comma;150&comma;150&comma;0.3); text-align: center;'>2<\/td>\n<\/tr>\n<tr>\n<td style='padding: 8px; border: 1px solid rgba(150&comma;150&comma;150&comma;0.3); text-align: center;'>50<\/td>\n<td style='padding: 8px; border: 1px solid rgba(150&comma;150&comma;150&comma;0.3); text-align: center;'>1\/0<\/td>\n<\/tr>\n<tr>\n<td style='padding: 8px; border: 1px solid rgba(150&comma;150&comma;150&comma;0.3); text-align: center;'>70<\/td>\n<td style='padding: 8px; border: 1px solid rgba(150&comma;150&comma;150&comma;0.3); text-align: center;'>2\/0<\/td>\n<\/tr>\n<tr>\n<td style='padding: 8px; border: 1px solid rgba(150&comma;150&comma;150&comma;0.3); text-align: center;'>95<\/td>\n<td style='padding: 8px; border: 1px solid rgba(150&comma;150&comma;150&comma;0.3); text-align: center;'>3\/0<\/td>\n<\/tr>\n<tr>\n<td style='padding: 8px; border: 1px solid rgba(150&comma;150&comma;150&comma;0.3); text-align: center;'>120<\/td>\n<td style='padding: 8px; border: 1px solid rgba(150&comma;150&comma;150&comma;0.3); text-align: center;'>4\/0<\/td>\n<\/tr>\n<\/tbody>\n<\/table><\/div>\n<\/p><\/div>\n<\/p><\/div>\n<\/p><\/div>\n<p> <!-- Separador --> <\/p>\n<hr style='border: 0; border-top: 1px solid rgba(150&comma; 150&comma; 150&comma; 0.3); margin: 30px 0;'> <\/div>\n","protected":false},"excerpt":{"rendered":"<p>Pinza para Ponchar o Crimpar Terminales Para Cables de Calibres 8 AWG a 4\/0 AWG<\/p>\n","protected":false},"featured_media":41415,"comment_status":"open","ping_status":"closed","template":"","meta":[],"product_brand":[],"product_cat":[1138],"product_tag":[1058,1139,248],"class_list":{"0":"post-41416","1":"product","2":"type-product","3":"status-publish","4":"has-post-thumbnail","6":"product_cat-herramientas-mecanicas","7":"product_tag-ferreteria","8":"product_tag-herramientas-mecanicas","9":"product_tag-precision","11":"first","12":"instock","13":"sale","14":"shipping-taxable","15":"purchasable","16":"product-type-simple"},"_links":{"self":[{"href":"https:\/\/soydeaqui.ddns.net\/pachuca\/index.php\/wp-json\/wp\/v2\/product\/41416","targetHints":{"allow":["GET"]}}],"collection":[{"href":"https:\/\/soydeaqui.ddns.net\/pachuca\/index.php\/wp-json\/wp\/v2\/product"}],"about":[{"href":"https:\/\/soydeaqui.ddns.net\/pachuca\/index.php\/wp-json\/wp\/v2\/types\/product"}],"replies":[{"embeddable":true,"href":"https:\/\/soydeaqui.ddns.net\/pachuca\/index.php\/wp-json\/wp\/v2\/comments?post=41416"}],"wp:featuredmedia":[{"embeddable":true,"href":"https:\/\/soydeaqui.ddns.net\/pachuca\/index.php\/wp-json\/wp\/v2\/media\/41415"}],"wp:attachment":[{"href":"https:\/\/soydeaqui.ddns.net\/pachuca\/index.php\/wp-json\/wp\/v2\/media?parent=41416"}],"wp:term":[{"taxonomy":"product_brand","embeddable":true,"href":"https:\/\/soydeaqui.ddns.net\/pachuca\/index.php\/wp-json\/wp\/v2\/product_brand?post=41416"},{"taxonomy":"product_cat","embeddable":true,"href":"https:\/\/soydeaqui.ddns.net\/pachuca\/index.php\/wp-json\/wp\/v2\/product_cat?post=41416"},{"taxonomy":"product_tag","embeddable":true,"href":"https:\/\/soydeaqui.ddns.net\/pachuca\/index.php\/wp-json\/wp\/v2\/product_tag?post=41416"}],"curies":[{"name":"wp","href":"https:\/\/api.w.org\/{rel}","templated":true}]}}