{"id":41280,"date":"2026-03-18T18:10:53","date_gmt":"2026-03-18T18:10:53","guid":{"rendered":"https:\/\/soydeaqui.ddns.net\/pachuca\/index.php\/producto\/calculador-de-capacidad-de-enfriamiento-btu-aufit\/"},"modified":"2026-03-18T18:10:53","modified_gmt":"2026-03-18T18:10:53","slug":"calculador-de-capacidad-de-enfriamiento-btu-aufit","status":"publish","type":"product","link":"https:\/\/soydeaqui.ddns.net\/pachuca\/index.php\/producto\/calculador-de-capacidad-de-enfriamiento-btu-aufit\/","title":{"rendered":"Calculador de capacidad de enfriamiento BTU Aufit"},"content":{"rendered":"<div style='width: 100%; max-width: 1200px; margin: 0 auto; font-family: sans-serif; line-height: 1.6; color: inherit; background-color: transparent;'>\n<h2 style='font-size: 28px; border-bottom: 2px solid currentColor; padding-bottom: 10px; margin-top: 0; color: #f96302;'><span style='color: #2880b9;'>CALCULADORES DE CAPACIDAD DE ENFRIAMIENTO BTU AUFIT<\/span><\/h2>\n<div style='display: flex; flex-wrap: wrap; gap: 30px; margin-top: 20px;'>\n<div style='flex: 1 1 300px; min-width: 280px;'>\n<div style='border: 1px solid rgba(150&comma; 150&comma; 150&comma; 0.4); border-radius: 8px; padding: 15px;'> <a href='https:\/\/play.google.com\/store\/apps\/details?id=arcondicionado.fiorini.com.arcondicionado&#038;hl=es_419&#038;gl=US' target='_blank' rel='noopener'> <img style='width: 130px; height: auto; border: 1px solid rgba(150&comma;150&comma;150&comma;0.3); border-radius: 18px; box-shadow: 3px 4px 4px rgba(173&comma;173&comma;173&comma;0.3);' src='https:\/\/ftp3.syscom.mx\/usuarios\/ftp\/single_page\/syscom_mx\/btuicon2.jpg' alt='Icono Android'> <\/a> <\/p>\n<h3 style='font-size: 20px; margin-top: 15px; margin-bottom: 10px;'>Aire Acondicionado &#8211; Calculado<\/h3>\n<p style='font-size: 15px;'>Disponible en <a href='https:\/\/play.google.com\/store\/apps\/details?id=arcondicionado.fiorini.com.arcondicionado&#038;hl=es_419&#038;gl=US' target='_blank' rel='noopener' style='color: inherit; text-decoration: underline;'><strong>Google Play<\/strong><\/a> para <strong>Android<\/strong><\/p>\n<p style='font-size: 15px;'>Calcule la capacidad m\u00ednima requerida para comprar un aire acondicionado. Informe los datos del entorno donde desea instalar el aire acondicionado y obtenga el valor m\u00ednimo de la capacidad en BTU.<\/p>\n<\/p><\/div>\n<\/p><\/div>\n<div style='flex: 1 1 300px; min-width: 280px;'>\n<div style='border: 1px solid rgba(150&comma; 150&comma; 150&comma; 0.4); border-radius: 8px; padding: 15px;'> <a href='https:\/\/apps.apple.com\/mx\/app\/btu-calculadora-aire-acondicionado\/id870084189' target='_blank' rel='noopener'> <img style='width: 130px; height: auto; border: 1px solid rgba(150&comma;150&comma;150&comma;0.3); border-radius: 18px; box-shadow: 3px 4px 4px rgba(173&comma;173&comma;173&comma;0.3);' src='https:\/\/ftp3.syscom.mx\/usuarios\/ftp\/single_page\/syscom_mx\/btuicon1.jpg' alt='Icono iOS'> <\/a> <\/p>\n<h3 style='font-size: 20px; margin-top: 15px; margin-bottom: 10px;'>BTU Calculadora &#8211; Aire Acondicionado<\/h3>\n<p style='font-size: 15px;'>Disponible en <a href='https:\/\/apps.apple.com\/mx\/app\/btu-calculadora-aire-acondicionado\/id870084189' style='color: inherit; text-decoration: underline;' target='_blank' rel='noopener'><strong>App Store<\/strong><\/a> para <strong>iOS<\/strong><\/p>\n<p style='font-size: 15px;'>Una calculadora de BTU para ayudarle a comprar el aire acondicionado correcto.<\/p>\n<\/p><\/div>\n<\/p><\/div>\n<\/p><\/div>\n<hr style='border: 0; border-top: 1px solid rgba(150&comma; 150&comma; 150&comma; 0.3); margin: 30px 0;'>\n<h2 style='font-size: 28px; border-bottom: 2px solid currentColor; padding-bottom: 10px; margin-top: 0; color: #f96302;'> <span style='color: #2880b9;'>CU\u00c1L ES EL MINISPLIT ADECUADO SEG\u00daN SU REGI\u00d3N<\/span> <\/h2>\n<p style='font-size: 15px; margin-top: 20px;'>El confort es el elemento principal que debe existir en todo hogar. Siempre se debe tener en cuenta que este espacio debe ser un lugar agradable para vivir&comma; pues es el lugar donde descansamos y convivimos con la familia.<\/p>\n<p style='font-size: 15px;'>Es por eso que la elecci\u00f3n de un sistema de aire acondicionado deber\u00e1 ser cuidadosa y calculada para su zona de utilizaci\u00f3n. Para esto debemos tomar en cuenta lo siguiente:<\/p>\n<div style='display: grid; grid-template-columns: 1fr; gap: 20px; margin-top: 20px;'>\n<div style='border: 1px solid rgba(150&comma; 150&comma; 150&comma; 0.4); border-radius: 8px; padding: 15px;'>\n<h3 style='font-size: 18px; margin-top: 0;'><strong>1. Mida la habitaci\u00f3n<\/strong><\/h3>\n<p style='font-size: 15px;'>Antes que nada&comma; debemos calcular cu\u00e1ntos metros cuadrados tiene el espacio en donde se instalar\u00e1 el equipo. Simplemente mide el largo y el ancho del lugar en metros y multiplique estas medidas entre s\u00ed.<\/p>\n<\/p><\/div>\n<div style='border: 1px solid rgba(150&comma; 150&comma; 150&comma; 0.4); border-radius: 8px; padding: 15px;'>\n<h3 style='font-size: 18px; margin-top: 0;'><strong>2. Calcule<\/strong><\/h3>\n<p style='font-size: 15px;'>Despu\u00e9s de saber las medidas de la habitaci\u00f3n&comma; es importante que identifique la capacidad ideal para su equipo con base en la siguiente tabla segmentada por zonas:<\/p>\n<div style='margin: 20px 0;'> <img style='width: 100%; height: auto; border: 1px solid rgba(150&comma;150&comma;150&comma;0.3); border-radius: 8px;' src='https:\/\/ftp3.syscom.mx\/usuarios\/ftp\/single_page\/syscom_mx\/mapazonasminisplit.jpg' alt='Mapa de zonas minisplit'> <\/div>\n<div style='margin: 20px 0;'> <img style='width: 100%; height: auto; border: 1px solid rgba(150&comma;150&comma;150&comma;0.3); border-radius: 8px;' src='https:\/\/ftp3.syscom.mx\/usuarios\/ftp\/single_page\/syscom_mx\/tabla_mapa.jpg' alt='Tabla de zonas'> <\/div>\n<ul style='padding-left: 20px; font-size: 15px;'>\n<li style='margin-bottom: 8px;'>Toneladas de refrigeraci\u00f3n: Energ\u00eda necesaria para derretir una tonelada de hielo en 24 horas.<\/li>\n<li style='margin-bottom: 8px;'>BTUs (British Thermal Units): Energ\u00eda que se requiere para elevar 1\u00ba Fahrenheit una libra de agua.<\/li>\n<\/ul>\n<p style='font-size: 15px;'>Un aire acondicionado funciona al calentar y comprimir gases refrigerantes. Estos reaccionan enfri\u00e1ndose. Mientras m\u00e1s toneladas o BTUs tenga un equipo&comma; mayor ser\u00e1 su capacidad de enfriamiento. 1 Tonelada = 12&comma;000 BTUs.<\/p>\n<\/p><\/div>\n<div style='border: 1px solid rgba(150&comma; 150&comma; 150&comma; 0.4); border-radius: 8px; padding: 15px;'>\n<h3 style='font-size: 18px; margin-top: 0;'><strong>3. Seleccione<\/strong><\/h3>\n<p style='font-size: 15px;'>Una vez identificada la potencia indicada&comma; otro elemento importante es saber d\u00f3nde colocar la unidad exterior. Debe ser colocada en un lugar en el que el contacto con la luz solar sea m\u00ednimo y donde exista una buena circulaci\u00f3n de aire. Un equipo de aire acondicionado con un buen mantenimiento puede reducir hasta 30% del gasto de energ\u00eda que generar\u00eda uno en mal estado.<\/p>\n<p style='font-size: 15px;'>Teniendo en cuenta todos estos puntos&comma; ahora podr\u00e1 escoger el modelo que m\u00e1s sea de su agrado de acuerdo con el dise\u00f1o y las funciones de purificaci\u00f3n que posea el equipo.<\/p>\n<\/p><\/div>\n<\/p><\/div>\n<\/p><\/div>\n","protected":false},"excerpt":{"rendered":"<p>Calculador de capacidad de enfriamiento BTU Aufit<\/p>\n","protected":false},"featured_media":41279,"comment_status":"open","ping_status":"closed","template":"","meta":[],"product_brand":[],"product_cat":[1146],"product_tag":[186,1144,1147],"class_list":{"0":"post-41280","1":"product","2":"type-product","3":"status-publish","4":"has-post-thumbnail","6":"product_cat-refrigeracion-casa-oficina-industrial","7":"product_tag-aufit","8":"product_tag-climatizacion-refrigeracion","9":"product_tag-refrigeracion-casa-oficina-industrial","11":"first","12":"outofstock","13":"sale","14":"shipping-taxable","15":"purchasable","16":"product-type-simple"},"_links":{"self":[{"href":"https:\/\/soydeaqui.ddns.net\/pachuca\/index.php\/wp-json\/wp\/v2\/product\/41280","targetHints":{"allow":["GET"]}}],"collection":[{"href":"https:\/\/soydeaqui.ddns.net\/pachuca\/index.php\/wp-json\/wp\/v2\/product"}],"about":[{"href":"https:\/\/soydeaqui.ddns.net\/pachuca\/index.php\/wp-json\/wp\/v2\/types\/product"}],"replies":[{"embeddable":true,"href":"https:\/\/soydeaqui.ddns.net\/pachuca\/index.php\/wp-json\/wp\/v2\/comments?post=41280"}],"wp:featuredmedia":[{"embeddable":true,"href":"https:\/\/soydeaqui.ddns.net\/pachuca\/index.php\/wp-json\/wp\/v2\/media\/41279"}],"wp:attachment":[{"href":"https:\/\/soydeaqui.ddns.net\/pachuca\/index.php\/wp-json\/wp\/v2\/media?parent=41280"}],"wp:term":[{"taxonomy":"product_brand","embeddable":true,"href":"https:\/\/soydeaqui.ddns.net\/pachuca\/index.php\/wp-json\/wp\/v2\/product_brand?post=41280"},{"taxonomy":"product_cat","embeddable":true,"href":"https:\/\/soydeaqui.ddns.net\/pachuca\/index.php\/wp-json\/wp\/v2\/product_cat?post=41280"},{"taxonomy":"product_tag","embeddable":true,"href":"https:\/\/soydeaqui.ddns.net\/pachuca\/index.php\/wp-json\/wp\/v2\/product_tag?post=41280"}],"curies":[{"name":"wp","href":"https:\/\/api.w.org\/{rel}","templated":true}]}}