{"id":41067,"date":"2026-03-18T18:05:18","date_gmt":"2026-03-18T18:05:18","guid":{"rendered":"https:\/\/soydeaqui.ddns.net\/pachuca\/index.php\/producto\/fuente-de-poder-para-4-camaras-ajustables-a-12-o-13-5-o-15-vcc-4-amperes-instalacion-en-pared\/"},"modified":"2026-03-18T18:05:24","modified_gmt":"2026-03-18T18:05:24","slug":"fuente-de-poder-para-4-camaras-ajustables-a-12-o-13-5-o-15-vcc-4-amperes-instalacion-en-pared","status":"publish","type":"product","link":"https:\/\/soydeaqui.ddns.net\/pachuca\/index.php\/producto\/fuente-de-poder-para-4-camaras-ajustables-a-12-o-13-5-o-15-vcc-4-amperes-instalacion-en-pared\/","title":{"rendered":"Fuente de Poder \/ Para 4 C\u00e1maras \/ Ajustables a 12 o 13.5 o 15 Vcc \/ 4 Amperes \/ Instalaci\u00f3n en Pared."},"content":{"rendered":"<div style='width: 100%; max-width: 1200px; margin: 0 auto; font-family: sans-serif; line-height: 1.6; color: inherit; background-color: transparent;'>\n<div style='display: flex; flex-direction: column; align-items: center; text-align: center; margin-bottom: 30px;'>\n<h1 style='font-size: 28px; margin: 0; color: inherit;'><strong>NV-415-DC<\/strong><\/h1>\n<h3 style='font-size: 18px; margin: 10px 0; color: inherit;'>Fuente con salida seleccionable de 12 Vcc \/ 13.5Vcc \/ 15 Vcc con 4 canales a 4 Amper<\/h3>\n<p style='margin: 15px 0; color: inherit;'> <strong>Sistemas de alimentaci\u00f3n para aplicaciones en sistemas de seguridad electr\u00f3nica y comunicaci\u00f3n.<\/strong> <\/p>\n<p style='margin: 15px 0; color: inherit;'> <strong>CCTV&comma; Sistemas de Alarma y Control de Acceso.<\/strong> <\/p>\n<\/p><\/div>\n<p> <!-- Galer\u00eda de im\u00e1genes --> <\/p>\n<div style='display: flex; flex-wrap: wrap; gap: 20px; margin-bottom: 30px; justify-content: center;'>\n<div style='flex: 1 1 280px; min-width: 280px;'> <img style='width: 100%; height: auto; border: 1px solid rgba(150&comma;150&comma;150&comma;0.3); border-radius: 8px;' src='https:\/\/ftp3.syscom.mx\/cdn-cgi\/image\/format=auto&comma;quality=95&comma;width=900\/usuarios\/fotos\/BancoFotografiasSyscom\/EPCOMPOWERLINE\/NV415DC\/NV415DC-AD-1-l.PNG' alt=''> <\/div>\n<div style='flex: 1 1 280px; min-width: 280px;'> <img style='width: 100%; height: auto; border: 1px solid rgba(150&comma;150&comma;150&comma;0.3); border-radius: 8px;' src='https:\/\/ftp3.syscom.mx\/cdn-cgi\/image\/format=auto&comma;quality=95&comma;width=900\/usuarios\/fotos\/BancoFotografiasSyscom\/EPCOMPOWERLINE\/NV415DC\/NV415DC-AD-3-l.PNG' alt=''> <\/div>\n<div style='flex: 1 1 280px; min-width: 280px;'> <img style='width: 100%; height: auto; border: 1px solid rgba(150&comma;150&comma;150&comma;0.3); border-radius: 8px;' src='https:\/\/ftp3.syscom.mx\/cdn-cgi\/image\/format=auto&comma;quality=95&comma;width=900\/usuarios\/fotos\/BancoFotografiasSyscom\/EPCOMPOWERLINE\/NV415DC\/NV415DC-AD-3-l.PNG' alt=''> <\/div>\n<\/p><\/div>\n<p> <!-- Secci\u00f3n de especificaciones --> <\/p>\n<div style='display: flex; flex-wrap: wrap; gap: 20px; margin-bottom: 30px;'> <!-- Caracter\u00edsticas principales --> <\/p>\n<div style='flex: 1 1 250px; border: 1px solid rgba(150&comma; 150&comma; 150&comma; 0.4); border-radius: 8px; overflow: hidden; display: flex; flex-direction: column;'>\n<div style='padding: 15px; border-bottom: 1px solid rgba(150&comma; 150&comma; 150&comma; 0.2); font-weight: bold; font-size: 18px; color: inherit; background-color: rgba(0&comma; 0&comma; 255&comma; 0.2);'>Caracter\u00edsticas principales:<\/div>\n<div style='padding: 15px; color: inherit;'>\n<ul style='padding-left: 20px; margin: 0; font-size: 14px; list-style-type: disc;'>\n<li style='margin-bottom: 5px;'><strong>Voltaje de Entrada:<\/strong> 100-120 Vca<\/li>\n<li style='margin-bottom: 5px;'><strong>Voltaje de Salida:<\/strong> 12 Vcc \/ 13.5 Vcc \/ 15 Vcc<\/li>\n<li style='margin-bottom: 5px;'><strong>Corriente de salida por canal:<\/strong> a 12 V&comma; 1 A<\/li>\n<li style='margin-bottom: 5px;'><strong>Corriente de salida por canal:<\/strong> a 13.5 V&comma; 0.88 A<\/li>\n<li style='margin-bottom: 5px;'><strong>Corriente de salida por canal:<\/strong> a 15.5 V&comma; 0.8 A<\/li>\n<li style='margin-bottom: 5px;'><strong>OVP (Over Voltaje Protection):<\/strong> Protecci\u00f3n contra Sobretensi\u00f3n<\/li>\n<li style='margin-bottom: 5px;'><strong>OCP (Over Current Protection):<\/strong> Protecci\u00f3n contra Sobrecorriente<\/li>\n<li style='margin-bottom: 5px;'><strong>OTP (Over Temperature Protection):<\/strong> Protecci\u00f3n contra Sobretemperatura<\/li>\n<li style='margin-bottom: 5px;'><strong>SCP (Short Circuit Protection):<\/strong> Protecci\u00f3n contra Cortocircuito<\/li>\n<li style='margin-bottom: 5px;'><strong>Frecuencia nominal:<\/strong> 50-60 Hz<\/li>\n<li style='margin-bottom: 5px;'><strong>Potencia de salida:<\/strong> 48 W<\/li>\n<\/ul><\/div>\n<\/p><\/div>\n<p> <!-- Caracter\u00edsticas F\u00edsicas y El\u00e9ctricas --> <\/p>\n<div style='flex: 1 1 250px; border: 1px solid rgba(150&comma; 150&comma; 150&comma; 0.4); border-radius: 8px; overflow: hidden; display: flex; flex-direction: column;'>\n<div style='padding: 15px; border-bottom: 1px solid rgba(150&comma; 150&comma; 150&comma; 0.2); font-weight: bold; font-size: 18px; color: inherit; background-color: rgba(0&comma; 0&comma; 255&comma; 0.2);'>Caracter\u00edsticas F\u00edsicas y El\u00e9ctricas:<\/div>\n<div style='padding: 15px; color: inherit;'>\n<ul style='padding-left: 20px; margin: 0; font-size: 14px; list-style-type: disc;'>\n<li style='margin-bottom: 5px;'><strong>Entrada:<\/strong> Cable de alimentaci\u00f3n de L\u00ednea&comma; Neutro y Tierra<\/li>\n<li style='margin-bottom: 5px;'><strong>Salida:<\/strong> Terminales tipo tornillo<\/li>\n<li style='margin-bottom: 5px;'><strong>Material del gabinete:<\/strong> Metal<\/li>\n<li style='margin-bottom: 5px;'><strong>Color:<\/strong> Negro<\/li>\n<li style='margin-bottom: 5px;'><strong>Temperatura de operaci\u00f3n:<\/strong> -20 \u00b0C a 45 \u00b0C<\/li>\n<li style='margin-bottom: 5px;'><strong>Dimensiones (L x W x H):<\/strong> 80 x 10 x 110 mm<\/li>\n<\/ul><\/div>\n<\/p><\/div>\n<p> <!-- Productos relacionados --> <\/p>\n<div style='flex: 1 1 250px; border: 1px solid rgba(150&comma; 150&comma; 150&comma; 0.4); border-radius: 8px; overflow: hidden; display: flex; flex-direction: column;'>\n<div style='padding: 15px; border-bottom: 1px solid rgba(150&comma; 150&comma; 150&comma; 0.2); font-weight: bold; font-size: 18px; color: inherit; background-color: rgba(0&comma; 0&comma; 255&comma; 0.2);'>Productos relacionados:<\/div>\n<div style='padding: 15px; color: inherit;'>\n<ul style='padding-left: 20px; margin: 0; font-size: 14px; list-style-type: disc;'>\n<li style='margin-bottom: 5px;'><strong>NV415DC<\/strong><\/li>\n<li style='margin-bottom: 5px;'><strong>NV815DC<\/strong><\/li>\n<li style='margin-bottom: 5px;'><strong>NV1615DC<\/strong><\/li>\n<\/ul><\/div>\n<\/p><\/div>\n<\/p><\/div>\n<\/p><\/div>\n","protected":false},"excerpt":{"rendered":"<p>Fuente de Poder \/ Para 4 C\u00e1maras \/ Ajustables a 12 o 13.5 o 15 Vcc \/ 4 Amperes \/ Instalaci\u00f3n en Pared.<\/p>\n","protected":false},"featured_media":41066,"comment_status":"open","ping_status":"closed","template":"","meta":[],"product_brand":[],"product_cat":[1081],"product_tag":[454,1082,405],"class_list":{"0":"post-41067","1":"product","2":"type-product","3":"status-publish","4":"has-post-thumbnail","6":"product_cat-fuentes-con-distribuidor","7":"product_tag-epcom-powerline","8":"product_tag-fuentes-con-distribuidor","9":"product_tag-fuentes-de-poder","11":"first","12":"outofstock","13":"sale","14":"shipping-taxable","15":"purchasable","16":"product-type-simple"},"_links":{"self":[{"href":"https:\/\/soydeaqui.ddns.net\/pachuca\/index.php\/wp-json\/wp\/v2\/product\/41067","targetHints":{"allow":["GET"]}}],"collection":[{"href":"https:\/\/soydeaqui.ddns.net\/pachuca\/index.php\/wp-json\/wp\/v2\/product"}],"about":[{"href":"https:\/\/soydeaqui.ddns.net\/pachuca\/index.php\/wp-json\/wp\/v2\/types\/product"}],"replies":[{"embeddable":true,"href":"https:\/\/soydeaqui.ddns.net\/pachuca\/index.php\/wp-json\/wp\/v2\/comments?post=41067"}],"wp:featuredmedia":[{"embeddable":true,"href":"https:\/\/soydeaqui.ddns.net\/pachuca\/index.php\/wp-json\/wp\/v2\/media\/41066"}],"wp:attachment":[{"href":"https:\/\/soydeaqui.ddns.net\/pachuca\/index.php\/wp-json\/wp\/v2\/media?parent=41067"}],"wp:term":[{"taxonomy":"product_brand","embeddable":true,"href":"https:\/\/soydeaqui.ddns.net\/pachuca\/index.php\/wp-json\/wp\/v2\/product_brand?post=41067"},{"taxonomy":"product_cat","embeddable":true,"href":"https:\/\/soydeaqui.ddns.net\/pachuca\/index.php\/wp-json\/wp\/v2\/product_cat?post=41067"},{"taxonomy":"product_tag","embeddable":true,"href":"https:\/\/soydeaqui.ddns.net\/pachuca\/index.php\/wp-json\/wp\/v2\/product_tag?post=41067"}],"curies":[{"name":"wp","href":"https:\/\/api.w.org\/{rel}","templated":true}]}}