{"id":40999,"date":"2026-03-18T18:03:29","date_gmt":"2026-03-18T18:03:29","guid":{"rendered":"https:\/\/soydeaqui.ddns.net\/pachuca\/index.php\/producto\/500-ml-de-aceite-para-bomba-de-vacio\/"},"modified":"2026-03-18T18:03:30","modified_gmt":"2026-03-18T18:03:30","slug":"500-ml-de-aceite-para-bomba-de-vacio","status":"publish","type":"product","link":"https:\/\/soydeaqui.ddns.net\/pachuca\/index.php\/producto\/500-ml-de-aceite-para-bomba-de-vacio\/","title":{"rendered":"500 ml de Aceite para bomba de vac\u00edo"},"content":{"rendered":"<div style='width: 100%; max-width: 1200px; margin: 0 auto; font-family: sans-serif; line-height: 1.6; color: inherit; background-color: transparent;'> <!-- T\u00edtulos --> <\/p>\n<div style='width: 100%; text-align: center; margin-bottom: 30px;'>\n<h1 style='font-size: 28px; margin: 0; color: inherit;'><strong>AB-V4<\/strong><\/h1>\n<h3 style='margin: 10px 0 0 0; color: inherit;'>Aceite para Bomba de vac\u00edo<\/h3>\n<p style='margin: 20px 0 0 0; color: inherit;'><strong>Sistemas de aires acondicionados.<\/strong><\/p>\n<\/p><\/div>\n<p> <!-- Galer\u00eda de im\u00e1genes --> <\/p>\n<div style='display: flex; flex-wrap: wrap; gap: 20px; margin: 40px 0;'>\n<div style='flex: 1 1 300px; min-width: 280px;'> <img style='width: 100%; height: auto; border: 1px solid rgba(150&comma;150&comma;150&comma;0.3); border-radius: 8px;' src='https:\/\/ftp3.syscom.mx\/cdn-cgi\/image\/format=auto&comma;quality=95&comma;width=900\/usuarios\/fotos\/BancoFotografiasSyscom\/EPCOMPOWERLINE\/NV415DC\/NV415DC-AD-1-l.PNG' alt=''> <\/div>\n<div style='flex: 1 1 300px; min-width: 280px;'> <img style='width: 100%; height: auto; border: 1px solid rgba(150&comma;150&comma;150&comma;0.3); border-radius: 8px;' src='https:\/\/ftp3.syscom.mx\/cdn-cgi\/image\/format=auto&comma;quality=95&comma;width=900\/usuarios\/fotos\/BancoFotografiasSyscom\/EPCOMPOWERLINE\/NV415DC\/NV415DC-AD-3-l.PNG' alt=''> <\/div>\n<div style='flex: 1 1 300px; min-width: 280px;'> <img style='width: 100%; height: auto; border: 1px solid rgba(150&comma;150&comma;150&comma;0.3); border-radius: 8px;' src='https:\/\/ftp3.syscom.mx\/cdn-cgi\/image\/format=auto&comma;quality=95&comma;width=900\/usuarios\/fotos\/BancoFotografiasSyscom\/EPCOMPOWERLINE\/NV415DC\/NV415DC-AD-3-l.PNG' alt=''> <\/div>\n<\/p><\/div>\n<p> <!-- Secci\u00f3n de caracter\u00edsticas --> <\/p>\n<div style='display: flex; flex-wrap: wrap; gap: 30px; margin-bottom: 30px;'>\n<div style='flex: 1 1 300px; min-width: 280px;'>\n<div style='border: 1px solid rgba(150&comma;150&comma;150&comma;0.4); border-radius: 8px; overflow: hidden; display: flex; flex-direction: column;'>\n<div style='padding: 15px; border-bottom: 1px solid rgba(150&comma;150&comma;150&comma;0.2); font-weight: bold; font-size: 18px; background-color: rgba(0&comma;0&comma;255&comma;0.1); color: inherit;'>Caracter\u00edsticas principales:<\/div>\n<div style='padding: 15px; color: inherit;'>\n<ul style='padding-left: 20px; margin: 0; font-size: 14px; list-style-type: disc;'>\n<li style='margin-bottom: 5px;'><strong>Viscosidad cinem\u00e1tica (40 \u00b0C):<\/strong> 41.4-50.6 mm\u00b2\/s<\/li>\n<li style='margin-bottom: 5px;'><strong>\u00cdndice de Viscosidad:<\/strong> 100<\/li>\n<li style='margin-bottom: 5px;'><strong>Punto de inflamaci\u00f3n:<\/strong> 225 \u00b0C<\/li>\n<li style='margin-bottom: 5px;'><strong>Punto de fluidez:<\/strong> -10 \u00b0C<\/li>\n<li style='margin-bottom: 5px;'><strong>Tipo de aceite:<\/strong> Mineral<\/li>\n<li style='margin-bottom: 5px;'><strong>Peso:<\/strong> 0.56 Kg<\/li>\n<\/ul><\/div>\n<\/p><\/div>\n<\/p><\/div>\n<div style='flex: 1 1 300px; min-width: 280px;'>\n<div style='border: 1px solid rgba(150&comma;150&comma;150&comma;0.4); border-radius: 8px; overflow: hidden; display: flex; flex-direction: column;'>\n<div style='padding: 15px; border-bottom: 1px solid rgba(150&comma;150&comma;150&comma;0.2); font-weight: bold; font-size: 18px; background-color: rgba(0&comma;0&comma;255&comma;0.1); color: inherit;'>Caracter\u00edsticas F\u00edsicas y El\u00e9ctricas:<\/div>\n<div style='padding: 15px; color: inherit;'>\n<ul style='padding-left: 20px; margin: 0; font-size: 14px; list-style-type: disc;'>\n<li style='margin-bottom: 5px;'>Uso para bombas de vac\u00edo<\/li>\n<\/ul><\/div>\n<\/p><\/div>\n<\/p><\/div>\n<div style='flex: 1 1 300px; min-width: 280px;'>\n<div style='border: 1px solid rgba(150&comma;150&comma;150&comma;0.4); border-radius: 8px; overflow: hidden; display: flex; flex-direction: column;'>\n<div style='padding: 15px; border-bottom: 1px solid rgba(150&comma;150&comma;150&comma;0.2); font-weight: bold; font-size: 18px; background-color: rgba(0&comma;0&comma;255&comma;0.1); color: inherit;'>Productos relacionados:<\/div>\n<div style='padding: 15px; color: inherit;'>\n<ul style='padding-left: 20px; margin: 0; font-size: 14px; list-style-type: disc;'>\n<li style='margin-bottom: 5px;'><strong>BCON<\/strong><\/li>\n<li style='margin-bottom: 5px;'><strong>BOMT<\/strong><\/li>\n<li style='margin-bottom: 5px;'><strong>BOMC<\/strong><\/li>\n<li style='margin-bottom: 5px;'><strong>CLP4L<\/strong><\/li>\n<li style='margin-bottom: 5px;'><strong>REM2L<\/strong><\/li>\n<li style='margin-bottom: 5px;'><strong>CV2M<\/strong><\/li>\n<li style='margin-bottom: 5px;'><strong>BV4C<\/strong><\/li>\n<li style='margin-bottom: 5px;'><strong>BV4CLI<\/strong><\/li>\n<li style='margin-bottom: 5px;'><strong>KBV4<\/strong><\/li>\n<li style='margin-bottom: 5px;'><strong>CBA2<\/strong><\/li>\n<li style='margin-bottom: 5px;'><strong>ABV4<\/strong><\/li>\n<li style='margin-bottom: 5px;'><strong>REC7<\/strong><\/li>\n<li style='margin-bottom: 5px;'><strong>DMAA<\/strong><\/li>\n<li style='margin-bottom: 5px;'><strong>AM1V<\/strong><\/li>\n<li style='margin-bottom: 5px;'><strong>AMAA<\/strong><\/li>\n<li style='margin-bottom: 5px;'><strong>AM1V<\/strong><\/li>\n<li style='margin-bottom: 5px;'><strong>MM360<\/strong><\/li>\n<li style='margin-bottom: 5px;'><strong>BH12<\/strong><\/li>\n<li style='margin-bottom: 5px;'><strong>HFT6<\/strong><\/li>\n<li style='margin-bottom: 5px;'><strong>CT32<\/strong><\/li>\n<li style='margin-bottom: 5px;'><strong>KET2<\/strong><\/li>\n<li style='margin-bottom: 5px;'><strong>CYF12<\/strong><\/li>\n<li style='margin-bottom: 5px;'><strong>ADR3<\/strong><\/li>\n<li style='margin-bottom: 5px;'><strong>VDA1<\/strong><\/li>\n<li style='margin-bottom: 5px;'><strong>LKF2<\/strong><\/li>\n<\/ul><\/div>\n<\/p><\/div>\n<\/p><\/div>\n<\/p><\/div>\n<p> <!-- Separador --> <\/p>\n<hr style='border: 0; border-top: 1px solid rgba(150&comma; 150&comma; 150&comma; 0.3); margin: 30px 0;'> <\/div>\n","protected":false},"excerpt":{"rendered":"<p>500 ml de Aceite para bomba de vac\u00edo<\/p>\n","protected":false},"featured_media":40998,"comment_status":"open","ping_status":"closed","template":"","meta":[],"product_brand":[],"product_cat":[1206],"product_tag":[1207,1144,935],"class_list":{"0":"post-40999","1":"product","2":"type-product","3":"status-publish","4":"has-post-thumbnail","6":"product_cat-accesorios-herramientas","7":"product_tag-accesorios-herramientas","8":"product_tag-climatizacion-refrigeracion","9":"product_tag-epcom","11":"first","12":"outofstock","13":"sale","14":"shipping-taxable","15":"purchasable","16":"product-type-simple"},"_links":{"self":[{"href":"https:\/\/soydeaqui.ddns.net\/pachuca\/index.php\/wp-json\/wp\/v2\/product\/40999","targetHints":{"allow":["GET"]}}],"collection":[{"href":"https:\/\/soydeaqui.ddns.net\/pachuca\/index.php\/wp-json\/wp\/v2\/product"}],"about":[{"href":"https:\/\/soydeaqui.ddns.net\/pachuca\/index.php\/wp-json\/wp\/v2\/types\/product"}],"replies":[{"embeddable":true,"href":"https:\/\/soydeaqui.ddns.net\/pachuca\/index.php\/wp-json\/wp\/v2\/comments?post=40999"}],"wp:featuredmedia":[{"embeddable":true,"href":"https:\/\/soydeaqui.ddns.net\/pachuca\/index.php\/wp-json\/wp\/v2\/media\/40998"}],"wp:attachment":[{"href":"https:\/\/soydeaqui.ddns.net\/pachuca\/index.php\/wp-json\/wp\/v2\/media?parent=40999"}],"wp:term":[{"taxonomy":"product_brand","embeddable":true,"href":"https:\/\/soydeaqui.ddns.net\/pachuca\/index.php\/wp-json\/wp\/v2\/product_brand?post=40999"},{"taxonomy":"product_cat","embeddable":true,"href":"https:\/\/soydeaqui.ddns.net\/pachuca\/index.php\/wp-json\/wp\/v2\/product_cat?post=40999"},{"taxonomy":"product_tag","embeddable":true,"href":"https:\/\/soydeaqui.ddns.net\/pachuca\/index.php\/wp-json\/wp\/v2\/product_tag?post=40999"}],"curies":[{"name":"wp","href":"https:\/\/api.w.org\/{rel}","templated":true}]}}