{"id":40934,"date":"2026-03-18T18:01:40","date_gmt":"2026-03-18T18:01:40","guid":{"rendered":"https:\/\/soydeaqui.ddns.net\/pachuca\/index.php\/producto\/mini-interruptor-inteligente-wi-fi-2-4-medicion-de-consumo-1-canal-8a-110-240-compatible-con-asistentes-de-voz\/"},"modified":"2026-03-18T18:01:41","modified_gmt":"2026-03-18T18:01:41","slug":"mini-interruptor-inteligente-wi-fi-2-4-medicion-de-consumo-1-canal-8a-110-240-compatible-con-asistentes-de-voz","status":"publish","type":"product","link":"https:\/\/soydeaqui.ddns.net\/pachuca\/index.php\/producto\/mini-interruptor-inteligente-wi-fi-2-4-medicion-de-consumo-1-canal-8a-110-240-compatible-con-asistentes-de-voz\/","title":{"rendered":"Mini Interruptor inteligente Wi-Fi 2.4 \/ medici\u00f3n de consumo, \/1 canal 8A 110-240 \/ compatible con asistentes de voz"},"content":{"rendered":"<div style='width: 100%; max-width: 1200px; margin: 0 auto; font-family: sans-serif; line-height: 1.6; color: inherit; background-color: transparent;'> <!-- Introducci\u00f3n --> <\/p>\n<div style='margin-bottom: 30px;'>\n<p style='text-align: justify; font-size: 15px; color: inherit; margin-bottom: 15px;'>Un interruptor inteligente compacto con medici\u00f3n de energ\u00eda para controlar luces y peque\u00f1os electrodom\u00e9sticos de hasta 8 A. Equipado con chip Shelly y soporte de conectividad multiprotocolo: Wi-Fi&comma; Zigbee&comma; Bluetooth&comma; Matter.<\/p>\n<p style='text-align: justify; font-size: 15px; color: inherit; margin-bottom: 15px;'>\u00a1Peque\u00f1o tama\u00f1o&comma; gran impacto!<\/p>\n<p style='text-align: justify; font-size: 15px; color: inherit; margin-bottom: 15px;'>Dise\u00f1ados teniendo en cuenta la comodidad&comma; estos mini dispositivos tienen todas las capacidades de los dispositivos inteligentes est\u00e1ndar de Shelly en un formato compacto.<\/p>\n<p style='text-align: justify; font-size: 15px; color: inherit; margin-bottom: 15px;'>Con un procesador mejorado y 8 MB de memoria&comma; los dispositivos ofrecen mayor eficiencia&comma; capacidad de respuesta y funcionamiento perfecto.<\/p>\n<p style='text-align: justify; font-size: 15px; color: inherit; margin-bottom: 15px;'>Cada dispositivo Mini Gen4 cuenta con certificaci\u00f3n Matter y admite conectividad multiprotocolo&comma; lo que permite una mayor flexibilidad dentro de la configuraci\u00f3n de su hogar inteligente.<\/p>\n<\/p><\/div>\n<p> <!-- Secci\u00f3n de especificaciones --> <\/p>\n<div style='display: flex; flex-wrap: wrap; gap: 30px; margin-bottom: 30px;'>\n<div style='flex: 1 1 300px; min-width: 280px;'>\n<div style='border: 1px solid rgba(150&comma; 150&comma; 150&comma; 0.4); border-radius: 8px; padding: 15px; margin-bottom: 20px;'>\n<h3 style='font-size: 18px; border-bottom: 2px solid currentColor; padding-bottom: 5px; margin-top: 0; color: inherit; opacity: 0.8;'>Caracter\u00edsticas principales<\/h3>\n<ul style='padding-left: 20px; font-size: 14px; color: inherit; list-style-type: disc;'>\n<li style='margin-bottom: 5px;'>No Requiere HUB<\/li>\n<li style='margin-bottom: 5px;'>N\u00famero de canales: 1<\/li>\n<li style='margin-bottom: 5px;'>Conectividad multiprotocolo: elige entre Wi-Fi 2.4&comma; Zigbee y Bluetooth<\/li>\n<li style='margin-bottom: 5px;'>Alcance: 10m a 30m linea de vista exterior\/interior<\/li>\n<li style='margin-bottom: 5px;'>Carga: 8A<\/li>\n<li style='margin-bottom: 5px;'>Compatible con asistentes de voz: Alexa y GoogleHome<\/li>\n<\/ul><\/div>\n<\/p><\/div>\n<div style='flex: 1 1 300px; min-width: 280px;'>\n<div style='border: 1px solid rgba(150&comma; 150&comma; 150&comma; 0.4); border-radius: 8px; padding: 15px; margin-bottom: 20px;'>\n<h3 style='font-size: 18px; border-bottom: 2px solid currentColor; padding-bottom: 5px; margin-top: 0; color: inherit; opacity: 0.8;'>Caracter\u00edsticas F\u00edsicas y El\u00e9ctricas<\/h3>\n<ul style='padding-left: 20px; font-size: 14px; color: inherit; list-style-type: disc;'>\n<li style='margin-bottom: 5px;'><strong>Alimentaci\u00f3n AC:<\/strong> 110 &#8211; 240 VCA<\/li>\n<li style='margin-bottom: 5px;'><strong>Temperatura de Operaci\u00f3n:<\/strong> -20 \u00b0C a 40 \u00b0C<\/li>\n<li style='margin-bottom: 5px;'><strong>Humedad:<\/strong> 30 % a 70 % HR<\/li>\n<li style='margin-bottom: 5px;'><strong>Consumo del dispositivo:<\/strong> < 1-2W<\/li>\n<li style='margin-bottom: 5px;'><strong>Carga m\u00e1xima:<\/strong> Std versi\u00f3n 8A<\/li>\n<li style='margin-bottom: 5px;'><strong>Dimensiones:<\/strong> 29x35x16 \u00b10&comma;5 mm<\/li>\n<li style='margin-bottom: 5px;'><strong>Usuarios simult\u00e1neos:<\/strong> 20 o compartir a 100 cuentas<\/li>\n<li style='margin-bottom: 5px;'><strong>Protecci\u00f3n de voltaje\/corte:<\/strong> S\u00ed<\/li>\n<li style='margin-bottom: 5px;'><strong>Protecci\u00f3n de corriente\/corte:<\/strong> S\u00ed<\/li>\n<li style='margin-bottom: 5px;'><strong>M\u00e1xima protecci\u00f3n de potencia \/ Corte:<\/strong> S\u00ed<\/li>\n<li style='margin-bottom: 5px;'><strong>Sensor de temperatura interna:<\/strong> S\u00ed<\/li>\n<\/ul><\/div>\n<\/p><\/div>\n<div style='flex: 1 1 300px; min-width: 280px;'>\n<div style='border: 1px solid rgba(150&comma; 150&comma; 150&comma; 0.4); border-radius: 8px; padding: 15px; margin-bottom: 20px;'>\n<h3 style='font-size: 18px; border-bottom: 2px solid currentColor; padding-bottom: 5px; margin-top: 0; color: inherit; opacity: 0.8;'>Aplicaciones t\u00edpicas<\/h3>\n<ul style='padding-left: 20px; font-size: 14px; color: inherit; list-style-type: disc;'>\n<li style='margin-bottom: 5px;'>Convierte cualquier electrodom\u00e9stico en dispositivo inteligente<\/li>\n<li style='margin-bottom: 5px;'>Control de iluminaci\u00f3n<\/li>\n<li style='margin-bottom: 5px;'>Monitoreo de energ\u00eda<\/li>\n<li style='margin-bottom: 5px;'>Accesorios<\/li>\n<li style='margin-bottom: 5px;'>Cerraduras<\/li>\n<li style='margin-bottom: 5px;'><a href='https:\/\/kb.shelly.cloud\/knowledge-base\/shelly-plus-1pm-mini' style='color: #0091ff; text-decoration: none;'>M\u00e1s informaci\u00f3n t\u00e9cnica<\/a><\/li>\n<\/ul><\/div>\n<\/p><\/div>\n<\/p><\/div>\n<p> <!-- Separador --> <\/p>\n<hr style='border: 0; border-top: 1px solid rgba(150&comma; 150&comma; 150&comma; 0.3); margin: 30px 0;'> <!-- Logo Shelly --> <\/p>\n<div style='background-color: #434342; padding: 30px; border-radius: 10px; margin-top: 30px;'> <img style='width: 100%; max-width: 200px; height: auto; display: block; margin: 0 auto; border: 1px solid rgba(150&comma;150&comma;150&comma;0.3); border-radius: 8px;' src='https:\/\/ftp3.syscom.mx\/usuarios\/ftp\/single_page\/shelly_img\/shelly_logo_white_std.png' alt='Logo Shelly'> <\/div>\n<\/p><\/div>\n","protected":false},"excerpt":{"rendered":"<p>Mini Interruptor inteligente Wi-Fi 2.4 \/ medici\u00f3n de consumo, \/1 canal 8A 110-240 \/ compatible con asistentes de voz<\/p>\n","protected":false},"featured_media":40933,"comment_status":"open","ping_status":"closed","template":"","meta":[],"product_brand":[],"product_cat":[56],"product_tag":[30,57,58],"class_list":{"0":"post-40934","1":"product","2":"type-product","3":"status-publish","4":"has-post-thumbnail","6":"product_cat-control-de-iluminacion","7":"product_tag-automatizacion-casa-inteligente","8":"product_tag-control-de-iluminacion","9":"product_tag-shelly","11":"first","12":"instock","13":"sale","14":"shipping-taxable","15":"purchasable","16":"product-type-simple"},"_links":{"self":[{"href":"https:\/\/soydeaqui.ddns.net\/pachuca\/index.php\/wp-json\/wp\/v2\/product\/40934","targetHints":{"allow":["GET"]}}],"collection":[{"href":"https:\/\/soydeaqui.ddns.net\/pachuca\/index.php\/wp-json\/wp\/v2\/product"}],"about":[{"href":"https:\/\/soydeaqui.ddns.net\/pachuca\/index.php\/wp-json\/wp\/v2\/types\/product"}],"replies":[{"embeddable":true,"href":"https:\/\/soydeaqui.ddns.net\/pachuca\/index.php\/wp-json\/wp\/v2\/comments?post=40934"}],"wp:featuredmedia":[{"embeddable":true,"href":"https:\/\/soydeaqui.ddns.net\/pachuca\/index.php\/wp-json\/wp\/v2\/media\/40933"}],"wp:attachment":[{"href":"https:\/\/soydeaqui.ddns.net\/pachuca\/index.php\/wp-json\/wp\/v2\/media?parent=40934"}],"wp:term":[{"taxonomy":"product_brand","embeddable":true,"href":"https:\/\/soydeaqui.ddns.net\/pachuca\/index.php\/wp-json\/wp\/v2\/product_brand?post=40934"},{"taxonomy":"product_cat","embeddable":true,"href":"https:\/\/soydeaqui.ddns.net\/pachuca\/index.php\/wp-json\/wp\/v2\/product_cat?post=40934"},{"taxonomy":"product_tag","embeddable":true,"href":"https:\/\/soydeaqui.ddns.net\/pachuca\/index.php\/wp-json\/wp\/v2\/product_tag?post=40934"}],"curies":[{"name":"wp","href":"https:\/\/api.w.org\/{rel}","templated":true}]}}