{"id":40885,"date":"2026-03-18T18:00:17","date_gmt":"2026-03-18T18:00:17","guid":{"rendered":"https:\/\/soydeaqui.ddns.net\/pachuca\/index.php\/producto\/modulo-solar-hi-mo-x10-645-w-bifacial-53-7-vcc-monocristalino-hpbc\/"},"modified":"2026-03-18T18:00:17","modified_gmt":"2026-03-18T18:00:17","slug":"modulo-solar-hi-mo-x10-645-w-bifacial-53-7-vcc-monocristalino-hpbc","status":"publish","type":"product","link":"https:\/\/soydeaqui.ddns.net\/pachuca\/index.php\/producto\/modulo-solar-hi-mo-x10-645-w-bifacial-53-7-vcc-monocristalino-hpbc\/","title":{"rendered":"Modulo Solar HI-MO X10,  645 W BIFACIAL , 53.7 Vcc, Monocristalino HPBC"},"content":{"rendered":"<div style='width: 100%; max-width: 1200px; margin: 0 auto; font-family: system-ui&comma; -apple-system&comma; 'Segoe UI'&comma; Roboto&comma; 'PingFang SC'&comma; 'Microsoft YaHei'&comma; 'Helvetica Neue'&comma; Helvetica&comma; Arial&comma; sans-serif; line-height: 1.6; color: inherit; background-color: transparent;'>\n<div style='display: flex; flex-direction: column; gap: 30px;'>\n<div style='display: flex; flex-direction: column; align-items: center; text-align: center;'> <img style='width: 100%; max-width: 600px; height: auto; border: 1px solid rgba(150&comma;150&comma;150&comma;0.3); border-radius: 8px;' src='https:\/\/static.longi.com\/Hi_MO_X10_06_f6bec6bc7e.jpg' alt='M\u00f3dulo Solar Hi-MO X10'> <\/p>\n<h2 style='font-size: 28px; margin-top: 20px; color: inherit; opacity: 0.8;'>Nueva serie de productos Hi-MO X10<\/h2>\n<h3 style='font-size: 24px; color: inherit; opacity: 0.8;'>Una nueva evoluci\u00f3n HPBC 2.0<\/h3>\n<\/p><\/div>\n<div style='display: flex; flex-wrap: wrap; gap: 30px;'>\n<div style='flex: 1 1 300px; min-width: 280px;'>\n<h3 style='font-size: 22px; border-bottom: 2px solid currentColor; padding-bottom: 5px; margin-top: 0; color: inherit; opacity: 0.8;'>Caracter\u00edsticas Principales<\/h3>\n<ul style='padding-left: 20px; font-size: 15px; color: inherit;'>\n<li style='margin-bottom: 5px;'>M\u00f3dulo solar con <strong>645W de potencia<\/strong> y <strong>23.9% de eficiencia<\/strong><\/li>\n<li style='margin-bottom: 15px;'>Tecnolog\u00eda avanzada <strong>HPBC 2.0<\/strong> y wafers <strong>Longi Tairay<\/strong><\/li>\n<li style='margin-bottom: 5px;'>Mayor durabilidad y <strong>menor degradaci\u00f3n<\/strong><\/li>\n<li style='margin-bottom: 5px;'><strong>Protecci\u00f3n avanzada<\/strong> contra sombras y hotspots<\/li>\n<li style='margin-bottom: 5px;'>Ideal para <strong>climas extremos<\/strong> como M\u00e9xico<\/li>\n<\/ul><\/div>\n<div style='flex: 1 1 300px; min-width: 280px;'> <img style='width: 100%; height: auto; border: 1px solid rgba(150&comma;150&comma;150&comma;0.3); border-radius: 8px;' src='http:\/\/ftp3.syscom.mx\/usuarios\/ftp\/2025\/08\/27\/1858\/1756320096294.png_froala_68af5161a7500' alt='Diagrama tecnol\u00f3gico'> <\/div>\n<\/p><\/div>\n<div style='display: grid; grid-template-columns: repeat(auto-fill&comma; minmax(280px&comma; 1fr)); gap: 30px;'>\n<div style='border: 1px solid rgba(150&comma;150&comma;150&comma;0.4); border-radius: 8px; overflow: hidden;'>\n<div style='padding: 15px; border-bottom: 1px solid rgba(150&comma;150&comma;150&comma;0.2); font-weight: bold; font-size: 18px; color: inherit;'>Mayor Eficiencia<\/div>\n<div style='padding: 15px; color: inherit;'>\n<p style='margin: 0;'>La eficiencia de la celda HPBC 2.0&comma; 40W m\u00e1s que otros m\u00f3dulos.<\/p>\n<\/p><\/div>\n<\/p><\/div>\n<div style='border: 1px solid rgba(150&comma;150&comma;150&comma;0.4); border-radius: 8px; overflow: hidden;'>\n<div style='padding: 15px; border-bottom: 1px solid rgba(150&comma;150&comma;150&comma;0.2); font-weight: bold; font-size: 18px; color: inherit;'>Menor Degradaci\u00f3n<\/div>\n<div style='padding: 15px; color: inherit;'>\n<p style='margin: 0;'>Solo <strong>1% el primer a\u00f1o<\/strong> y <strong>0.35% anual<\/strong>.<\/p>\n<\/p><\/div>\n<\/p><\/div>\n<div style='border: 1px solid rgba(150&comma;150&comma;150&comma;0.4); border-radius: 8px; overflow: hidden;'>\n<div style='padding: 15px; border-bottom: 1px solid rgba(150&comma;150&comma;150&comma;0.2); font-weight: bold; font-size: 18px; color: inherit;'>Mayor Resistencia<\/div>\n<div style='padding: 15px; color: inherit;'>\n<p style='margin: 0;'>Hasta <strong>16% m\u00e1s fuerte<\/strong> que los wafers tradicionales.<\/p>\n<\/p><\/div>\n<\/p><\/div>\n<\/p><\/div>\n<div style='display: flex; justify-content: center; margin: 30px 0;'> <img style='width: 100%; max-width: 600px; height: auto; border: 1px solid rgba(150&comma;150&comma;150&comma;0.3); border-radius: 8px;' src='https:\/\/static.longi.com\/Explorer_04_8b2c959558.png' alt='M\u00f3dulo Solar Hi-MO X10'> <\/div>\n<div style='display: flex; flex-direction: column; gap: 20px;'>\n<h2 style='font-size: 24px; color: inherit; opacity: 0.8; margin-top: 0;'>Especificaciones T\u00e9cnicas<\/h2>\n<div style='display: grid; grid-template-columns: repeat(auto-fill&comma; minmax(280px&comma; 1fr)); gap: 20px;'>\n<div style='border: 1px solid rgba(150&comma;150&comma;150&comma;0.4); border-radius: 8px; overflow: hidden;'>\n<div style='padding: 15px; border-bottom: 1px solid rgba(150&comma;150&comma;150&comma;0.2); font-weight: bold; font-size: 18px; color: inherit;'>Par\u00e1metros Mec\u00e1nicos<\/div>\n<div style='padding: 15px; color: inherit;'>\n<ul style='padding-left: 20px; margin: 0; font-size: 14px; list-style-type: disc;'>\n<li style='margin-bottom: 5px;'><strong>Distribuci\u00f3n de las celdas:<\/strong> 144 (6X24)<\/li>\n<li style='margin-bottom: 5px;'><strong>Caja de conexiones:<\/strong> Caja de conexiones dividida&comma; IP68<\/li>\n<li style='margin-bottom: 5px;'><strong>Peso:<\/strong> 33.5 kg<\/li>\n<li style='margin-bottom: 5px;'><strong>Dimensiones:<\/strong> 2382x1134x30mm<\/li>\n<li style='margin-bottom: 5px;'><strong>Embalaje:<\/strong> 36 piezas por palet&comma; 144 piezas\/20GP&comma; 720 piezas\/40HC<\/li>\n<\/ul><\/div>\n<\/p><\/div>\n<div style='border: 1px solid rgba(150&comma;150&comma;150&comma;0.4); border-radius: 8px; overflow: hidden;'>\n<div style='padding: 15px; border-bottom: 1px solid rgba(150&comma;150&comma;150&comma;0.2); font-weight: bold; font-size: 18px; color: inherit;'>Par\u00e1metros El\u00e9ctricos<\/div>\n<div style='padding: 15px; color: inherit;'>\n<ul style='padding-left: 20px; margin: 0; font-size: 14px; list-style-type: disc;'>\n<li style='margin-bottom: 5px;'><strong>Potencia M\u00e1xima:<\/strong> 645 W<\/li>\n<li style='margin-bottom: 5px;'><strong>Tolerancia de Potencia:<\/strong> 0~5 W<\/li>\n<li style='margin-bottom: 5px;'><strong>Eficiencia del M\u00f3dulo:<\/strong> 23.9%<\/li>\n<li style='margin-bottom: 5px;'><strong>M\u00e1ximo Voltaje (Vmp):<\/strong> 44.56 V<\/li>\n<li style='margin-bottom: 5px;'><strong>M\u00e1xima Corriente (Imp):<\/strong> 14.48 A<\/li>\n<li style='margin-bottom: 5px;'><strong>Voltaje Circuito Abierto (Voc):<\/strong> 53.7 V<\/li>\n<li style='margin-bottom: 5px;'><strong>Corriente Cortocircuito (Isc):<\/strong> 15.17 A<\/li>\n<\/ul><\/div>\n<\/p><\/div>\n<div style='border: 1px solid rgba(150&comma;150&comma;150&comma;0.4); border-radius: 8px; overflow: hidden;'>\n<div style='padding: 15px; border-bottom: 1px solid rgba(150&comma;150&comma;150&comma;0.2); font-weight: bold; font-size: 18px; color: inherit;'>Capacidad de Carga Mec\u00e1nica<\/div>\n<div style='padding: 15px; color: inherit;'>\n<ul style='padding-left: 20px; margin: 0; font-size: 14px; list-style-type: disc;'>\n<li style='margin-bottom: 5px;'><strong>M\u00e1xima carga est\u00e1tica superficie frontal:<\/strong> 5400Pa<\/li>\n<li style='margin-bottom: 5px;'><strong>M\u00e1xima carga est\u00e1tica superficie posterior:<\/strong> 2400Pa<\/li>\n<li style='margin-bottom: 5px;'><strong>Test de granizo:<\/strong> Di\u00e1metro de 25mm&comma; velocidad de impacto de 23m\/s<\/li>\n<\/ul><\/div>\n<\/p><\/div>\n<div style='border: 1px solid rgba(150&comma;150&comma;150&comma;0.4); border-radius: 8px; overflow: hidden;'>\n<div style='padding: 15px; border-bottom: 1px solid rgba(150&comma;150&comma;150&comma;0.2); font-weight: bold; font-size: 18px; color: inherit;'>Coeficientes de Temperatura (STC)<\/div>\n<div style='padding: 15px; color: inherit;'>\n<ul style='padding-left: 20px; margin: 0; font-size: 14px; list-style-type: disc;'>\n<li style='margin-bottom: 5px;'><strong>Coeficiente de temperatura Isc:<\/strong> +0.050%\/\u00b0C<\/li>\n<li style='margin-bottom: 5px;'><strong>Coeficiente de temperatura Voc:<\/strong> -0.200%\/\u00b0C<\/li>\n<li style='margin-bottom: 5px;'><strong>Coeficiente de temperatura Pmax:<\/strong> -0.260%\/\u00b0C<\/li>\n<\/ul><\/div>\n<\/p><\/div>\n<\/p><\/div>\n<\/p><\/div>\n<div style='display: grid; grid-template-columns: repeat(auto-fill&comma; minmax(280px&comma; 1fr)); gap: 30px;'>\n<div style='border: 1px solid rgba(150&comma;150&comma;150&comma;0.4); border-radius: 8px; overflow: hidden;'>\n<div style='padding: 15px; border-bottom: 1px solid rgba(150&comma;150&comma;150&comma;0.2); font-weight: bold; font-size: 18px; color: inherit;'>Aplicaciones<\/div>\n<div style='padding: 15px; color: inherit;'>\n<ul style='padding-left: 20px; margin: 0; font-size: 14px; list-style-type: disc;'>\n<li style='margin-bottom: 5px;'>Para interconexi\u00f3n a la red el\u00e9ctrica<\/li>\n<li style='margin-bottom: 5px;'>Sistemas aislados con controladores MPPT<\/li>\n<\/ul><\/div>\n<\/p><\/div>\n<div style='border: 1px solid rgba(150&comma;150&comma;150&comma;0.4); border-radius: 8px; overflow: hidden;'>\n<div style='padding: 15px; border-bottom: 1px solid rgba(150&comma;150&comma;150&comma;0.2); font-weight: bold; font-size: 18px; color: inherit;'>Garant\u00eda<\/div>\n<div style='padding: 15px; color: inherit;'>\n<p style='margin: 0 0 15px 0;'>Se ofrece una garant\u00eda de 15 a\u00f1os contra defectos de fabricaci\u00f3n&comma; as\u00ed como una vida \u00fatil de 25 a\u00f1os en t\u00e9rminos de salida de potencia.<\/p>\n<p style='margin: 0;'><strong>Recomendaciones y Notas de Garant\u00eda:<\/strong><\/p>\n<ul style='padding-left: 20px; margin: 15px 0 0 0; font-size: 14px; list-style-type: disc;'>\n<li style='margin-bottom: 5px;'>Cualquier reclamo relacionado con este producto debe ser presentado durante el per\u00edodo de garant\u00eda y debe ir acompa\u00f1ado de la factura correspondiente<\/li>\n<\/ul><\/div>\n<\/p><\/div>\n<\/p><\/div>\n<\/p><\/div>\n<\/p><\/div>\n","protected":false},"excerpt":{"rendered":"<p>Modulo Solar HI-MO X10,  645 W BIFACIAL , 53.7 Vcc, Monocristalino HPBC<\/p>\n","protected":false},"featured_media":40884,"comment_status":"open","ping_status":"closed","template":"","meta":[],"product_brand":[],"product_cat":[1152],"product_tag":[964,1154,1153],"class_list":{"0":"post-40885","1":"product","2":"type-product","3":"status-publish","4":"has-post-thumbnail","6":"product_cat-modulos-solares","7":"product_tag-energia-solar","8":"product_tag-longi","9":"product_tag-modulos-solares","11":"first","12":"instock","13":"sale","14":"shipping-taxable","15":"purchasable","16":"product-type-simple"},"_links":{"self":[{"href":"https:\/\/soydeaqui.ddns.net\/pachuca\/index.php\/wp-json\/wp\/v2\/product\/40885","targetHints":{"allow":["GET"]}}],"collection":[{"href":"https:\/\/soydeaqui.ddns.net\/pachuca\/index.php\/wp-json\/wp\/v2\/product"}],"about":[{"href":"https:\/\/soydeaqui.ddns.net\/pachuca\/index.php\/wp-json\/wp\/v2\/types\/product"}],"replies":[{"embeddable":true,"href":"https:\/\/soydeaqui.ddns.net\/pachuca\/index.php\/wp-json\/wp\/v2\/comments?post=40885"}],"wp:featuredmedia":[{"embeddable":true,"href":"https:\/\/soydeaqui.ddns.net\/pachuca\/index.php\/wp-json\/wp\/v2\/media\/40884"}],"wp:attachment":[{"href":"https:\/\/soydeaqui.ddns.net\/pachuca\/index.php\/wp-json\/wp\/v2\/media?parent=40885"}],"wp:term":[{"taxonomy":"product_brand","embeddable":true,"href":"https:\/\/soydeaqui.ddns.net\/pachuca\/index.php\/wp-json\/wp\/v2\/product_brand?post=40885"},{"taxonomy":"product_cat","embeddable":true,"href":"https:\/\/soydeaqui.ddns.net\/pachuca\/index.php\/wp-json\/wp\/v2\/product_cat?post=40885"},{"taxonomy":"product_tag","embeddable":true,"href":"https:\/\/soydeaqui.ddns.net\/pachuca\/index.php\/wp-json\/wp\/v2\/product_tag?post=40885"}],"curies":[{"name":"wp","href":"https:\/\/api.w.org\/{rel}","templated":true}]}}