{"id":40856,"date":"2026-03-18T17:59:33","date_gmt":"2026-03-18T17:59:33","guid":{"rendered":"https:\/\/soydeaqui.ddns.net\/pachuca\/index.php\/producto\/dispositivo-de-proteccion-contra-sobretensiones-de-fase-dividida-de-120-240-vca-recomendado-para-climas-motores-iluminacion\/"},"modified":"2026-03-18T17:59:38","modified_gmt":"2026-03-18T17:59:38","slug":"dispositivo-de-proteccion-contra-sobretensiones-de-fase-dividida-de-120-240-vca-recomendado-para-climas-motores-iluminacion","status":"publish","type":"product","link":"https:\/\/soydeaqui.ddns.net\/pachuca\/index.php\/producto\/dispositivo-de-proteccion-contra-sobretensiones-de-fase-dividida-de-120-240-vca-recomendado-para-climas-motores-iluminacion\/","title":{"rendered":"Dispositivo de Protecci\u00f3n contra Sobretensiones de Fase Dividida de 120\/240 VCA, Recomendado para Climas, Motores, Iluminaci\u00f3n."},"content":{"rendered":"<div style=\"width: 100%; max-width: 1200px; margin: 0 auto; font-family: sans-serif; line-height: 1.6; color: inherit; background-color: transparent;\">\n<div style=\"display: flex; flex-wrap: wrap; gap: 30px; margin-bottom: 30px;\"><!-- Tarjeta de caracter\u00edsticas principales --> <\/p>\n<div style=\"flex: 1 1 300px; min-width: 280px;\">\n<div style=\"border: 1px solid rgba(150&comma; 150&comma; 150&comma; 0.4); border-radius: 8px; overflow: hidden; display: flex; flex-direction: column;\">\n<div style=\"padding: 15px; border-bottom: 1px solid rgba(150&comma; 150&comma; 150&comma; 0.2); font-weight: bold; font-size: 18px; color: white; background-color: rgba(0&comma; 123&comma; 255&comma; 0.8);\">Caracter&iacute;sticas principales:<\/div>\n<div style=\"padding: 15px; color: inherit;\">\n<ul style=\"padding-left: 20px; margin: 0; font-size: 14px; list-style-type: disc;\">\n<li style=\"margin-bottom: 5px;\">El gabinete resistente a la intemperie NEMA 4X permite su uso en entornos hostiles<\/li>\n<li style=\"margin-bottom: 5px;\">Conexi&oacute;n en paralelo para una f&aacute;cil instalaci&oacute;n<\/li>\n<li style=\"margin-bottom: 5px;\">El LED de diagn&oacute;stico proporciona una indicaci&oacute;n positiva de la alimentaci&oacute;n del sistema y la funci&oacute;n SPD<\/li>\n<li style=\"margin-bottom: 5px;\">Dise&ntilde;o compacto permite la instalaci&oacute;n en una variedad de ubicaciones<\/li>\n<li style=\"margin-bottom: 5px;\">Se restablece autom&aacute;ticamente para manejar m&uacute;ltiples eventos de sobretensi&oacute;n<\/li>\n<li style=\"margin-bottom: 5px;\"><strong>Aplicaciones:<\/strong> Equipos HVAC&comma; Bombas&comma; Motores&comma; Iluminaci&oacute;n de carreteras&comma; iluminaci&oacute;n de estacionamientos&comma; Energ&iacute;a entrante de la red p&uacute;blica<\/li>\n<\/ul><\/div>\n<\/p><\/div>\n<\/p><\/div>\n<p> <!-- Tarjeta de caracter\u00edsticas f\u00edsicas y el\u00e9ctricas --> <\/p>\n<div style=\"flex: 1 1 300px; min-width: 280px;\">\n<div style=\"border: 1px solid rgba(150&comma; 150&comma; 150&comma; 0.4); border-radius: 8px; overflow: hidden; display: flex; flex-direction: column;\">\n<div style=\"padding: 15px; border-bottom: 1px solid rgba(150&comma; 150&comma; 150&comma; 0.2); font-weight: bold; font-size: 18px; color: white; background-color: rgba(0&comma; 123&comma; 255&comma; 0.8);\">Caracter&iacute;sticas F&iacute;sicas y El&eacute;ctricas:<\/div>\n<div style=\"padding: 15px; color: inherit;\">\n<ul style=\"padding-left: 20px; margin: 0; font-size: 14px; list-style-type: disc;\">\n<li style=\"margin-bottom: 5px;\">M&eacute;todo de conexi&oacute;n: &frac34;&rdquo; NPT macho&comma; cables de 12 AWG de 18 pulgadas (45.72 cm) de largo<\/li>\n<li style=\"margin-bottom: 5px;\">Carcasa: Policarbonato NEMA 4X policarbonato<\/li>\n<li style=\"margin-bottom: 5px;\">Temperatura de operaci&oacute;n: -35&deg;C a 80&deg;C (-31&deg;F a 176&deg;F)<\/li>\n<li style=\"margin-bottom: 5px;\">Dimensiones: 88.9 x 48.3 x 86.4 mm<\/li>\n<li style=\"margin-bottom: 5px;\">Peso: 250 g<\/li>\n<li style=\"margin-bottom: 5px;\"><a style=\"color: #0d6efd; text-decoration-line: none;\" title=\"Ficha t&eacute;cnica\" href=\"https:\/\/ftp3.syscom.mx\/usuarios\/scorrea\/A\/DITEK\/DTK120240CM\/Especificaciones_tecnicas.pdf?_gl=1*1g9voju*_gcl_au*MTk4NDQyMzI0NS4xNzUxMzA0NTQw\" target=\"_blank\" rel=\"noopener\">Revise la ficha completa<\/a><\/li>\n<\/ul><\/div>\n<\/p><\/div>\n<\/p><\/div>\n<p> <!-- Tarjeta de caracter\u00edsticas destacadas --> <\/p>\n<div style=\"flex: 1 1 300px; min-width: 280px;\">\n<div style=\"border: 1px solid rgba(150&comma; 150&comma; 150&comma; 0.4); border-radius: 8px; overflow: hidden; display: flex; flex-direction: column;\">\n<div style=\"padding: 15px; border-bottom: 1px solid rgba(150&comma; 150&comma; 150&comma; 0.2); font-weight: bold; font-size: 18px; color: white; background-color: rgba(0&comma; 123&comma; 255&comma; 0.8);\">Caracter&iacute;sticas Destacadas:<\/div>\n<div style=\"padding: 15px; color: inherit;\">\n<ul style=\"padding-left: 20px; margin: 0; font-size: 14px; list-style-type: disc;\">\n<li style=\"margin-bottom: 5px;\">El PRO120\/240 es un dispositivo de protecci&oacute;n contra sobrevoltajes multiprop&oacute;sito ideal para proteger condensadores HVAC&comma; bombas de piscinas o pozos&comma; motores y energ&iacute;a el&eacute;ctrica entrante.<\/li>\n<li style=\"margin-bottom: 5px;\">Estos SPD compactos de montaje en paralelo est&aacute;n disponibles para sistemas de 120\/240 V y 240\/480 V&comma; y son una opci&oacute;n excelente para una protecci&oacute;n contra sobretensiones eficaz y basada en el rendimiento.<\/li>\n<\/ul><\/div>\n<\/p><\/div>\n<\/p><\/div>\n<\/p><\/div>\n<\/p><\/div>\n","protected":false},"excerpt":{"rendered":"<p>Dispositivo de Protecci\u00f3n contra Sobretensiones de Fase Dividida de 120\/240 VCA, Recomendado para Climas, Motores, Iluminaci\u00f3n.<\/p>\n","protected":false},"featured_media":40855,"comment_status":"open","ping_status":"closed","template":"","meta":[],"product_brand":[],"product_cat":[1069],"product_tag":[1066,1070,454],"class_list":{"0":"post-40856","1":"product","2":"type-product","3":"status-publish","4":"has-post-thumbnail","6":"product_cat-centros-de-carga-e-interruptores","7":"product_tag-area-electrica","8":"product_tag-centros-de-carga-e-interruptores","9":"product_tag-epcom-powerline","11":"first","12":"outofstock","13":"sale","14":"shipping-taxable","15":"purchasable","16":"product-type-simple"},"_links":{"self":[{"href":"https:\/\/soydeaqui.ddns.net\/pachuca\/index.php\/wp-json\/wp\/v2\/product\/40856","targetHints":{"allow":["GET"]}}],"collection":[{"href":"https:\/\/soydeaqui.ddns.net\/pachuca\/index.php\/wp-json\/wp\/v2\/product"}],"about":[{"href":"https:\/\/soydeaqui.ddns.net\/pachuca\/index.php\/wp-json\/wp\/v2\/types\/product"}],"replies":[{"embeddable":true,"href":"https:\/\/soydeaqui.ddns.net\/pachuca\/index.php\/wp-json\/wp\/v2\/comments?post=40856"}],"wp:featuredmedia":[{"embeddable":true,"href":"https:\/\/soydeaqui.ddns.net\/pachuca\/index.php\/wp-json\/wp\/v2\/media\/40855"}],"wp:attachment":[{"href":"https:\/\/soydeaqui.ddns.net\/pachuca\/index.php\/wp-json\/wp\/v2\/media?parent=40856"}],"wp:term":[{"taxonomy":"product_brand","embeddable":true,"href":"https:\/\/soydeaqui.ddns.net\/pachuca\/index.php\/wp-json\/wp\/v2\/product_brand?post=40856"},{"taxonomy":"product_cat","embeddable":true,"href":"https:\/\/soydeaqui.ddns.net\/pachuca\/index.php\/wp-json\/wp\/v2\/product_cat?post=40856"},{"taxonomy":"product_tag","embeddable":true,"href":"https:\/\/soydeaqui.ddns.net\/pachuca\/index.php\/wp-json\/wp\/v2\/product_tag?post=40856"}],"curies":[{"name":"wp","href":"https:\/\/api.w.org\/{rel}","templated":true}]}}