{"id":40781,"date":"2026-03-18T17:57:31","date_gmt":"2026-03-18T17:57:31","guid":{"rendered":"https:\/\/soydeaqui.ddns.net\/pachuca\/index.php\/producto\/terminal-de-desconexion-hembra-pan-term-a-90o-color-azul-nylon-para-cable-14-16-awg-0-250-x-0-032-6-3-x-0-8mm\/"},"modified":"2026-03-18T17:57:32","modified_gmt":"2026-03-18T17:57:32","slug":"terminal-de-desconexion-hembra-pan-term-a-90o-color-azul-nylon-para-cable-14-16-awg-0-250-x-0-032-6-3-x-0-8mm","status":"publish","type":"product","link":"https:\/\/soydeaqui.ddns.net\/pachuca\/index.php\/producto\/terminal-de-desconexion-hembra-pan-term-a-90o-color-azul-nylon-para-cable-14-16-awg-0-250-x-0-032-6-3-x-0-8mm\/","title":{"rendered":"Terminal de Desconexi\u00f3n Hembra Pan-Term\u2122 a 90\u00ba, Color Azul, Nylon, para cable 14-16 AWG, 0.250 x 0.032 &#8221; (6.3 x 0.8mm)"},"content":{"rendered":"<div style='width: 100%; max-width: 1200px; margin: 0 auto; font-family: sans-serif; line-height: 1.6; color: inherit; background-color: transparent;'>\n<div style='display: flex; flex-wrap: wrap; gap: 30px; margin-bottom: 30px;'>\n<div style='flex: 1 1 300px; min-width: 280px;'>\n<h3 style='font-size: 22px; border-bottom: 2px solid currentColor; padding-bottom: 5px; margin-top: 0; color: inherit; opacity: 0.8;'>Especificaciones<\/h3>\n<ul style='padding-left: 20px; font-size: 15px; color: inherit;'>\n<li style='margin-bottom: 5px;'><strong>Tipo de terminal de desconexi\u00f3n:<\/strong> Terminal de desconexi\u00f3n hembra<\/li>\n<li style='margin-bottom: 5px;'><strong>Material de aislamiento:<\/strong> Nylon<\/li>\n<li style='margin-bottom: 5px;'><strong>Tipo de aislamiento:<\/strong> Aislamiento total<\/li>\n<li style='margin-bottom: 5px;'><strong>Tama\u00f1o m\u00e1ximo de conductor de cobre (AWG STR):<\/strong> 14<\/li>\n<li style='margin-bottom: 5px;'><strong>Tama\u00f1o m\u00e1ximo de conductor de cobre (AWG):<\/strong> N.\u00ba 14<\/li>\n<li style='margin-bottom: 5px;'><strong>Tama\u00f1o m\u00ednimo de conductor de cobre (AWG STR):<\/strong> 16<\/li>\n<li style='margin-bottom: 5px;'><strong>Tama\u00f1o m\u00ednimo de conductor de cobre (AWG):<\/strong> N.\u00ba 16<\/li>\n<li style='margin-bottom: 5px;'><strong>Tama\u00f1o m\u00e1ximo de cable (AWG):<\/strong> 14<\/li>\n<li style='margin-bottom: 5px;'><strong>Tama\u00f1o m\u00ednimo de cable (AWG):<\/strong> N.\u00ba 16<\/li>\n<li style='margin-bottom: 5px;'><strong>Longitud de la banda del cable (in):<\/strong> 01\/09\/1932<\/li>\n<li style='margin-bottom: 5px;'><strong>Longitud de la banda del cable (mm):<\/strong> 7.1<\/li>\n<li style='margin-bottom: 5px;'><strong>Tama\u00f1o de leng\u00fceta (in):<\/strong> 0.250 x 0.032<\/li>\n<li style='margin-bottom: 5px;'><strong>Tama\u00f1o de leng\u00fceta (mm):<\/strong> 6.3 x 0.8<\/li>\n<li style='margin-bottom: 5px;'><strong>Cumple las normas:<\/strong> Listado UL 310; listado UL 20H3 E78522; certificado por CSA LR31212&comma; C22.2 n.\u00ba 153<\/li>\n<li style='margin-bottom: 5px;'><strong>Tensi\u00f3n m\u00e1xima (V):<\/strong> 600<\/li>\n<li style='margin-bottom: 5px;'><strong>Material de base:<\/strong> Lat\u00f3n<\/li>\n<li style='margin-bottom: 5px;'><strong>Acabado\/recubrimiento:<\/strong> Esta\u00f1ado<\/li>\n<li style='margin-bottom: 5px;'><strong>C\u00f3digo de color:<\/strong> Azul<\/li>\n<li style='margin-bottom: 5px;'><strong>Tipo de tambor:<\/strong> Acceso tipo embudo<\/li>\n<li style='margin-bottom: 5px;'><strong>Grado de inflamabilidad:<\/strong> UL94-HB<\/li>\n<li style='margin-bottom: 5px;'><strong>Di\u00e1metro de aislamiento (in):<\/strong> 0.16<\/li>\n<li style='margin-bottom: 5px;'><strong>Di\u00e1metro de aislamiento (mm):<\/strong> 4.1<\/li>\n<li style='margin-bottom: 5px;'><strong>Temperatura m\u00e1xima de funcionamiento (\u00b0C):<\/strong> 221<\/li>\n<li style='margin-bottom: 5px;'><strong>Temperatura m\u00e1xima de funcionamiento (\u00b0F):<\/strong> 105<\/li>\n<li style='margin-bottom: 5px;'><strong>Submarca:<\/strong> Pan-Term\u2122<\/li>\n<li style='margin-bottom: 5px;'><strong>Tama\u00f1o m\u00e1ximo de conductor en sistema m\u00e9trico (mm\u00b2):<\/strong> 2.5<\/li>\n<li style='margin-bottom: 5px;'><strong>Tama\u00f1o m\u00ednimo de conductor en sistema m\u00e9trico (mm\u00b2):<\/strong> 1.5<\/li>\n<li style='margin-bottom: 5px;'><strong>Di\u00e1metro m\u00e1ximo de aislamiento de cable (in):<\/strong> 0.16<\/li>\n<li style='margin-bottom: 5px;'><strong>Di\u00e1metro m\u00e1ximo de aislamiento de cable (mm):<\/strong> 4.1<\/li>\n<li style='margin-bottom: 5px;'><strong>Longitud total (in):<\/strong> 0.94<\/li>\n<li style='margin-bottom: 5px;'><strong>Longitud total (mm):<\/strong> 23.9<\/li>\n<li style='margin-bottom: 5px;'><strong>Profundidad total (in):<\/strong> 0.94<\/li>\n<li style='margin-bottom: 5px;'><strong>Anchura total (in):<\/strong> 0.36<\/li>\n<li style='margin-bottom: 5px;'><strong>Anchura total (mm):<\/strong> 9.1<\/li>\n<li style='margin-bottom: 5px;'><strong>Altura total (in):<\/strong> 0.24<\/li>\n<li style='margin-bottom: 5px;'><strong>Altura total (mm):<\/strong> 6.1<\/li>\n<li style='margin-bottom: 5px;'><strong>Grosor total (in):<\/strong> 0.24<\/li>\n<li style='margin-bottom: 5px;'><strong>Grosor total (mm):<\/strong> 6.1<\/li>\n<li style='margin-bottom: 5px;'><strong>\u00c1ngulo de leng\u00fceta:<\/strong> Recto<\/li>\n<li style='margin-bottom: 5px;'><strong>Tipo de uni\u00f3n:<\/strong> Soldado con funda<\/li>\n<li style='margin-bottom: 5px;'><strong>Tipo de empaque:<\/strong> Botella<\/li>\n<li style='margin-bottom: 5px;'><strong>Tipo de producto:<\/strong> Desconexi\u00f3n<\/li>\n<li style='margin-bottom: 5px;'><strong>Para usar con:<\/strong> CT-1525&comma; CT-2300\/ST (CD-525)&comma; CT-2500\/L (CT-2525CH)&comma; UP14ZLW (CD-525)<\/li>\n<li style='margin-bottom: 5px;'><strong>Tama\u00f1o de conductor de cobre (AWG):<\/strong> 14<\/li>\n<li style='margin-bottom: 5px;'><strong>Tensi\u00f3n m\u00e1xima (kV):<\/strong> 0.6<\/li>\n<li style='margin-bottom: 5px;'><strong>Caracts. pza.:<\/strong> El terminal de desconexi\u00f3n puede insertarse en el terminal macho y extraerse de \u00e9l sin usar herramientas&comma; a fin de reducir el costo de instalaci\u00f3n \u2022 El dise\u00f1o completamente aislado proporciona protecci\u00f3n contra cortocircuitos el\u00e9ctricos \u2022 El tope del cable interno asegura la longitud adecuada de inserci\u00f3n dentro del tambor de terminaci\u00f3n&comma; lo que proporciona una conexi\u00f3n de mayor calidad \u2022 Dise\u00f1o de tambor con di\u00e1metros externos m\u00e1s grandes para su uso con herramientas manuales m\u00e1s comunes \u2022 Inflamabilidad UL&comma; UL 94V-2\/HB&comma; temperatura m\u00e1xima de aislamiento de 221\u00b0F (105\u00b0C) \u2022 Clasificaci\u00f3n UL y CSA hasta 600 V seg\u00fan UL 310<\/li>\n<\/ul><\/div>\n<\/p><\/div>\n<hr style='border: 0; border-top: 1px solid rgba(150&comma; 150&comma; 150&comma; 0.3); margin: 30px 0;'> <\/div>\n","protected":false},"excerpt":{"rendered":"<p>Terminal de Desconexi\u00f3n Hembra Pan-Term\u2122 a 90\u00ba, Color Azul, Nylon, para cable 14-16 AWG, 0.250 x 0.032 &#8221; (6.3 x 0.8mm)<\/p>\n","protected":false},"featured_media":40780,"comment_status":"open","ping_status":"closed","template":"","meta":[],"product_brand":[],"product_cat":[1095],"product_tag":[1058,445,1096],"class_list":{"0":"post-40781","1":"product","2":"type-product","3":"status-publish","4":"has-post-thumbnail","6":"product_cat-terminales-y-conectores-electricos","7":"product_tag-ferreteria","8":"product_tag-panduit","9":"product_tag-terminales-y-conectores-electricos","11":"first","12":"outofstock","13":"sale","14":"shipping-taxable","15":"purchasable","16":"product-type-simple"},"_links":{"self":[{"href":"https:\/\/soydeaqui.ddns.net\/pachuca\/index.php\/wp-json\/wp\/v2\/product\/40781","targetHints":{"allow":["GET"]}}],"collection":[{"href":"https:\/\/soydeaqui.ddns.net\/pachuca\/index.php\/wp-json\/wp\/v2\/product"}],"about":[{"href":"https:\/\/soydeaqui.ddns.net\/pachuca\/index.php\/wp-json\/wp\/v2\/types\/product"}],"replies":[{"embeddable":true,"href":"https:\/\/soydeaqui.ddns.net\/pachuca\/index.php\/wp-json\/wp\/v2\/comments?post=40781"}],"wp:featuredmedia":[{"embeddable":true,"href":"https:\/\/soydeaqui.ddns.net\/pachuca\/index.php\/wp-json\/wp\/v2\/media\/40780"}],"wp:attachment":[{"href":"https:\/\/soydeaqui.ddns.net\/pachuca\/index.php\/wp-json\/wp\/v2\/media?parent=40781"}],"wp:term":[{"taxonomy":"product_brand","embeddable":true,"href":"https:\/\/soydeaqui.ddns.net\/pachuca\/index.php\/wp-json\/wp\/v2\/product_brand?post=40781"},{"taxonomy":"product_cat","embeddable":true,"href":"https:\/\/soydeaqui.ddns.net\/pachuca\/index.php\/wp-json\/wp\/v2\/product_cat?post=40781"},{"taxonomy":"product_tag","embeddable":true,"href":"https:\/\/soydeaqui.ddns.net\/pachuca\/index.php\/wp-json\/wp\/v2\/product_tag?post=40781"}],"curies":[{"name":"wp","href":"https:\/\/api.w.org\/{rel}","templated":true}]}}