{"id":40720,"date":"2026-03-18T17:55:53","date_gmt":"2026-03-18T17:55:53","guid":{"rendered":"https:\/\/soydeaqui.ddns.net\/pachuca\/index.php\/producto\/cinturon-para-herramientas-tradesman-pro-grande-se-adapta-a-contornos-de-cintura-de-35-a-39\/"},"modified":"2026-03-18T17:56:05","modified_gmt":"2026-03-18T17:56:05","slug":"cinturon-para-herramientas-tradesman-pro-grande-se-adapta-a-contornos-de-cintura-de-35-a-39","status":"publish","type":"product","link":"https:\/\/soydeaqui.ddns.net\/pachuca\/index.php\/producto\/cinturon-para-herramientas-tradesman-pro-grande-se-adapta-a-contornos-de-cintura-de-35-a-39\/","title":{"rendered":"Cintur\u00f3n para herramientas Tradesman Pro\u2122 \/ Grande se adapta a contornos de cintura de 35&#8243; a 39&#8243;."},"content":{"rendered":"<div style='width: 100%; max-width: 1200px; margin: 0 auto; font-family: sans-serif; line-height: 1.6; color: inherit; background-color: transparent;'>\n<div style='margin-bottom: 30px;'>\n<p style='font-size: 16px; line-height: 24px; margin: 0 0 20px; color: inherit;'> Cree su propio cintur\u00f3n de herramientas&comma; y transporte solo las herramientas que necesita. El cintur\u00f3n acolchado con interior de malla de trama abierta es c\u00f3modo. Puntos de conexi\u00f3n met\u00e1licos que brindan mayor soporte cuando se enganchan los tirantes. El cintur\u00f3n viene con manijas laterales para levantarlo con facilidad y se ajusta a contornos de cintura de 35&#8221; a 39&#8221; (88&comma;9 a 99&comma;1 cm). <\/p>\n<\/p><\/div>\n<h6 style='margin-bottom: 20px; margin-top: 30px; font-size: 20px; line-height: 34px; font-family: sans-serif; font-weight: normal; color: inherit; border-bottom: 2px solid rgba(150&comma;150&comma;150&comma;0.3); padding-bottom: 10px;'> ESPECIFICACIONES <\/h6>\n<div style='display: flex; flex-wrap: wrap; gap: 20px; margin-bottom: 30px;'>\n<div style='flex: 1 1 250px; border: 1px solid rgba(150&comma; 150&comma; 150&comma; 0.4); border-radius: 8px; overflow: hidden; display: flex; flex-direction: column;'>\n<div style='padding: 15px; border-bottom: 1px solid rgba(150&comma; 150&comma; 150&comma; 0.2); font-weight: bold; font-size: 18px; color: inherit; background-color: rgba(204&comma; 204&comma; 204&comma; 0.2);'>Caracter\u00edsticas<\/div>\n<div style='padding: 15px; color: inherit;'>\n<ul style='padding-left: 20px; margin: 0; font-size: 14px; list-style-type: disc;'>\n<li style='margin-bottom: 5px;'><strong>Tipo:<\/strong> Modular Click Lock\u2122<\/li>\n<li style='margin-bottom: 5px;'><strong>Caracter\u00edsticas especiales:<\/strong> Revestimiento acolchado con malla de trama abierta; soporte tipo lazo para cinta de medici\u00f3n<\/li>\n<li style='margin-bottom: 5px;'><strong>Material:<\/strong> Poli\u00e9ster bal\u00edstico y cuero<\/li>\n<li style='margin-bottom: 5px;'><strong>Color:<\/strong> Negro<\/li>\n<li style='margin-bottom: 5px;'><strong>Tipo de cierre:<\/strong> Hebilla<\/li>\n<\/ul><\/div>\n<\/p><\/div>\n<div style='flex: 1 1 250px; border: 1px solid rgba(150&comma; 150&comma; 150&comma; 0.4); border-radius: 8px; overflow: hidden; display: flex; flex-direction: column;'>\n<div style='padding: 15px; border-bottom: 1px solid rgba(150&comma; 150&comma; 150&comma; 0.2); font-weight: bold; font-size: 18px; color: inherit; background-color: rgba(204&comma; 204&comma; 204&comma; 0.2);'>Especificaciones<\/div>\n<div style='padding: 15px; color: inherit;'>\n<ul style='padding-left: 20px; margin: 0; font-size: 14px; list-style-type: disc;'>\n<li style='margin-bottom: 5px;'><strong>Aplicaci\u00f3n:<\/strong> Para usar con los portaherramientas Tradesman Pro\u2122 de Klein Tools<\/li>\n<li style='margin-bottom: 5px;'><strong>Contorno de cintura:<\/strong> 35&#8221; a 39&#8221; (88&comma;9 a 99&comma;1 cm)<\/li>\n<li style='margin-bottom: 5px;'><strong>Longitud total:<\/strong> 49&#8221; (124&comma;5 cm)<\/li>\n<li style='margin-bottom: 5px;'><strong>Altura total:<\/strong> 1&#8221; (2&comma;5 cm)<\/li>\n<li style='margin-bottom: 5px;'><strong>Ancho total:<\/strong> 5&#8221; (12&comma;7 cm)<\/li>\n<li style='margin-bottom: 5px;'><strong>Ancho del cintur\u00f3n:<\/strong> 2&#8221; (5&comma;1 cm)<\/li>\n<li style='margin-bottom: 5px;'><strong>Peso:<\/strong> 1&comma;1 lb (0&comma;5 kg)<\/li>\n<li style='margin-bottom: 5px;'><strong>UPC:<\/strong> 092644559198<\/li>\n<\/ul><\/div>\n<\/p><\/div>\n<\/p><\/div>\n<hr style='border: 0; border-top: 1px solid rgba(150&comma; 150&comma; 150&comma; 0.3); margin: 30px 0;'> <\/div>\n","protected":false},"excerpt":{"rendered":"<p>Cintur\u00f3n para herramientas Tradesman Pro\u2122 \/ Grande se adapta a contornos de cintura de 35&#8243; a 39&#8243;.<\/p>\n","protected":false},"featured_media":40719,"comment_status":"open","ping_status":"closed","template":"","meta":[],"product_brand":[],"product_cat":[1138],"product_tag":[1058,1139,432],"class_list":{"0":"post-40720","1":"product","2":"type-product","3":"status-publish","4":"has-post-thumbnail","6":"product_cat-herramientas-mecanicas","7":"product_tag-ferreteria","8":"product_tag-herramientas-mecanicas","9":"product_tag-klein-tools","11":"first","12":"instock","13":"sale","14":"shipping-taxable","15":"purchasable","16":"product-type-simple"},"_links":{"self":[{"href":"https:\/\/soydeaqui.ddns.net\/pachuca\/index.php\/wp-json\/wp\/v2\/product\/40720","targetHints":{"allow":["GET"]}}],"collection":[{"href":"https:\/\/soydeaqui.ddns.net\/pachuca\/index.php\/wp-json\/wp\/v2\/product"}],"about":[{"href":"https:\/\/soydeaqui.ddns.net\/pachuca\/index.php\/wp-json\/wp\/v2\/types\/product"}],"replies":[{"embeddable":true,"href":"https:\/\/soydeaqui.ddns.net\/pachuca\/index.php\/wp-json\/wp\/v2\/comments?post=40720"}],"wp:featuredmedia":[{"embeddable":true,"href":"https:\/\/soydeaqui.ddns.net\/pachuca\/index.php\/wp-json\/wp\/v2\/media\/40719"}],"wp:attachment":[{"href":"https:\/\/soydeaqui.ddns.net\/pachuca\/index.php\/wp-json\/wp\/v2\/media?parent=40720"}],"wp:term":[{"taxonomy":"product_brand","embeddable":true,"href":"https:\/\/soydeaqui.ddns.net\/pachuca\/index.php\/wp-json\/wp\/v2\/product_brand?post=40720"},{"taxonomy":"product_cat","embeddable":true,"href":"https:\/\/soydeaqui.ddns.net\/pachuca\/index.php\/wp-json\/wp\/v2\/product_cat?post=40720"},{"taxonomy":"product_tag","embeddable":true,"href":"https:\/\/soydeaqui.ddns.net\/pachuca\/index.php\/wp-json\/wp\/v2\/product_tag?post=40720"}],"curies":[{"name":"wp","href":"https:\/\/api.w.org\/{rel}","templated":true}]}}