{"id":40107,"date":"2026-03-18T17:39:01","date_gmt":"2026-03-18T17:39:01","guid":{"rendered":"https:\/\/soydeaqui.ddns.net\/pachuca\/index.php\/producto\/sistema-magntico-de-jalado-de-cables-de-6-1-metros-20-pies\/"},"modified":"2026-03-18T17:39:16","modified_gmt":"2026-03-18T17:39:16","slug":"sistema-magntico-de-jalado-de-cables-de-6-1-metros-20-pies","status":"publish","type":"product","link":"https:\/\/soydeaqui.ddns.net\/pachuca\/index.php\/producto\/sistema-magntico-de-jalado-de-cables-de-6-1-metros-20-pies\/","title":{"rendered":"Sistema Magn?tico de Jalado de Cables de 6.1 Metros (20 Pies)"},"content":{"rendered":"<div style='width: 100%; max-width: 1200px; margin: 0 auto; font-family: sans-serif; line-height: 1.6; color: inherit; background-color: transparent;'>\n<div style='display: flex; flex-wrap: wrap; gap: 30px; margin-bottom: 30px;'>\n<div style='flex: 1 1 300px; min-width: 280px;'>\n<h3 style='font-size: 22px; border-bottom: 2px solid currentColor; padding-bottom: 5px; margin-top: 0; color: inherit; opacity: 0.8;'>Caracter\u00edsticas<\/h3>\n<ul style='padding-left: 20px; font-size: 15px; color: inherit;'>\n<li style='margin-bottom: 5px; font-size: 14px;'>Direcciona cables r\u00e1pidamente en espacios cerrados&comma; como huecos en paredes&comma; pisos y cielos rasos.<\/li>\n<li style='margin-bottom: 5px; font-size: 14px;'>Dise\u00f1o innovador de gu\u00eda magn\u00e9tica de jalado que permite atravesar numerosas obstrucciones.<\/li>\n<li style='margin-bottom: 5px; font-size: 14px;'>El ojal de la gu\u00eda giratoria se acopla con seguridad a la mayor\u00eda de los mangos de tracci\u00f3n de cables&comma; incluidos los de malla de alambre.<\/li>\n<li style='margin-bottom: 5px; font-size: 14px;'>Gu\u00eda de jalado de nylon que no da\u00f1a los elementos&comma; con cuerda de nylon de alta resistencia de 20&#8242; (6 m)<\/li>\n<li style='margin-bottom: 5px; font-size: 14px;'>C\u00f3modo carrete y tubo de almacenamiento que protegen la unidad cuando no se la utiliza.<\/li>\n<\/ul><\/div>\n<\/p><\/div>\n<div style='display: flex; flex-wrap: wrap; gap: 20px; margin-bottom: 30px;'>\n<div style='flex: 1 1 250px; border: 1px solid rgba(150&comma; 150&comma; 150&comma; 0.4); border-radius: 8px; overflow: hidden; display: flex; flex-direction: column;'>\n<div style='padding: 15px; border-bottom: 1px solid rgba(150&comma; 150&comma; 150&comma; 0.2); font-weight: bold; font-size: 18px; color: inherit;'>F\u00edsicas<\/div>\n<div style='padding: 15px; color: inherit;'>\n<ul style='padding-left: 20px; margin: 0; font-size: 14px; list-style-type: disc; color: inherit;'>\n<li style='margin-bottom: 5px; color: inherit;'>Material: Nylon<\/li>\n<li style='margin-bottom: 5px; color: inherit;'>Aplicaci\u00f3n: Jalado de cables detr\u00e1s de paredes terminadas y otros espacios terminados.<\/li>\n<li style='margin-bottom: 5px; color: inherit;'>Caracter\u00edsticas especiales: Dise\u00f1o de gu\u00eda de jalado que permite atravesar obstrucciones.<\/li>\n<li style='margin-bottom: 5px; color: inherit;'>Longitud total: 20 ft (6.1 m)<\/li>\n<li style='margin-bottom: 5px; color: inherit;'>Peso: 181 gr (6.4 oz)<\/li>\n<\/ul><\/div>\n<\/p><\/div>\n<\/p><\/div>\n<hr style='border: 0; border-top: 1px solid rgba(150&comma; 150&comma; 150&comma; 0.3); margin: 30px 0;'>\n<div style='display: flex; flex-wrap: wrap; gap: 30px;'>\n<div style='flex: 1 1 300px; min-width: 280px;'> <img style='width: 100%; height: auto; border: 1px solid rgba(150&comma;150&comma;150&comma;0.3); border-radius: 8px;' src='https:\/\/ftp3.syscom.mx\/usuarios\/fotos\/SRS56037\/205550-captura_de_pantalla_2023-05-23_a_la(s)_9.29.50.png' alt=''> <\/div>\n<\/p><\/div>\n<\/p><\/div>\n","protected":false},"excerpt":{"rendered":"<p>Sistema Magn?tico de Jalado de Cables de 6.1 Metros (20 Pies)<\/p>\n","protected":false},"featured_media":40106,"comment_status":"open","ping_status":"closed","template":"","meta":[],"product_brand":[],"product_cat":[608],"product_tag":[586,25,432],"class_list":{"0":"post-40107","1":"product","2":"type-product","3":"status-publish","4":"has-post-thumbnail","6":"product_cat-herramientas-cableado-de-cobre","7":"product_tag-cableado-de-cobre","8":"product_tag-herramientas","9":"product_tag-klein-tools","11":"first","12":"outofstock","13":"sale","14":"shipping-taxable","15":"purchasable","16":"product-type-simple"},"_links":{"self":[{"href":"https:\/\/soydeaqui.ddns.net\/pachuca\/index.php\/wp-json\/wp\/v2\/product\/40107","targetHints":{"allow":["GET"]}}],"collection":[{"href":"https:\/\/soydeaqui.ddns.net\/pachuca\/index.php\/wp-json\/wp\/v2\/product"}],"about":[{"href":"https:\/\/soydeaqui.ddns.net\/pachuca\/index.php\/wp-json\/wp\/v2\/types\/product"}],"replies":[{"embeddable":true,"href":"https:\/\/soydeaqui.ddns.net\/pachuca\/index.php\/wp-json\/wp\/v2\/comments?post=40107"}],"wp:featuredmedia":[{"embeddable":true,"href":"https:\/\/soydeaqui.ddns.net\/pachuca\/index.php\/wp-json\/wp\/v2\/media\/40106"}],"wp:attachment":[{"href":"https:\/\/soydeaqui.ddns.net\/pachuca\/index.php\/wp-json\/wp\/v2\/media?parent=40107"}],"wp:term":[{"taxonomy":"product_brand","embeddable":true,"href":"https:\/\/soydeaqui.ddns.net\/pachuca\/index.php\/wp-json\/wp\/v2\/product_brand?post=40107"},{"taxonomy":"product_cat","embeddable":true,"href":"https:\/\/soydeaqui.ddns.net\/pachuca\/index.php\/wp-json\/wp\/v2\/product_cat?post=40107"},{"taxonomy":"product_tag","embeddable":true,"href":"https:\/\/soydeaqui.ddns.net\/pachuca\/index.php\/wp-json\/wp\/v2\/product_tag?post=40107"}],"curies":[{"name":"wp","href":"https:\/\/api.w.org\/{rel}","templated":true}]}}