{"id":4002,"date":"2026-03-18T06:14:29","date_gmt":"2026-03-18T06:14:29","guid":{"rendered":"https:\/\/soydeaqui.ddns.net\/pachuca\/index.php\/producto\/ax-hybrid-pro-teclado-compatible-con-el-panel-hybrid-pro-hikvision-ds-pha64-lp-y-ds-pha64-lpb-pantalla-lcd-2-zonas-cableadas-1-salida-de-alarma-64-llaveros\/"},"modified":"2026-03-18T06:14:32","modified_gmt":"2026-03-18T06:14:32","slug":"ax-hybrid-pro-teclado-compatible-con-el-panel-hybrid-pro-hikvision-ds-pha64-lp-y-ds-pha64-lpb-pantalla-lcd-2-zonas-cableadas-1-salida-de-alarma-64-llaveros","status":"publish","type":"product","link":"https:\/\/soydeaqui.ddns.net\/pachuca\/index.php\/producto\/ax-hybrid-pro-teclado-compatible-con-el-panel-hybrid-pro-hikvision-ds-pha64-lp-y-ds-pha64-lpb-pantalla-lcd-2-zonas-cableadas-1-salida-de-alarma-64-llaveros\/","title":{"rendered":"(AX HYBRID PRO) Teclado Compatible con el Panel Hybrid Pro Hikvision DS-PHA64-LP y DS-PHA64-LP(B) \/ Pantalla LCD \/ 2 zonas cableadas \/ 1 salida de alarma \/ 64 Llaveros"},"content":{"rendered":"<div style='width: 100%; max-width: 1200px; margin: 0 auto; font-family: sans-serif; line-height: 1.6; color: inherit; background-color: transparent;'>\n<p style='text-align: center; margin: 0 0 20px 0;'><img style='width: 45%; height: auto; border: 1px solid rgba(150&comma;150&comma;150&comma;0.3); border-radius: 8px;' src='https:\/\/ftp3.syscom.mx\/usuarios\/jsosa\/HIKVISION\/imagenes\/logo\/hikvision%20see%20far.png' alt='Logo Hikvision'><\/p>\n<div style='display: flex; flex-wrap: wrap; gap: 30px; margin-bottom: 30px;'>\n<div style='flex: 1 1 300px; min-width: 280px;'>\n<h3 style='font-size: 22px; border-bottom: 2px solid currentColor; padding-bottom: 5px; margin-top: 0; color: inherit; opacity: 0.8;'>Caracter\u00edsticas principales<\/h3>\n<ul style='padding-left: 20px; font-size: 15px; color: inherit;'>\n<li style='margin-bottom: 5px;'>Pantalla LCD<\/li>\n<li style='margin-bottom: 5px;'>Lector de tags integrado<\/li>\n<li style='margin-bottom: 5px;'>Soporta integraci\u00f3n de hasta 64 Keyfob<\/li>\n<li style='margin-bottom: 5px;'>Notificaci\u00f3n por tamper<\/li>\n<li style='margin-bottom: 5px;'>Buzzer integrado (soporta funci\u00f3n chime)<\/li>\n<li style='margin-bottom: 5px;'>Entrada de alarma: 2<\/li>\n<li style='margin-bottom: 5px;'>Salida de alarma: 1<\/li>\n<\/ul><\/div>\n<div style='flex: 1 1 300px; min-width: 280px;'>\n<h3 style='font-size: 22px; border-bottom: 2px solid currentColor; padding-bottom: 5px; margin-top: 0; color: inherit; opacity: 0.8;'>Caracter\u00edsticas F\u00edsicas y El\u00e9ctricas<\/h3>\n<ul style='padding-left: 20px; font-size: 15px; color: inherit;'>\n<li style='margin-bottom: 5px;'>Temperatura de operaci\u00f3n: -10\u00b0C a 55\u00b0C<\/li>\n<li style='margin-bottom: 5px;'>Alimentaci\u00f3n: 12Vcc \/ 1.33 W<\/li>\n<li style='margin-bottom: 5px;'>Dimensiones: 150 x 115 x 28 mm<\/li>\n<\/ul><\/div>\n<\/p><\/div>\n<div style='position: relative; padding-bottom: 56.25%; height: 0; overflow: hidden; margin-bottom: 30px;'>   <\/div>\n<p style='text-align: center; margin: 30px 0 0 0;'><a href='https:\/\/www.syscom.mx\/principal\/listadoproductosazul\/intrusion-hikvision-paneles-de-alarma-y-accesorios-ax-hybrid-pro-66400.html?ordenar=Precio_de_Menor_a_Mayor&#038;pag=1'><img style='width: 100%; height: auto; border: 1px solid rgba(150&comma;150&comma;150&comma;0.3); border-radius: 8px;' src='https:\/\/ftp3.syscom.mx\/usuarios\/jsosa\/HIKVISION\/alarmas\/hybridpro\/AX%20HYBRID%20PRO.png' alt='Banner Serie AX PRO'><\/a><\/p>\n<\/p><\/div>\n","protected":false},"excerpt":{"rendered":"<p>(AX HYBRID PRO) Teclado Compatible con el Panel Hybrid Pro Hikvision DS-PHA64-LP y DS-PHA64-LP(B) \/ Pantalla LCD \/ 2 zonas cableadas \/ 1 salida de alarma \/ 64 Llaveros<\/p>\n","protected":false},"featured_media":4001,"comment_status":"open","ping_status":"closed","template":"","meta":[],"product_brand":[],"product_cat":[413],"product_tag":[414,54,69],"class_list":{"0":"post-4002","1":"product","2":"type-product","3":"status-publish","4":"has-post-thumbnail","6":"product_cat-ax-hybrid-pro-series","7":"product_tag-ax-hybrid-pro-series","8":"product_tag-hikvision","9":"product_tag-paneles-de-alarma-y-accesorios-hikvision","11":"first","12":"instock","13":"sale","14":"shipping-taxable","15":"purchasable","16":"product-type-simple"},"_links":{"self":[{"href":"https:\/\/soydeaqui.ddns.net\/pachuca\/index.php\/wp-json\/wp\/v2\/product\/4002","targetHints":{"allow":["GET"]}}],"collection":[{"href":"https:\/\/soydeaqui.ddns.net\/pachuca\/index.php\/wp-json\/wp\/v2\/product"}],"about":[{"href":"https:\/\/soydeaqui.ddns.net\/pachuca\/index.php\/wp-json\/wp\/v2\/types\/product"}],"replies":[{"embeddable":true,"href":"https:\/\/soydeaqui.ddns.net\/pachuca\/index.php\/wp-json\/wp\/v2\/comments?post=4002"}],"wp:featuredmedia":[{"embeddable":true,"href":"https:\/\/soydeaqui.ddns.net\/pachuca\/index.php\/wp-json\/wp\/v2\/media\/4001"}],"wp:attachment":[{"href":"https:\/\/soydeaqui.ddns.net\/pachuca\/index.php\/wp-json\/wp\/v2\/media?parent=4002"}],"wp:term":[{"taxonomy":"product_brand","embeddable":true,"href":"https:\/\/soydeaqui.ddns.net\/pachuca\/index.php\/wp-json\/wp\/v2\/product_brand?post=4002"},{"taxonomy":"product_cat","embeddable":true,"href":"https:\/\/soydeaqui.ddns.net\/pachuca\/index.php\/wp-json\/wp\/v2\/product_cat?post=4002"},{"taxonomy":"product_tag","embeddable":true,"href":"https:\/\/soydeaqui.ddns.net\/pachuca\/index.php\/wp-json\/wp\/v2\/product_tag?post=4002"}],"curies":[{"name":"wp","href":"https:\/\/api.w.org\/{rel}","templated":true}]}}