{"id":39984,"date":"2026-03-18T17:35:46","date_gmt":"2026-03-18T17:35:46","guid":{"rendered":"https:\/\/soydeaqui.ddns.net\/pachuca\/index.php\/producto\/conector-para-dos-cables-en-forma-de-cruz-de-diferente-calibre-de-2-0-250-y-4-2-0-awg\/"},"modified":"2026-03-18T17:35:50","modified_gmt":"2026-03-18T17:35:50","slug":"conector-para-dos-cables-en-forma-de-cruz-de-diferente-calibre-de-2-0-250-y-4-2-0-awg","status":"publish","type":"product","link":"https:\/\/soydeaqui.ddns.net\/pachuca\/index.php\/producto\/conector-para-dos-cables-en-forma-de-cruz-de-diferente-calibre-de-2-0-250-y-4-2-0-awg\/","title":{"rendered":"Conector para Dos Cables en Forma de Cruz de Diferente Calibre de  2\/0 &#8211; 250 y 4 &#8211; 2\/0.AWG"},"content":{"rendered":"<div style='width: 100%; max-width: 1200px; margin: 0 auto; font-family: sans-serif; line-height: 1.6; color: inherit; background-color: transparent;'> <!-- Logo --> <\/p>\n<div style='text-align: center; margin: 20px 0;'> <img style='width: 100%; max-width: 400px; height: auto; border: 1px solid rgba(150&comma;150&comma;150&comma;0.3); border-radius: 8px;' src='https:\/\/ftp3.syscom.mx\/usuarios\/fotos\/AT5315KIT\/183255-logo-lpg.png' alt=''> <\/div>\n<p> <!-- Secci\u00f3n de contenido con flex --> <\/p>\n<div style='display: flex; flex-wrap: wrap; gap: 30px; margin: 30px 0;'> <!-- Descripci\u00f3n --> <\/p>\n<div style='flex: 1 1 300px; min-width: 280px;'>\n<div style='border-left: 5px solid #02D9DB; border-radius: 5px; padding: 5px; box-shadow: 2px 2px 10px rgba(216&comma;216&comma;216&comma;0.5);'>\n<p style='margin: 0 0 10px 0; padding: 0;'> <span style='font-size: 22px; font-weight: bold; color: #2880b9; opacity: 0.8; display: block; margin-bottom: 10px; border-bottom: 2px solid currentColor; padding-bottom: 5px;'>Descripcion<\/span> <\/p>\n<ul style='padding-left: 20px; font-size: 15px; color: inherit; margin: 0;'>\n<li style='margin-bottom: 5px; text-align: justify;'><span>Conector mec\u00e1nico fabricado por medio de fusi\u00f3n en bronce para realizar uni\u00f3n en forma de cruz (X).<\/span><\/li>\n<\/ul><\/div>\n<\/p><\/div>\n<p> <!-- Beneficios --> <\/p>\n<div style='flex: 1 1 300px; min-width: 280px;'>\n<div style='border-left: 5px solid #02D9DB; border-radius: 5px; padding: 5px; box-shadow: 2px 2px 10px rgba(216&comma;216&comma;216&comma;0.5);'>\n<p style='margin: 0 0 10px 0; padding: 0;'> <span style='font-size: 22px; font-weight: bold; color: #2880b9; opacity: 0.8; display: block; margin-bottom: 10px; border-bottom: 2px solid currentColor; padding-bottom: 5px;'>Beneficios<\/span> <\/p>\n<ul style='padding-left: 20px; font-size: 15px; color: inherit; margin: 0;'>\n<li style='margin-bottom: 5px; text-align: justify;'><span>Otorga un eficiente empalme entre el cable y las masas de referencias.<\/span><\/li>\n<li style='margin-bottom: 5px;'><span>Viable para conexiones que no requieren soldadura exot\u00e9rmica.<\/span><\/li>\n<li style='margin-bottom: 5px;'><span>Baja resistencia que permite una \u00f3ptima continuidad el\u00e9ctrica entre dos conductores de diferentes calibres<\/span><\/li>\n<\/ul><\/div>\n<\/p><\/div>\n<p> <!-- Medidas --> <\/p>\n<div style='flex: 1 1 300px; min-width: 280px;'>\n<div style='border-left: 5px solid #02D9DB; border-radius: 5px; padding: 5px; box-shadow: 2px 2px 10px rgba(216&comma;216&comma;216&comma;0.5);'>\n<p style='margin: 0 0 10px 0; padding: 0;'> <span style='font-size: 22px; font-weight: bold; color: #2880b9; opacity: 0.8; display: block; margin-bottom: 10px; border-bottom: 2px solid currentColor; padding-bottom: 5px;'>Medidas<\/span> <\/p>\n<ul style='padding-left: 20px; font-size: 15px; color: inherit; margin: 0;'>\n<li style='margin-bottom: 5px;'><span>A: 3 cm.<\/span><\/li>\n<li style='margin-bottom: 5px;'><span>B: 6 cm.<\/span><\/li>\n<li style='margin-bottom: 5px;'><span>C: 4.5 cm.<\/span><\/li>\n<li style='margin-bottom: 5px;'><span>D: 3.5 cm.<\/span><\/li>\n<\/ul><\/div>\n<\/p><\/div>\n<\/p><\/div>\n<p> <!-- Imagen --> <\/p>\n<div style='width: 100%; text-align: center; margin: 30px 0;'> <img style='width: 100%; max-width: 565px; height: auto; border: 1px solid rgba(150&comma;150&comma;150&comma;0.3); border-radius: 8px;' src='https:\/\/ftp3.syscom.mx\/usuarios\/fotos\/LPCX2\/0\/209500-cot2.jpg' alt=''> <\/div>\n<\/p><\/div>\n","protected":false},"excerpt":{"rendered":"<p>Conector para Dos Cables en Forma de Cruz de Diferente Calibre de  2\/0 &#8211; 250 y 4 &#8211; 2\/0.AWG<\/p>\n","protected":false},"featured_media":39983,"comment_status":"open","ping_status":"closed","template":"","meta":[],"product_brand":[],"product_cat":[1090],"product_tag":[1091,1088,435],"class_list":{"0":"post-39984","1":"product","2":"type-product","3":"status-publish","4":"has-post-thumbnail","6":"product_cat-accesorios-para-tierra-fisica","7":"product_tag-accesorios-para-tierra-fisica","8":"product_tag-calidad-de-la-energia","9":"product_tag-linkedpro-by-epcom","11":"first","12":"outofstock","13":"sale","14":"shipping-taxable","15":"purchasable","16":"product-type-simple"},"_links":{"self":[{"href":"https:\/\/soydeaqui.ddns.net\/pachuca\/index.php\/wp-json\/wp\/v2\/product\/39984","targetHints":{"allow":["GET"]}}],"collection":[{"href":"https:\/\/soydeaqui.ddns.net\/pachuca\/index.php\/wp-json\/wp\/v2\/product"}],"about":[{"href":"https:\/\/soydeaqui.ddns.net\/pachuca\/index.php\/wp-json\/wp\/v2\/types\/product"}],"replies":[{"embeddable":true,"href":"https:\/\/soydeaqui.ddns.net\/pachuca\/index.php\/wp-json\/wp\/v2\/comments?post=39984"}],"wp:featuredmedia":[{"embeddable":true,"href":"https:\/\/soydeaqui.ddns.net\/pachuca\/index.php\/wp-json\/wp\/v2\/media\/39983"}],"wp:attachment":[{"href":"https:\/\/soydeaqui.ddns.net\/pachuca\/index.php\/wp-json\/wp\/v2\/media?parent=39984"}],"wp:term":[{"taxonomy":"product_brand","embeddable":true,"href":"https:\/\/soydeaqui.ddns.net\/pachuca\/index.php\/wp-json\/wp\/v2\/product_brand?post=39984"},{"taxonomy":"product_cat","embeddable":true,"href":"https:\/\/soydeaqui.ddns.net\/pachuca\/index.php\/wp-json\/wp\/v2\/product_cat?post=39984"},{"taxonomy":"product_tag","embeddable":true,"href":"https:\/\/soydeaqui.ddns.net\/pachuca\/index.php\/wp-json\/wp\/v2\/product_tag?post=39984"}],"curies":[{"name":"wp","href":"https:\/\/api.w.org\/{rel}","templated":true}]}}