{"id":39959,"date":"2026-03-18T17:35:02","date_gmt":"2026-03-18T17:35:02","guid":{"rendered":"https:\/\/soydeaqui.ddns.net\/pachuca\/index.php\/producto\/hidrolavadora-inalambrica-de-8-0-mpa-con-manguera-de-5m-y-deposito-de-agua-50-lts-motor-de-36-vcc-que-requiere-dos-baterias-de-18vcc-no-incluidas\/"},"modified":"2026-03-18T17:35:08","modified_gmt":"2026-03-18T17:35:08","slug":"hidrolavadora-inalambrica-de-8-0-mpa-con-manguera-de-5m-y-deposito-de-agua-50-lts-motor-de-36-vcc-que-requiere-dos-baterias-de-18vcc-no-incluidas","status":"publish","type":"product","link":"https:\/\/soydeaqui.ddns.net\/pachuca\/index.php\/producto\/hidrolavadora-inalambrica-de-8-0-mpa-con-manguera-de-5m-y-deposito-de-agua-50-lts-motor-de-36-vcc-que-requiere-dos-baterias-de-18vcc-no-incluidas\/","title":{"rendered":"Hidrolavadora Inal\u00e1mbrica de 8.0 Mpa. con Manguera de 5m y Dep\u00f3sito de Agua 50 Lts., Motor de 36 Vcc que Requiere dos bater\u00edas de 18Vcc (No incluidas)"},"content":{"rendered":"<div style='width: 100%; max-width: 1200px; margin: 0 auto; font-family: sans-serif; line-height: 1.6; color: inherit; background-color: transparent;'> <!-- Imagen principal --> <\/p>\n<div style='text-align: center; margin-bottom: 30px;'> <img style='width: 100%; max-width: 600px; height: auto; border: 1px solid rgba(150&comma;150&comma;150&comma;0.3); border-radius: 8px;' src='data:image\/png;base64&comma;iVBORw0KGgoAAAANSUhEUgAAAOIAAABPCAIAAAB58I6wAAAWLElEQVR4Ae1d93tUxfq\/\/8GGBNhNI6EHAUNROipFQYo0pAii9KLAvaKCwBUQUIp0VBQF8YKIsW3bptn0nhDS+6Znk+wmm+3lnPPL91nX7+Fw5p3Dhuwm5nkOz\/wwe3lnOXPmzDvvOTwLw7Zt27Zt27Zt27Zt27Zt29b5zPzN3HfuvZlJ5s98ZjI7z9z33HvP728g8A8C\/wjwD6b8g8A\/CPyDwD8I\/IMAP0z5B4F\/EPgHgX8Q+AcBfpjyDwL\/IPAPAv8g8A8C\/DDlHwT+QeAfBP5B4B8E+GHKPwj8g8A\/CPyDwD8I8MOUfxD4B4F\/EPgHgX8Q4Icp\/yDwDwL\/IPAPAv8gwA9T\/kHgHwT+QeAfBP5BgB+m\/IPAPwj8g8A\/CPyDAD9M+QeBfxD4B4F\/EPgHAX6Y8g8C\/yDwDwL\/IPAPAvww5R8E\/kHgHwT+QeAfBP6Pqf8B7R28Gz273V0AAAAASUVORK5CYII=' alt=''> <\/div>\n<p> <!-- Secci\u00f3n de contenido con flex --> <\/p>\n<div style='display: flex; flex-wrap: wrap; gap: 30px; margin-bottom: 30px;'> <!-- Beneficios --> <\/p>\n<div style='flex: 1 1 300px; min-width: 280px;'>\n<h3 style='font-size: 22px; border-bottom: 2px solid currentColor; padding-bottom: 5px; margin-top: 0; color: inherit; opacity: 0.8;'>Beneficios<\/h3>\n<ul style='padding-left: 20px; font-size: 15px; color: inherit;'>\n<li style='margin-bottom: 5px;'>Presi\u00f3n con boquilla plana en modo alto: 55 bar.<\/li>\n<li style='margin-bottom: 5px;'>Se ha conseguido una presi\u00f3n m\u00e1xima 80 bar&comma; tan alta como los modelos el\u00e9ctricos mediante el uso de un motor BL sin escobillas de alta potencia y una bomba original de Makita.<\/li>\n<li style='margin-bottom: 5px;'>Ajuste de presi\u00f3n continua f\u00e1cil de operar.<\/li>\n<li style='margin-bottom: 5px;'>La presi\u00f3n del chorro se puede ajustar sin escalonamientos girando la boquilla de la lanza.<\/li>\n<li style='margin-bottom: 5px;'>La presi\u00f3n del chorro se puede cambiar al modo de baja presi\u00f3n&comma; ideal para lavar puertas y ventanas&comma; unidades exteriores del aire acondicionado o la superficie del autom\u00f3vil.<\/li>\n<li style='margin-bottom: 5px;'>F\u00e1cil de transportar y alto rendimiento suficiente para limpiar autom\u00f3viles o maquinaria agr\u00edcola.<\/li>\n<li style='margin-bottom: 5px;'>Caja de almacenamiento incluida en equipo b\u00e1sico que tambi\u00e9n se puede utilizar como dep\u00f3sito de agua con una capacidad de aproximada de 50 litros.<\/li>\n<li style='margin-bottom: 5px;'>Selecci\u00f3n de 2 presiones: alta \/ baja.<\/li>\n<\/ul><\/div>\n<p> <!-- Informaci\u00f3n T\u00e9cnica --> <\/p>\n<div style='flex: 1 1 300px; min-width: 280px;'>\n<h3 style='font-size: 22px; border-bottom: 2px solid currentColor; padding-bottom: 5px; margin-top: 0; color: inherit; opacity: 0.8;'>Informaci\u00f3n T\u00e9cnica<\/h3>\n<ul style='padding-left: 20px; font-size: 15px; color: inherit;'>\n<li style='margin-bottom: 5px;'><strong>Peso seg\u00fan EPTA:<\/strong> 7&comma;70 Kg<\/li>\n<li style='margin-bottom: 5px;'><strong>Dimensiones:<\/strong> 438 x 218 x 269 mm<\/li>\n<li style='margin-bottom: 5px;'><strong>Presi\u00f3n m\u00e1x.:<\/strong> 80 bar<\/li>\n<li style='margin-bottom: 5px;'><strong>Tipo de Bater\u00eda:<\/strong> LXT<\/li>\n<li style='margin-bottom: 5px;'><strong>Tensi\u00f3n de la bater\u00eda:<\/strong> 18Vx2<\/li>\n<li style='margin-bottom: 5px;'><strong>Tiempo de trabajo continuo (alta):<\/strong> 15 hrs<\/li>\n<li style='margin-bottom: 5px;'><strong>Tiempo de trabajo continuo (baja):<\/strong> 34 hrs<\/li>\n<li style='margin-bottom: 5px;'><strong>Flujo m\u00e1x.:<\/strong> 380 L\/h<\/li>\n<li style='margin-bottom: 5px;'><strong>Longitud de la manguera:<\/strong> 5 m<\/li>\n<li style='margin-bottom: 5px;'><strong>Lanza:<\/strong> Pl\u00e1stico<\/li>\n<li style='margin-bottom: 5px;'><strong>M\u00e1x. temperatura de entrada de agua:<\/strong> 40 \u00b0C<\/li>\n<li style='margin-bottom: 5px;'><strong>Presi\u00f3n boquilla plana (alta):<\/strong> 55 bar<\/li>\n<li style='margin-bottom: 5px;'><strong>Presi\u00f3n boquilla plana (baja):<\/strong> 30 bar<\/li>\n<\/ul><\/div>\n<\/p><\/div>\n<p> <!-- Secci\u00f3n de cards con especificaciones --> <\/p>\n<div style='display: flex; flex-wrap: wrap; gap: 20px; margin-bottom: 30px;'>\n<div style='flex: 1 1 250px; border: 1px solid rgba(150&comma; 150&comma; 150&comma; 0.4); border-radius: 8px; overflow: hidden; display: flex; flex-direction: column;'>\n<div style='padding: 15px; border-bottom: 1px solid rgba(150&comma; 150&comma; 150&comma; 0.2); font-weight: bold; font-size: 18px; color: inherit;'>Utiliza<\/div>\n<div style='padding: 15px; color: inherit;'>\n<ul style='padding-left: 20px; margin: 0; font-size: 14px; list-style-type: disc;'>\n<li style='margin-bottom: 5px;'><a style='color: #2880b9; text-decoration: none;' href='https:\/\/www.syscom.mx\/principal\/searchcont?route=DC18RC-MAKITA-186539&#038;autodetect=dc18'>DC18RC<\/a> &#8211; Cargador R\u00e1pido para Bater\u00eda Litio-Ion de 18V LXT\u00ae<\/li>\n<li style='margin-bottom: 5px;'><a style='color: #2880b9; text-decoration: none;' href='https:\/\/www.syscom.mx\/principal\/searchcont?route=BL-1850-B-MAKITA-186538&#038;autodetect=bateria_18v'>BL-1850-B<\/a> &#8211; Bater\u00eda LXT Litio-Ion de 18V 5.0Ah<\/li>\n<\/ul>\n<p style='margin-top: 15px; font-size: 14px; color: inherit; opacity: 0.8;'>*No Incluidos<\/p>\n<\/p><\/div>\n<\/p><\/div>\n<\/p><\/div>\n<p> <!-- Separador --> <\/p>\n<hr style='border: 0; border-top: 1px solid rgba(150&comma; 150&comma; 150&comma; 0.3); margin: 30px 0;'> <\/div>\n","protected":false},"excerpt":{"rendered":"<p>Hidrolavadora Inal\u00e1mbrica de 8.0 Mpa. con Manguera de 5m y Dep\u00f3sito de Agua 50 Lts., Motor de 36 Vcc que Requiere dos bater\u00edas de 18Vcc (No incluidas)<\/p>\n","protected":false},"featured_media":39958,"comment_status":"open","ping_status":"closed","template":"","meta":[],"product_brand":[],"product_cat":[1227],"product_tag":[1058,1228,252],"class_list":{"0":"post-39959","1":"product","2":"type-product","3":"status-publish","4":"has-post-thumbnail","6":"product_cat-herramienta-electrica-a-bateria","7":"product_tag-ferreteria","8":"product_tag-herramienta-electrica-a-bateria","9":"product_tag-makita","11":"first","12":"outofstock","13":"sale","14":"shipping-taxable","15":"purchasable","16":"product-type-simple"},"_links":{"self":[{"href":"https:\/\/soydeaqui.ddns.net\/pachuca\/index.php\/wp-json\/wp\/v2\/product\/39959","targetHints":{"allow":["GET"]}}],"collection":[{"href":"https:\/\/soydeaqui.ddns.net\/pachuca\/index.php\/wp-json\/wp\/v2\/product"}],"about":[{"href":"https:\/\/soydeaqui.ddns.net\/pachuca\/index.php\/wp-json\/wp\/v2\/types\/product"}],"replies":[{"embeddable":true,"href":"https:\/\/soydeaqui.ddns.net\/pachuca\/index.php\/wp-json\/wp\/v2\/comments?post=39959"}],"wp:featuredmedia":[{"embeddable":true,"href":"https:\/\/soydeaqui.ddns.net\/pachuca\/index.php\/wp-json\/wp\/v2\/media\/39958"}],"wp:attachment":[{"href":"https:\/\/soydeaqui.ddns.net\/pachuca\/index.php\/wp-json\/wp\/v2\/media?parent=39959"}],"wp:term":[{"taxonomy":"product_brand","embeddable":true,"href":"https:\/\/soydeaqui.ddns.net\/pachuca\/index.php\/wp-json\/wp\/v2\/product_brand?post=39959"},{"taxonomy":"product_cat","embeddable":true,"href":"https:\/\/soydeaqui.ddns.net\/pachuca\/index.php\/wp-json\/wp\/v2\/product_cat?post=39959"},{"taxonomy":"product_tag","embeddable":true,"href":"https:\/\/soydeaqui.ddns.net\/pachuca\/index.php\/wp-json\/wp\/v2\/product_tag?post=39959"}],"curies":[{"name":"wp","href":"https:\/\/api.w.org\/{rel}","templated":true}]}}