{"id":39940,"date":"2026-03-18T17:34:35","date_gmt":"2026-03-18T17:34:35","guid":{"rendered":"https:\/\/soydeaqui.ddns.net\/pachuca\/index.php\/producto\/mini-esmeril-inalambrico-de-4-1-2-8-500-rpm-incluye-1-bat-li-ion-18v-5-0-a-h-y-cargador\/"},"modified":"2026-03-18T17:34:35","modified_gmt":"2026-03-18T17:34:35","slug":"mini-esmeril-inalambrico-de-4-1-2-8-500-rpm-incluye-1-bat-li-ion-18v-5-0-a-h-y-cargador","status":"publish","type":"product","link":"https:\/\/soydeaqui.ddns.net\/pachuca\/index.php\/producto\/mini-esmeril-inalambrico-de-4-1-2-8-500-rpm-incluye-1-bat-li-ion-18v-5-0-a-h-y-cargador\/","title":{"rendered":"Mini esmeril Inal\u00e1mbrico de 4-1\/2 &#8221; 8.500 rpm, Incluye 1 bat. li-ion 18v\/5.0 a.h y Cargador"},"content":{"rendered":"<div style='width: 100%; max-width: 1200px; margin: 0 auto; font-family: sans-serif; line-height: 1.6; color: inherit; background-color: transparent;'> <!-- Imagen del producto --> <\/p>\n<div style='text-align: center; margin-bottom: 20px;'> <img style='width: 100%; max-width: 500px; height: auto; border: 1px solid rgba(150&comma;150&comma;150&comma;0.3); border-radius: 8px;' src='data:image\/png;base64&comma;iVBORw0KGgoAAAANSUhEUgAAARUAAABpCAIAAACbGyC7AAAgAElEQVR4Ae1d6W8Ux9avD+\/z8L5fkr\/gAqLMsCMgCCi4IrgBKrghKCq4RsUFQXYBdyK475EkxquJiZqY5aoxGjW5N4lboiZqjDcuiQtOT8++dTfvc2ZgaGa6q9oRjMHmqQ9NT1d11a\/OqbPUqdMIrd0GZc1W0bJ6C5KLjICMgBMBPrOI8o\/z6VWbEZRNbWXlJiQXGYFXB4E24rfzgpM11mxFAsLH8bOTZwCmjWjFRrRiQ0up3YDkIiPw6iDQQvkbgREcqwZw1GbQyxxq2\/+t2DhnYl5Dyuj61tKQMqo+ZZTzTkPyqIbk9Prk9IbktHq5yAi8Agg0JKflTsz7n6o3UXU9qqlHtQ0gOVZsaGGkVZta+Of1mvrDcQOqvhVykRFwRqAxPpDXojJUWI1KV6Hy1ah8NTDSchtHq+1\/PvPP6zX1R+MGu\/gnI\/8KIdAYP8hrURkqrkLFK1HJSlS+GhVXo8JqVKh7I9JqG1r45\/Wa+qNxB5W\/HMnXr0oE9vZJ9CpajspXoYJyVLEaFVYBIy23S6TaBhH+eb36+qOxv8j8IyufjIATgcbYQV55C9G8xWh+MSoqR4XlYIiVrUJF5agG+KfV9+X+I5t\/Mv\/ICLgicDQ60StvPpqzGM1fghaUgCAqX40WlqJF5ai4GhXVoOJqVFSJqtc388\/r1esP585F8vUrjEBjzACvzLmoYB6aU4DmFqC8uWj6PJRfjOYvQYvKUWk1qK62+pP5R2YfGQFhBBqDorzyFqGZC9Dk2WhsFhqbhSYvQHnFqGAVKlyL5i1F85ei+cvQ3GK0oBSt3IjWbEYr1qH8hS3883r1+sO5c5B8\/aoi0Bgc4ZU2Fg0ZjQYnI3A4jR6P0sej9HxUWIaKq9C8YlS8BhWvQXnFzvzzevX6w9mzkXz96iLQGBLplTgYDRyKBo1AA4egwUPQ8LEoOR2Nz0L5C1F+MSoqQ8XVqGQdKl6D5i4B2bN8PZq9COXOQbMXofwStGgVWlKJ3tiK1m5BqzeguYtB+Zu9CC0sQ4vL0JKNqGQjWlyB5i1u4Z\/Xq9cfzpqB5OtXGgHb3p5BXuFRqP9gNGAoGjgEDR+Dxk1CqRnojXwoj8pKUWkVWlqF5hY688\/r1esP585A8vWri8DeHkFekdEoKg71H4QGJ6HkNDRiNBo9DqWlouJiVFaKyspQ6XK0ZBkqXo1y5zjzz+s19UfjB5KvX2kE9vYI9AqLQjHxqO8g1G8wGjgEjRyL0lJQ8TJUWorKStHSpWhpKZq3GJWUoZJytHw5WroMLV2K5hSg3Dlo9kK0uBQtKUZLytCSMlS8BhWvQXOXoJzZaPZ8tLgMLVqKli1Dy1egpctQ0UqUNxfNmo8WlaJly9GyMlS0AqWnI8+74v5Zuek1Wf7I\/CNToIyA5wjI\/OM5dp2xnsnt\/r0QkPlH5h8ZAc8RkPnHc+w6Yz2T2\/x7ISDzj8w\/MgKeIyDzj+fY\/b1WSrm3nYGAzD8y\/8gIeI6AzD+eY9cZ65nc5l+MwP8D47E26K1DQ4oAAAAASUVORK5CYII=' alt=''> <\/div>\n<p> <!-- Descripci\u00f3n del producto --> <\/p>\n<div style='display: flex; flex-wrap: wrap; gap: 30px; margin-bottom: 30px;'>\n<div style='flex: 1 1 300px; min-width: 280px;'>\n<h3 style='font-size: 22px; border-bottom: 2px solid currentColor; padding-bottom: 5px; margin-top: 0; color: inherit; opacity: 0.8;'>Caracter\u00edsticas t\u00e9cnicas<\/h3>\n<ul style='padding-left: 20px; font-size: 15px; color: inherit;'>\n<li style='margin-bottom: 5px;'><strong>Modelo:<\/strong> DGA456<\/li>\n<li style='margin-bottom: 5px;'><strong>Voltaje:<\/strong> 18V<\/li>\n<li style='margin-bottom: 5px;'><strong>Di\u00e1metro del disco:<\/strong> 115 mm (4-1\/2 pulg)<\/li>\n<li style='margin-bottom: 5px;'><strong>Grosor del disco:<\/strong> 6.4 mm (1\/4 pulg)<\/li>\n<li style='margin-bottom: 5px;'><strong>Rosca del eje:<\/strong> 5\/8 pulg<\/li>\n<li style='margin-bottom: 5px;'><strong>Velocidad:<\/strong> 5800 r\/min<\/li>\n<\/ul><\/div>\n<div style='flex: 1 1 300px; min-width: 280px;'>\n<h3 style='font-size: 22px; border-bottom: 2px solid currentColor; padding-bottom: 5px; margin-top: 0; color: inherit; opacity: 0.8;'>Incluye<\/h3>\n<ul style='padding-left: 20px; font-size: 15px; color: inherit;'>\n<li style='margin-bottom: 5px;'>1 Cargador<\/li>\n<li style='margin-bottom: 5px;'>1 Bater\u00eda<\/li>\n<li style='margin-bottom: 5px;'>1 Disco de Desbaste<\/li>\n<\/ul><\/div>\n<\/p><\/div>\n<p> <!-- Caracter\u00edsticas de seguridad --> <\/p>\n<div style='display: flex; flex-wrap: wrap; gap: 20px; margin-bottom: 30px;'>\n<div style='flex: 1 1 250px; border: 1px solid rgba(150&comma; 150&comma; 150&comma; 0.4); border-radius: 8px; overflow: hidden; display: flex; flex-direction: column;'>\n<div style='padding: 15px; border-bottom: 1px solid rgba(150&comma; 150&comma; 150&comma; 0.2); font-weight: bold; font-size: 18px; color: inherit;'>Protecci\u00f3n del usuario<\/div>\n<div style='padding: 15px; color: inherit;'>\n<ul style='padding-left: 20px; margin: 0; font-size: 14px; list-style-type: disc;'>\n<li style='margin-bottom: 5px;'><strong>Protecci\u00f3n contragolpe:<\/strong> desactiva la herramienta para proteger al usuario<\/li>\n<li style='margin-bottom: 5px;'><strong>Freno el\u00e9ctrico:<\/strong> detiene la rotaci\u00f3n del disco m\u00e1s r\u00e1pido<\/li>\n<\/ul><\/div>\n<\/p><\/div>\n<div style='flex: 1 1 250px; border: 1px solid rgba(150&comma; 150&comma; 150&comma; 0.4); border-radius: 8px; overflow: hidden; display: flex; flex-direction: column;'>\n<div style='padding: 15px; border-bottom: 1px solid rgba(150&comma; 150&comma; 150&comma; 0.2); font-weight: bold; font-size: 18px; color: inherit;'>Desempe\u00f1o<\/div>\n<div style='padding: 15px; color: inherit;'>\n<ul style='padding-left: 20px; margin: 0; font-size: 14px; list-style-type: disc;'>\n<li style='margin-bottom: 5px;'><strong>Control autom\u00e1tico de velocidad:<\/strong> cambia autom\u00e1ticamente la velocidad de corte de acuerdo con la condici\u00f3n de carga para una excelente operaci\u00f3n<\/li>\n<li style='margin-bottom: 5px;'><strong>Soporta carga pesada<\/strong> con excelente funci\u00f3n de refrigeraci\u00f3n<\/li>\n<\/ul><\/div>\n<\/p><\/div>\n<\/p><\/div>\n<p> <!-- Separador --> <\/p>\n<hr style='border: 0; border-top: 1px solid rgba(150&comma; 150&comma; 150&comma; 0.3); margin: 30px 0;'> <\/div>\n","protected":false},"excerpt":{"rendered":"<p>Mini esmeril Inal\u00e1mbrico de 4-1\/2 &#8221; 8.500 rpm, Incluye 1 bat. li-ion 18v\/5.0 a.h y Cargador<\/p>\n","protected":false},"featured_media":39939,"comment_status":"open","ping_status":"closed","template":"","meta":[],"product_brand":[],"product_cat":[1227],"product_tag":[1058,1228,252],"class_list":{"0":"post-39940","1":"product","2":"type-product","3":"status-publish","4":"has-post-thumbnail","6":"product_cat-herramienta-electrica-a-bateria","7":"product_tag-ferreteria","8":"product_tag-herramienta-electrica-a-bateria","9":"product_tag-makita","11":"first","12":"instock","13":"sale","14":"shipping-taxable","15":"purchasable","16":"product-type-simple"},"_links":{"self":[{"href":"https:\/\/soydeaqui.ddns.net\/pachuca\/index.php\/wp-json\/wp\/v2\/product\/39940","targetHints":{"allow":["GET"]}}],"collection":[{"href":"https:\/\/soydeaqui.ddns.net\/pachuca\/index.php\/wp-json\/wp\/v2\/product"}],"about":[{"href":"https:\/\/soydeaqui.ddns.net\/pachuca\/index.php\/wp-json\/wp\/v2\/types\/product"}],"replies":[{"embeddable":true,"href":"https:\/\/soydeaqui.ddns.net\/pachuca\/index.php\/wp-json\/wp\/v2\/comments?post=39940"}],"wp:featuredmedia":[{"embeddable":true,"href":"https:\/\/soydeaqui.ddns.net\/pachuca\/index.php\/wp-json\/wp\/v2\/media\/39939"}],"wp:attachment":[{"href":"https:\/\/soydeaqui.ddns.net\/pachuca\/index.php\/wp-json\/wp\/v2\/media?parent=39940"}],"wp:term":[{"taxonomy":"product_brand","embeddable":true,"href":"https:\/\/soydeaqui.ddns.net\/pachuca\/index.php\/wp-json\/wp\/v2\/product_brand?post=39940"},{"taxonomy":"product_cat","embeddable":true,"href":"https:\/\/soydeaqui.ddns.net\/pachuca\/index.php\/wp-json\/wp\/v2\/product_cat?post=39940"},{"taxonomy":"product_tag","embeddable":true,"href":"https:\/\/soydeaqui.ddns.net\/pachuca\/index.php\/wp-json\/wp\/v2\/product_tag?post=39940"}],"curies":[{"name":"wp","href":"https:\/\/api.w.org\/{rel}","templated":true}]}}