{"id":39860,"date":"2026-03-18T17:32:21","date_gmt":"2026-03-18T17:32:21","guid":{"rendered":"https:\/\/soydeaqui.ddns.net\/pachuca\/index.php\/producto\/bocina-negra-bluetooth-con-entrada-usb-auxiliar-y-cargador-funciona-con-bateria-lxt-de-18v-o-cxt-de-12v-no-inluidas\/"},"modified":"2026-03-18T17:32:23","modified_gmt":"2026-03-18T17:32:23","slug":"bocina-negra-bluetooth-con-entrada-usb-auxiliar-y-cargador-funciona-con-bateria-lxt-de-18v-o-cxt-de-12v-no-inluidas","status":"publish","type":"product","link":"https:\/\/soydeaqui.ddns.net\/pachuca\/index.php\/producto\/bocina-negra-bluetooth-con-entrada-usb-auxiliar-y-cargador-funciona-con-bateria-lxt-de-18v-o-cxt-de-12v-no-inluidas\/","title":{"rendered":"Bocina Negra Bluetooth con entrada USB, Auxiliar y Cargador, Funciona con Bater\u00eda LXT de 18V o CXT de 12v (no inluidas)"},"content":{"rendered":"<div style='width: 100%; max-width: 1200px; margin: 0 auto; font-family: sans-serif; line-height: 1.6; color: inherit; background-color: transparent;'>\n<div style='display: flex; flex-wrap: wrap; gap: 30px; margin-bottom: 30px;'>\n<div style='flex: 1 1 300px; min-width: 280px;'>\n<h3 style='font-size: 22px; border-bottom: 2px solid currentColor; padding-bottom: 5px; margin-top: 0; color: inherit; opacity: 0.8;'>Caracter\u00edsticas<\/h3>\n<ul style='padding-left: 20px; font-size: 15px; color: inherit;'>\n<li style='margin-bottom: 5px;'>Equipado con Bluetooth\u00ae para conectar de forma inal\u00e1mbrica dispositivos m\u00f3viles<\/li>\n<li style='margin-bottom: 5px;'>Hasta 32 horas de operaci\u00f3n continua en un modo auxiliar y 31 horas con Bluetooth funci\u00f3n activada*<\/li>\n<li style='margin-bottom: 5px;'>Cuenta con un puerto auxiliar para compatibilidad con MP3 y un puerto USB para cargar dispositivos m\u00f3viles<\/li>\n<li style='margin-bottom: 5px;'>Ofrece sonido de gran alcance; woofer para sonidos bajos y agudos para los sonidos altos<\/li>\n<li style='margin-bottom: 5px;'>Panel de control para facilitar la operaci\u00f3n de los dispositivos m\u00f3viles conectados<\/li>\n<li style='margin-bottom: 5px;'>Paragolpes de protecci\u00f3n est\u00e1n dise\u00f1ados para m\u00e1s resistencia<\/li>\n<li style='margin-bottom: 5px;'>Construcci\u00f3n resistente al agua y polvo con ingenier\u00eda para una operaci\u00f3n mejorada en ambientes de trabajo con condiciones severas<\/li>\n<li style='margin-bottom: 5px;'>S\u00f3lo pesa 3.4 Kg. con bater\u00eda (no incluye bater\u00eda)<\/li>\n<li style='margin-bottom: 5px;'>Botones de control y marcado iluminados para mejorar la visibilidad<\/li>\n<li style='margin-bottom: 5px;'>Compatible con bater\u00edas CXT\u00ae de 12V max y LXT\u00ae de 18V de Makita<\/li>\n<\/ul><\/div>\n<\/p><\/div>\n<div style='display: flex; flex-wrap: wrap; gap: 20px; margin-bottom: 30px;'>\n<div style='flex: 1 1 250px; border: 1px solid rgba(150&comma; 150&comma; 150&comma; 0.4); border-radius: 8px; overflow: hidden; display: flex; flex-direction: column;'>\n<div style='padding: 15px; border-bottom: 1px solid rgba(150&comma; 150&comma; 150&comma; 0.2); font-weight: bold; font-size: 18px; color: inherit;'>Especificaciones<\/div>\n<div style='padding: 15px; color: inherit;'>\n<ul style='padding-left: 20px; margin: 0; font-size: 14px; list-style-type: disc;'>\n<li style='margin-bottom: 5px;'>Modelo: XRM08B<\/li>\n<li style='margin-bottom: 5px;'>Peso: 3.4 Kg. (con bater\u00eda&comma; no incluida)<\/li>\n<li style='margin-bottom: 5px;'>Compatibilidad: Bater\u00edas CXT\u00ae de 12V max y LXT\u00ae de 18V<\/li>\n<li style='margin-bottom: 5px;'>Autonom\u00eda: Hasta 32 horas en modo auxiliar&comma; 31 horas con Bluetooth<\/li>\n<\/ul><\/div>\n<\/p><\/div>\n<div style='flex: 1 1 250px; border: 1px solid rgba(150&comma; 150&comma; 150&comma; 0.4); border-radius: 8px; overflow: hidden; display: flex; flex-direction: column;'>\n<div style='padding: 15px; border-bottom: 1px solid rgba(150&comma; 150&comma; 150&comma; 0.2); font-weight: bold; font-size: 18px; color: inherit;'>Aplicaciones<\/div>\n<div style='padding: 15px; color: inherit;'>\n<ul style='padding-left: 20px; margin: 0; font-size: 14px; list-style-type: disc;'>\n<li style='margin-bottom: 5px;'>Ideal para ambientes de trabajo con condiciones severas<\/li>\n<li style='margin-bottom: 5px;'>Situaciones que requieren movilidad y sonido potente<\/li>\n<li style='margin-bottom: 5px;'>Entornos polvorientos o con exposici\u00f3n a intemperie<\/li>\n<li style='margin-bottom: 5px;'>Situaciones que requieren larga duraci\u00f3n de bater\u00eda<\/li>\n<\/ul><\/div>\n<\/p><\/div>\n<\/p><\/div>\n<div style='display: flex; flex-wrap: wrap; gap: 30px; margin-bottom: 30px;'>\n<div style='flex: 1 1 300px; min-width: 280px;'>\n<h3 style='font-size: 22px; border-bottom: 2px solid currentColor; padding-bottom: 5px; margin-top: 0; color: inherit; opacity: 0.8;'>Notas<\/h3>\n<p style='font-size: 15px; color: inherit;'>* La duraci\u00f3n de la bater\u00eda puede variar seg\u00fan el uso&comma; condiciones de operaci\u00f3n y estado de la bater\u00eda<\/p>\n<\/p><\/div>\n<\/p><\/div>\n<div style='display: flex; flex-wrap: wrap; gap: 30px; margin-bottom: 30px;'>\n<div style='flex: 1 1 300px; min-width: 280px;'>\n<h3 style='font-size: 22px; border-bottom: 2px solid currentColor; padding-bottom: 5px; margin-top: 0; color: inherit; opacity: 0.8;'>Incluye<\/h3>\n<ul style='padding-left: 20px; font-size: 15px; color: inherit;'>\n<li style='margin-bottom: 5px;'>Altavoz inal\u00e1mbrico XRM08B<\/li>\n<li style='margin-bottom: 5px;'>Manual de usuario<\/li>\n<li style='margin-bottom: 5px;'>Cable de alimentaci\u00f3n (opcional)<\/li>\n<\/ul><\/div>\n<div style='flex: 1 1 300px; min-width: 280px;'>\n<h3 style='font-size: 22px; border-bottom: 2px solid currentColor; padding-bottom: 5px; margin-top: 0; color: inherit; opacity: 0.8;'>No incluye<\/h3>\n<ul style='padding-left: 20px; font-size: 15px; color: inherit;'>\n<li style='margin-bottom: 5px;'>Bater\u00edas LXT\u00ae de 18V o CXT\u00ae de 12V<\/li>\n<li style='margin-bottom: 5px;'>Cargador de bater\u00eda<\/li>\n<\/ul><\/div>\n<\/p><\/div>\n<div style='display: flex; flex-wrap: wrap; gap: 30px; margin-bottom: 30px;'>\n<div style='flex: 1 1 300px; min-width: 280px;'>\n<h3 style='font-size: 22px; border-bottom: 2px solid currentColor; padding-bottom: 5px; margin-top: 0; color: inherit; opacity: 0.8;'>Compatibilidad<\/h3>\n<div style='display: flex; flex-wrap: wrap; gap: 10px; align-items: center;'> <img style='width: auto; max-width: 100px; height: auto; border: 1px solid rgba(150&comma;150&comma;150&comma;0.3); border-radius: 8px;' src='https:\/\/cdn.makitatools.com\/apps\/cms\/logo\/f6e185e9-4cf3-4cd3-89e9-c9af1d62bf4b_lxt_l_500px.png?h=30&#038;trim.threshold=80&#038;trim.percentpadding=1' alt='Logo LXT'> <img style='width: auto; max-width: 100px; height: auto; border: 1px solid rgba(150&comma;150&comma;150&comma;0.3); border-radius: 8px;' src='https:\/\/cdn.makitatools.com\/apps\/cms\/logo\/2e98c17e-c638-453c-875b-1cc375e018ef_cxt_l_500px.png?h=30&#038;trim.threshold=80&#038;trim.percentpadding=1' alt='Logo CXT'> <img style='width: auto; max-width: 100px; height: auto; border: 1px solid rgba(150&comma;150&comma;150&comma;0.3); border-radius: 8px;' src='https:\/\/cdn.makitatools.com\/apps\/cms\/logo\/7b471e20-b500-4fdc-8d56-254b2977ff36_bluetooth_l_500px.png?h=30&#038;trim.threshold=80&#038;trim.percentpadding=1' alt='Logo Bluetooth'> <\/div>\n<\/p><\/div>\n<\/p><\/div>\n<\/p><\/div>\n","protected":false},"excerpt":{"rendered":"<p>Bocina Negra Bluetooth con entrada USB, Auxiliar y Cargador, Funciona con Bater\u00eda LXT de 18V o CXT de 12v (no inluidas)<\/p>\n","protected":false},"featured_media":39859,"comment_status":"open","ping_status":"closed","template":"","meta":[],"product_brand":[],"product_cat":[1227],"product_tag":[1058,1228,252],"class_list":{"0":"post-39860","1":"product","2":"type-product","3":"status-publish","4":"has-post-thumbnail","6":"product_cat-herramienta-electrica-a-bateria","7":"product_tag-ferreteria","8":"product_tag-herramienta-electrica-a-bateria","9":"product_tag-makita","11":"first","12":"outofstock","13":"sale","14":"shipping-taxable","15":"purchasable","16":"product-type-simple"},"_links":{"self":[{"href":"https:\/\/soydeaqui.ddns.net\/pachuca\/index.php\/wp-json\/wp\/v2\/product\/39860","targetHints":{"allow":["GET"]}}],"collection":[{"href":"https:\/\/soydeaqui.ddns.net\/pachuca\/index.php\/wp-json\/wp\/v2\/product"}],"about":[{"href":"https:\/\/soydeaqui.ddns.net\/pachuca\/index.php\/wp-json\/wp\/v2\/types\/product"}],"replies":[{"embeddable":true,"href":"https:\/\/soydeaqui.ddns.net\/pachuca\/index.php\/wp-json\/wp\/v2\/comments?post=39860"}],"wp:featuredmedia":[{"embeddable":true,"href":"https:\/\/soydeaqui.ddns.net\/pachuca\/index.php\/wp-json\/wp\/v2\/media\/39859"}],"wp:attachment":[{"href":"https:\/\/soydeaqui.ddns.net\/pachuca\/index.php\/wp-json\/wp\/v2\/media?parent=39860"}],"wp:term":[{"taxonomy":"product_brand","embeddable":true,"href":"https:\/\/soydeaqui.ddns.net\/pachuca\/index.php\/wp-json\/wp\/v2\/product_brand?post=39860"},{"taxonomy":"product_cat","embeddable":true,"href":"https:\/\/soydeaqui.ddns.net\/pachuca\/index.php\/wp-json\/wp\/v2\/product_cat?post=39860"},{"taxonomy":"product_tag","embeddable":true,"href":"https:\/\/soydeaqui.ddns.net\/pachuca\/index.php\/wp-json\/wp\/v2\/product_tag?post=39860"}],"curies":[{"name":"wp","href":"https:\/\/api.w.org\/{rel}","templated":true}]}}