{"id":39381,"date":"2026-03-18T17:20:24","date_gmt":"2026-03-18T17:20:24","guid":{"rendered":"https:\/\/soydeaqui.ddns.net\/pachuca\/index.php\/producto\/timbre-de-127-v60-hz-10-a-color-blanco\/"},"modified":"2026-03-18T17:20:27","modified_gmt":"2026-03-18T17:20:27","slug":"timbre-de-127-v60-hz-10-a-color-blanco","status":"publish","type":"product","link":"https:\/\/soydeaqui.ddns.net\/pachuca\/index.php\/producto\/timbre-de-127-v60-hz-10-a-color-blanco\/","title":{"rendered":"Timbre de 127 V~60 Hz 10 A \/ Color Blanco."},"content":{"rendered":"<div style='width: 100%; max-width: 1200px; margin: 0 auto; font-family: sans-serif; line-height: 1.6; color: inherit; background-color: transparent;'> <!-- Secci\u00f3n de caracter\u00edsticas --> <\/p>\n<div style='display: flex; flex-wrap: wrap; gap: 30px; margin-bottom: 30px;'>\n<div style='flex: 1 1 300px; min-width: 280px;'>\n<h3 style='font-size: 22px; border-bottom: 2px solid currentColor; padding-bottom: 5px; margin-top: 0; color: inherit; opacity: 0.8;'>Caracter\u00edsticas<\/h3>\n<ul style='padding-left: 20px; font-size: 15px; color: inherit;'>\n<li style='margin-bottom: 5px;'>Placa con boton Timbre&comma; para instalaci\u00f3n directa en muros de espacios interiores del hogar&comma; negocio o la oficina.<\/li>\n<li style='margin-bottom: 5px;'>Funcionan con corrientes el\u00e9ctricas de 127 volts.<\/li>\n<li style='margin-bottom: 5px;'>Todas las piezas est\u00e1n elaboradas de pl\u00e1stico de alta calidad y durabilidad en color blanco semi brillante&comma; su dise\u00f1o discreto y sobrio se adapta a cualquier habitaci\u00f3n.<\/li>\n<li style='margin-bottom: 5px;'>Su estructura ligera de 11.8 x 7.8 x 3 cm permite una sencilla colocaci\u00f3n&comma; brindando eficiente funcionalidad en instalaciones el\u00e9ctricas.<\/li>\n<li style='margin-bottom: 5px;'>Ideal para espacios generales&comma; habitaciones&comma; salas&comma; estudios&comma; cocinas&comma; oficinas&comma; etc.<\/li>\n<\/ul><\/div>\n<\/p><\/div>\n<\/p><\/div>\n","protected":false},"excerpt":{"rendered":"<p>Timbre de 127 V~60 Hz 10 A \/ Color Blanco.<\/p>\n","protected":false},"featured_media":39380,"comment_status":"open","ping_status":"closed","template":"","meta":[],"product_brand":[],"product_cat":[1073],"product_tag":[1074,1066,1169],"class_list":{"0":"post-39381","1":"product","2":"type-product","3":"status-publish","4":"has-post-thumbnail","6":"product_cat-apagadores-y-clavijas","7":"product_tag-apagadores-y-clavijas","8":"product_tag-area-electrica","9":"product_tag-jwj","11":"first","12":"outofstock","13":"sale","14":"shipping-taxable","15":"purchasable","16":"product-type-simple"},"_links":{"self":[{"href":"https:\/\/soydeaqui.ddns.net\/pachuca\/index.php\/wp-json\/wp\/v2\/product\/39381","targetHints":{"allow":["GET"]}}],"collection":[{"href":"https:\/\/soydeaqui.ddns.net\/pachuca\/index.php\/wp-json\/wp\/v2\/product"}],"about":[{"href":"https:\/\/soydeaqui.ddns.net\/pachuca\/index.php\/wp-json\/wp\/v2\/types\/product"}],"replies":[{"embeddable":true,"href":"https:\/\/soydeaqui.ddns.net\/pachuca\/index.php\/wp-json\/wp\/v2\/comments?post=39381"}],"wp:featuredmedia":[{"embeddable":true,"href":"https:\/\/soydeaqui.ddns.net\/pachuca\/index.php\/wp-json\/wp\/v2\/media\/39380"}],"wp:attachment":[{"href":"https:\/\/soydeaqui.ddns.net\/pachuca\/index.php\/wp-json\/wp\/v2\/media?parent=39381"}],"wp:term":[{"taxonomy":"product_brand","embeddable":true,"href":"https:\/\/soydeaqui.ddns.net\/pachuca\/index.php\/wp-json\/wp\/v2\/product_brand?post=39381"},{"taxonomy":"product_cat","embeddable":true,"href":"https:\/\/soydeaqui.ddns.net\/pachuca\/index.php\/wp-json\/wp\/v2\/product_cat?post=39381"},{"taxonomy":"product_tag","embeddable":true,"href":"https:\/\/soydeaqui.ddns.net\/pachuca\/index.php\/wp-json\/wp\/v2\/product_tag?post=39381"}],"curies":[{"name":"wp","href":"https:\/\/api.w.org\/{rel}","templated":true}]}}