{"id":39254,"date":"2026-03-18T17:17:23","date_gmt":"2026-03-18T17:17:23","guid":{"rendered":"https:\/\/soydeaqui.ddns.net\/pachuca\/index.php\/producto\/cincho-pan-steel-de-acero-inoxidable-316-de-362mm-largo-x-7-9mm-ancho-color-metalico-paquete-de-50pz\/"},"modified":"2026-03-18T17:17:26","modified_gmt":"2026-03-18T17:17:26","slug":"cincho-pan-steel-de-acero-inoxidable-316-de-362mm-largo-x-7-9mm-ancho-color-metalico-paquete-de-50pz","status":"publish","type":"product","link":"https:\/\/soydeaqui.ddns.net\/pachuca\/index.php\/producto\/cincho-pan-steel-de-acero-inoxidable-316-de-362mm-largo-x-7-9mm-ancho-color-metalico-paquete-de-50pz\/","title":{"rendered":"Cincho Pan-Steel\u2122 de Acero Inoxidable 316, de 362mm largo x 7.9mm ancho, Color Met\u00e1lico, Paquete de 50pz"},"content":{"rendered":"<div style='width: 100%; max-width: 1200px; margin: 0 auto; font-family: sans-serif; line-height: 1.6; color: inherit; background-color: transparent;'> <!-- Imagen de marca --> <\/p>\n<div style='text-align: center; margin: 20px 0;'> <img style='width: 300px; height: auto; border: 1px solid rgba(150&comma;150&comma;150&comma;0.3); border-radius: 8px;' src='https:\/\/ftp3.syscom.mx\/usuarios\/fotos\/SCL2\/0X\/214870-217843-panduit-logo-tm-negro-fondo_trans30-01_(002)_(1).png' alt='Logo Panduit'> <\/div>\n<p> <!-- T\u00edtulo del producto --> <\/p>\n<h3 style='font-size: 26px; margin-top: 0; margin-bottom: 15px; color: inherit; opacity: 0.9;'> Cincho <span style='color: inherit; font-weight: 500;'>Pan-Steel\u2122<\/span> de Acero Inoxidable Tipo 316&comma; 362mm largo x 7.9mm ancho&comma; Color Met\u00e1lico&comma; Paquete de 50pz <\/h3>\n<p> <!-- Informaci\u00f3n del modelo --> <\/p>\n<div style='margin-bottom: 30px; padding: 15px; border: 1px solid rgba(150&comma;150&comma;150&comma;0.3); border-radius: 8px;'>\n<h3 style='font-size: 21px; margin-top: 0; margin-bottom: 10px; color: inherit; opacity: 0.8;'>MLT4H-LP316<\/h3>\n<p style='margin: 0; font-size: 15px; color: inherit; opacity: 0.85;'> El cincho con cierre autom\u00e1tico MLT4H-LP316 acelera la instalaci\u00f3n con un dise\u00f1o \u00fanico de cabezal de cierre autom\u00e1tico que se bloquea en cualquier parte del cuerpo de la brida. Las superficies suaves y los bordes redondeados protegen el cable y brindan seguridad a los trabajadores al mismo tiempo que proporcionan un m\u00e9todo de cableado del mazo s\u00f3lido y duradero. La brida MLT4H-LP316 se puede usar en varias aplicaciones en interiores&comma; en exteriores y subterr\u00e1neas. Color acero inoxidable. <\/p>\n<\/p><\/div>\n<p> <!-- Secci\u00f3n de especificaciones --> <\/p>\n<div style='margin-bottom: 30px;'>\n<h2 style='font-size: 24px; margin-top: 0; margin-bottom: 20px; color: inherit; opacity: 0.85; border-bottom: 2px solid rgba(150&comma;150&comma;150&comma;0.3); padding-bottom: 8px;'> Especificaciones <\/h2>\n<p> <!-- Grid de especificaciones --> <\/p>\n<div style='display: grid; grid-template-columns: repeat(auto-fill&comma; minmax(250px&comma; 1fr)); gap: 20px;'>\n<div style='border: 1px solid rgba(150&comma; 150&comma; 150&comma; 0.4); border-radius: 8px; overflow: hidden;'>\n<div style='padding: 15px; background-color: rgba(240&comma; 240&comma; 240&comma; 0.2); font-weight: bold; color: inherit;'>Caracter\u00edsticas Generales<\/div>\n<div style='padding: 15px; color: inherit;'>\n<ul style='padding-left: 20px; margin: 0; font-size: 14px; list-style-type: disc; color: inherit;'>\n<li style='margin-bottom: 5px;'><strong>Tipo de producto:<\/strong> Bridas de acero inoxidable<\/li>\n<li style='margin-bottom: 5px;'><strong>Submarca:<\/strong> Pan-Steel\u2122<\/li>\n<li style='margin-bottom: 5px;'><strong>Color:<\/strong> Met\u00e1lico<\/li>\n<li style='margin-bottom: 5px;'><strong>Ambiente:<\/strong> Duro<\/li>\n<li style='margin-bottom: 5px;'><strong>Material:<\/strong> Acero inoxidable tipo 316<\/li>\n<li style='margin-bottom: 5px;'><strong>Propiedades de resistencia:<\/strong> Resistente a rayos UV<\/li>\n<\/ul><\/div>\n<\/p><\/div>\n<div style='border: 1px solid rgba(150&comma; 150&comma; 150&comma; 0.4); border-radius: 8px; overflow: hidden;'>\n<div style='padding: 15px; background-color: rgba(240&comma; 240&comma; 240&comma; 0.2); font-weight: bold; color: inherit;'>Dimensiones<\/div>\n<div style='padding: 15px; color: inherit;'>\n<ul style='padding-left: 20px; margin: 0; font-size: 14px; list-style-type: disc; color: inherit;'>\n<li style='margin-bottom: 5px;'><strong>Longitud total (in):<\/strong> 14.3<\/li>\n<li style='margin-bottom: 5px;'><strong>Longitud total (mm):<\/strong> 362<\/li>\n<li style='margin-bottom: 5px;'><strong>Anchura del cuerpo (in):<\/strong> 0.31<\/li>\n<li style='margin-bottom: 5px;'><strong>Anchura del cuerpo (mm):<\/strong> 7.9<\/li>\n<li style='margin-bottom: 5px;'><strong>Grosor del cuerpo (in):<\/strong> 0.01<\/li>\n<li style='margin-bottom: 5px;'><strong>Grosor del cuerpo (mm):<\/strong> 0.3<\/li>\n<\/ul><\/div>\n<\/p><\/div>\n<div style='border: 1x solid rgba(150&comma; 150&comma; 150&comma; 0.4); border-radius: 8px; overflow: hidden;'>\n<div style='padding: 15px; background-color: rgba(240&comma; 240&comma; 240&comma; 0.2); font-weight: bold; color: inherit;'>Rango de Di\u00e1metro<\/div>\n<div style='padding: 15px; color: inherit;'>\n<ul style='padding-left: 20px; margin: 0; font-size: 14px; list-style-type: disc; color: inherit;'>\n<li style='margin-bottom: 5px;'><strong>Di\u00e1metro m\u00e1ximo de mazo (in):<\/strong> 4<\/li>\n<li style='margin-bottom: 5px;'><strong>Di\u00e1metro m\u00e1ximo de mazo (mm):<\/strong> 102<\/li>\n<li style='margin-bottom: 5px;'><strong>Di\u00e1metro m\u00ednimo de mazo (in):<\/strong> 0.5<\/li>\n<li style='margin-bottom: 5px;'><strong>Di\u00e1metro m\u00ednimo de mazo (mm):<\/strong> 12.7<\/li>\n<\/ul><\/div>\n<\/p><\/div>\n<div style='border: 1px solid rgba(150&comma; 150&comma; 150&comma; 0.4); border-radius: 8px; overflow: hidden;'>\n<div style='padding: 15px; background-color: rgba(240&comma; 240&comma; 240&comma; 0.2); font-weight: bold; color: inherit;'>Resistencia<\/div>\n<div style='padding: 15px; color: inherit;'>\n<ul style='padding-left: 20px; margin: 0; font-size: 14px; list-style-type: disc; color: inherit;'>\n<li style='margin-bottom: 5px;'><strong>Resistencia a la tensi\u00f3n m\u00ednima de lazo (N):<\/strong> 2000<\/li>\n<li style='margin-bottom: 5px;'><strong>Resistencia a la tensi\u00f3n m\u00ednima de lazo (lb):<\/strong> 450<\/li>\n<\/ul><\/div>\n<\/p><\/div>\n<div style='border: 1px solid rgba(150&comma; 150&comma; 150&comma; 0.4); border-radius: 8px; overflow: hidden;'>\n<div style='padding: 15px; background-color: rgba(240&comma; 240&comma; 240&comma; 0.2); font-weight: bold; color: inherit;'>Temperatura<\/div>\n<div style='padding: 15px; color: inherit;'>\n<ul style='padding-left: 20px; margin: 0; font-size: 14px; list-style-type: disc; color: inherit;'>\n<li style='margin-bottom: 5px;'><strong>Temperatura m\u00e1xima de funcionamiento (\u00b0C):<\/strong> 538<\/li>\n<li style='margin-bottom: 5px;'><strong>Temperatura m\u00e1xima de funcionamiento (\u00b0F):<\/strong> 1000<\/li>\n<li style='margin-bottom: 5px;'><strong>Temperatura m\u00ednima de funcionamiento (\u00b0C):<\/strong> -60<\/li>\n<li style='margin-bottom: 5px;'><strong>Temperatura m\u00ednima de funcionamiento (\u00b0F):<\/strong> -76<\/li>\n<li style='margin-bottom: 5px;'><strong>Temperatura m\u00ednima de instalaci\u00f3n (\u00b0C):<\/strong> -60<\/li>\n<li style='margin-bottom: 5px;'><strong>Temperatura m\u00ednima de instalaci\u00f3n (\u00b0F):<\/strong> -76<\/li>\n<\/ul><\/div>\n<\/p><\/div>\n<div style='border: 1px solid rgba(150&comma; 150&comma; 150&comma; 0.4); border-radius: 8px; overflow: hidden;'>\n<div style='padding: 15px; background-color: rgba(240&comma; 240&comma; 240&comma; 0.2); font-weight: bold; color: inherit;'>Certificaciones y Aplicaciones<\/div>\n<div style='padding: 15px; color: inherit;'>\n<ul style='padding-left: 20px; margin: 0; font-size: 14px; list-style-type: disc; color: inherit;'>\n<li style='margin-bottom: 5px;'><strong>Cumple las normas:<\/strong> UL E56854&comma; CE&comma; ABS&comma; GL&comma; SAE&comma; BV&comma; LR&comma; DNV&comma; USCG<\/li>\n<li style='margin-bottom: 5px;'><strong>N\u00famero de referencia cruzado para uso militar:<\/strong> M23190\/3-6<\/li>\n<li style='margin-bottom: 5px;'><strong>Para usar con:<\/strong> GS4MT-E&comma; HTMT&comma; PPTMT&comma; ST2MT<\/li>\n<li style='margin-bottom: 5px;'><strong>Aplicaci\u00f3n:<\/strong> Condiciones extremas<\/li>\n<\/ul><\/div>\n<\/p><\/div>\n<\/p><\/div>\n<\/p><\/div>\n<p> <!-- Separador final --> <\/p>\n<hr style='border: 0; border-top: 1px solid rgba(150&comma; 150&comma; 150&comma; 0.3); margin: 30px 0;'> <\/div>\n","protected":false},"excerpt":{"rendered":"<p>Cincho Pan-Steel\u2122 de Acero Inoxidable 316, de 362mm largo x 7.9mm ancho, Color Met\u00e1lico, Paquete de 50pz<\/p>\n","protected":false},"featured_media":39253,"comment_status":"open","ping_status":"closed","template":"","meta":[],"product_brand":[],"product_cat":[574],"product_tag":[572,575,445],"class_list":{"0":"post-39254","1":"product","2":"type-product","3":"status-publish","4":"has-post-thumbnail","6":"product_cat-fijacion","7":"product_tag-canalizacion","8":"product_tag-fijacion","9":"product_tag-panduit","11":"first","12":"outofstock","13":"sale","14":"shipping-taxable","15":"purchasable","16":"product-type-simple"},"_links":{"self":[{"href":"https:\/\/soydeaqui.ddns.net\/pachuca\/index.php\/wp-json\/wp\/v2\/product\/39254","targetHints":{"allow":["GET"]}}],"collection":[{"href":"https:\/\/soydeaqui.ddns.net\/pachuca\/index.php\/wp-json\/wp\/v2\/product"}],"about":[{"href":"https:\/\/soydeaqui.ddns.net\/pachuca\/index.php\/wp-json\/wp\/v2\/types\/product"}],"replies":[{"embeddable":true,"href":"https:\/\/soydeaqui.ddns.net\/pachuca\/index.php\/wp-json\/wp\/v2\/comments?post=39254"}],"wp:featuredmedia":[{"embeddable":true,"href":"https:\/\/soydeaqui.ddns.net\/pachuca\/index.php\/wp-json\/wp\/v2\/media\/39253"}],"wp:attachment":[{"href":"https:\/\/soydeaqui.ddns.net\/pachuca\/index.php\/wp-json\/wp\/v2\/media?parent=39254"}],"wp:term":[{"taxonomy":"product_brand","embeddable":true,"href":"https:\/\/soydeaqui.ddns.net\/pachuca\/index.php\/wp-json\/wp\/v2\/product_brand?post=39254"},{"taxonomy":"product_cat","embeddable":true,"href":"https:\/\/soydeaqui.ddns.net\/pachuca\/index.php\/wp-json\/wp\/v2\/product_cat?post=39254"},{"taxonomy":"product_tag","embeddable":true,"href":"https:\/\/soydeaqui.ddns.net\/pachuca\/index.php\/wp-json\/wp\/v2\/product_tag?post=39254"}],"curies":[{"name":"wp","href":"https:\/\/api.w.org\/{rel}","templated":true}]}}