{"id":39060,"date":"2026-03-18T17:12:38","date_gmt":"2026-03-18T17:12:38","guid":{"rendered":"https:\/\/soydeaqui.ddns.net\/pachuca\/index.php\/producto\/pinza-amperimetrica-de-corriente-cc-ca-de-verdadero-valor-eficaz-con-iflex-cat-iii-1500-v-ideal-para-sistemas-solares-eolicos-baterias-inversor-etc-con-certificado-de-calibracion\/"},"modified":"2026-03-18T17:12:45","modified_gmt":"2026-03-18T17:12:45","slug":"pinza-amperimetrica-de-corriente-cc-ca-de-verdadero-valor-eficaz-con-iflex-cat-iii-1500-v-ideal-para-sistemas-solares-eolicos-baterias-inversor-etc-con-certificado-de-calibracion","status":"publish","type":"product","link":"https:\/\/soydeaqui.ddns.net\/pachuca\/index.php\/producto\/pinza-amperimetrica-de-corriente-cc-ca-de-verdadero-valor-eficaz-con-iflex-cat-iii-1500-v-ideal-para-sistemas-solares-eolicos-baterias-inversor-etc-con-certificado-de-calibracion\/","title":{"rendered":"Pinza Amperim\u00e9trica de Corriente CC\/CA de Verdadero Valor Eficaz con iFlex CAT III 1500 V. Ideal para Sistemas Solares, E\u00f3licos, Bater\u00edas, Inversor, etc. Con Certificado de Calibraci\u00f3n"},"content":{"rendered":"<div style='width: 100%; max-width: 1200px; margin: 0 auto; font-family: sans-serif; line-height: 1.6; color: inherit; background-color: transparent;'> <!-- Logo y t\u00edtulo --> <\/p>\n<div style='display: flex; flex-direction: column; align-items: center; margin-bottom: 30px;'> <img style='width: 100%; max-width: 500px; height: auto; border: 1px solid rgba(150&comma;150&comma;150&comma;0.3); border-radius: 8px;' src='https:\/\/www.risoul.com.mx\/hs-fs\/hubfs\/Fluke-Logo.png?width=1557&#038;name=Fluke-Logo.png' alt='Distribuidor productos Fluke'> <\/p>\n<h2 style='font-size: 22px; border-bottom: 2px solid currentColor; padding-bottom: 5px; margin-top: 20px; color: inherit; opacity: 0.8; text-align: center;'> Pinza amperim\u00e9trica de verdadero valor eficaz con iFlex CAT III 1500 V 393 FC <\/h2>\n<\/p><\/div>\n<p> <!-- Contenido principal --> <\/p>\n<div style='display: flex; flex-wrap: wrap; gap: 30px; margin-bottom: 30px;'>\n<div style='flex: 1 1 300px; min-width: 280px;'>\n<h3 style='font-size: 20px; border-bottom: 2px solid currentColor; padding-bottom: 5px; margin-top: 0; color: inherit; opacity: 0.8;'>Descripci\u00f3n<\/h3>\n<p style='font-size: 15px; color: inherit;'> La pinza amperim\u00e9trica de verdadero valor eficaz con iFlex CAT III 1500 V 393 FC est\u00e1 especialmente dise\u00f1ada para t\u00e9cnicos que trabajen en entornos de CC de alta tensi\u00f3n como paneles solares&comma; energ\u00eda e\u00f3lica&comma; ferrocarriles el\u00e9ctricos o bancos de bater\u00edas de centros de datos para SAI. La pinza puede medir hasta 1500 V CC&comma; 1000 V CA y hasta 999&comma;9 A CC o CA a trav\u00e9s de la mordaza. La sonda de corriente flexible iFlex incluida aumenta las medidas de corriente CA hasta 2500 A. Esta pinza cuenta con una mordaza muy fina que le permitir\u00e1 acceder a los cables que se encuentren en cajas combinadoras de alta densidad. Los cables de prueba se han dise\u00f1ado pensando en su trabajo y tambi\u00e9n para CAT III 1500 V CC. <\/p>\n<\/p><\/div>\n<div style='flex: 1 1 300px; min-width: 280px;'> <img style='width: 100%; height: auto; border: 1px solid rgba(150&comma;150&comma;150&comma;0.3); border-radius: 8px;' src='https:\/\/ftp3.syscom.mx\/usuarios\/fotos\/FLUKE393FC\/203054-captura_de_pantalla_2023-05-23_a_la(s)_17.18.10.png' alt=''> <\/div>\n<\/p><\/div>\n<p> <!-- Funciones esenciales --> <\/p>\n<div style='margin-bottom: 30px;'>\n<h3 style='font-size: 20px; border-bottom: 2px solid currentColor; padding-bottom: 5px; margin-top: 0; color: inherit; opacity: 0.8;'>Funciones esenciales<\/h3>\n<ul style='padding-left: 20px; font-size: 15px; color: inherit;'>\n<li style='margin-bottom: 10px;'>IP54&comma; ideal para trabajar al aire libre en paneles solares o sistemas de energ\u00eda e\u00f3lica<\/li>\n<li style='margin-bottom: 10px;'>Medida de CC con lecturas en kVA<\/li>\n<li style='margin-bottom: 10px;'>El indicador ac\u00fastico de polaridad ayuda a evitar conexiones err\u00f3neas en los cables<\/li>\n<li style='margin-bottom: 10px;'>Cuando se activa Visual Continuity se enciende una luz verde brillante en la pantalla&comma; ideal para trabajar en entornos oscuros y ruidosos<\/li>\n<li style='margin-bottom: 10px;'>Registro y generaci\u00f3n de informes de los resultados de las pruebas a trav\u00e9s del software Fluke Connect<\/li>\n<li style='margin-bottom: 10px;'>Al medir CA&comma; la sonda de corriente flexible iFlex ofrece un acceso inigualable a cables en espacios reducidos. La sonda iFlex se puede retorcer y girar en espacios extremadamente peque\u00f1os y proporciona medidas exactas de corriente.<\/li>\n<\/ul><\/div>\n<p> <!-- Especificaciones --> <\/p>\n<div style='margin-bottom: 30px;'>\n<h3 style='font-size: 20px; border-bottom: 2px solid currentColor; padding-bottom: 5px; margin-top: 0; color: inherit; opacity: 0.8;'>Especificaciones<\/h3>\n<div style='display: flex; flex-wrap: wrap; gap: 20px; margin-top: 20px;'>\n<div style='flex: 1 1 250px; border: 1px solid rgba(150&comma; 150&comma; 150&comma; 0.4); border-radius: 8px; overflow: hidden; display: flex; flex-direction: column;'>\n<div style='padding: 15px; border-bottom: 1px solid rgba(150&comma; 150&comma; 150&comma; 0.2); font-weight: bold; font-size: 18px; color: inherit;'>Tensi\u00f3n<\/div>\n<div style='padding: 15px; color: inherit;'>\n<ul style='padding-left: 20px; margin: 0; font-size: 14px; list-style-type: disc;'>\n<li style='margin-bottom: 8px;'><strong>CA:<\/strong> 1000 V<\/li>\n<li style='margin-bottom: 8px;'><strong>CC:<\/strong> 1500 V<\/li>\n<\/ul><\/div>\n<\/p><\/div>\n<div style='flex: 1 1 250px; border: 1px solid rgba(150&comma; 150&comma; 150&comma; 0.4); border-radius: 8px; overflow: hidden; display: flex; flex-direction: column;'>\n<div style='padding: 15px; border-bottom: 1px solid rgba(150&comma; 150&comma; 150&comma; 0.2); font-weight: bold; font-size: 18px; color: inherit;'>Alimentaci\u00f3n<\/div>\n<div style='padding: 15px; color: inherit;'>\n<ul style='padding-left: 20px; margin: 0; font-size: 14px; list-style-type: disc;'>\n<li style='margin-bottom: 8px;'><strong>Pilas:<\/strong> 2 pilas AA IEC LR6 alcalinas<\/li>\n<\/ul><\/div>\n<\/p><\/div>\n<div style='flex: 1 1 250px; border: 1px solid rgba(150&comma; 150&comma; 150&comma; 0.4); border-radius: 8px; overflow: hidden; display: flex; flex-direction: column;'>\n<div style='padding: 15px; border-bottom: 1px solid rgba(150&comma; 150&comma; 150&comma; 0.2); font-weight: bold; font-size: 18px; color: inherit;'>Pantalla<\/div>\n<div style='padding: 15px; color: inherit;'>\n<ul style='padding-left: 20px; margin: 0; font-size: 14px; list-style-type: disc;'>\n<li style='margin-bottom: 8px;'><strong>Tipo:<\/strong> Doble con retroiluminaci\u00f3n<\/li>\n<li style='margin-bottom: 8px;'><strong>Apagado autom\u00e1tico:<\/strong> 20 minutos<\/li>\n<\/ul><\/div>\n<\/p><\/div>\n<div style='flex: 1 1 250px; border: 1px solid rgba(150&comma; 150&comma; 150&comma; 0.4); border-radius: 8px; overflow: hidden; display: flex; flex-direction: column;'>\n<div style='padding: 15px; border-bottom: 1px solid rgba(150&comma; 150&comma; 150&comma; 0.2); font-weight: bold; font-size: 18px; color: inherit;'>Exactitud<\/div>\n<div style='padding: 15px; color: inherit;'>\n<p style='margin: 0 0 10px 0; font-size: 14px;'> La exactitud especificada hace referencia al a\u00f1o siguiente a la calibraci\u00f3n&comma; a temperaturas de funcionamiento de 18 a 28 \u00b0C con una humedad relativa del 0 al 75%. Las especificaciones de exactitud son del tipo: \u00b1([% de la lectura] + [n\u00famero de d\u00edgitos menos significativos]). <\/p>\n<ul style='padding-left: 20px; margin: 0; font-size: 14px; list-style-type: disc;'>\n<li style='margin-bottom: 8px;'><strong>Coeficientes de temperatura:<\/strong> A\u00f1ada 0&comma;1 x la exactitud especificada por cada \u00b0C > 28 \u00b0C o < 18 \u00b0C<\/li>\n<\/ul><\/div>\n<\/p><\/div>\n<\/p><\/div>\n<\/p><\/div>\n<p> <!-- Incluye --> <\/p>\n<div style='margin-bottom: 30px;'>\n<h3 style='font-size: 20px; border-bottom: 2px solid currentColor; padding-bottom: 5px; margin-top: 0; color: inherit; opacity: 0.8;'>Incluye<\/h3>\n<ul style='padding-left: 20px; font-size: 15px; color: inherit;'>\n<li style='margin-bottom: 8px;'>Pinza amperim\u00e9trica de verdadero valor eficaz con iFlex CAT III 1500 V Fluke 393 FC<\/li>\n<li style='margin-bottom: 8px;'>Cables de prueba&comma; categor\u00eda de seguridad CAT III 1500 V&comma; conectores en \u00e1ngulo recto con tapones de seguridad<\/li>\n<li style='margin-bottom: 8px;'>Sonda de corriente flexible iFlex de 18&#8242;<\/li>\n<li style='margin-bottom: 8px;'>Correa magn\u00e9tica para colgar TPAK<\/li>\n<li style='margin-bottom: 8px;'>Estuche de transporte de alta calidad<\/li>\n<\/ul><\/div>\n<p> <!-- Video --> <\/p>\n<div style='position: relative; padding-bottom: 56.25%; height: 0; overflow: hidden; margin-bottom: 30px;'>   <\/div>\n<p> <!-- Separador final --> <\/p>\n<hr style='border: 0; border-top: 1px solid rgba(150&comma; 150&comma; 150&comma; 0.3); margin: 30px 0;'> <\/div>\n","protected":false},"excerpt":{"rendered":"<p>Pinza Amperim\u00e9trica de Corriente CC\/CA de Verdadero Valor Eficaz con iFlex CAT III 1500 V. Ideal para Sistemas Solares, E\u00f3licos, Bater\u00edas, Inversor, etc. Con Certificado de Calibraci\u00f3n<\/p>\n","protected":false},"featured_media":39059,"comment_status":"open","ping_status":"closed","template":"","meta":[],"product_brand":[],"product_cat":[1140],"product_tag":[1058,393,1141],"class_list":{"0":"post-39060","1":"product","2":"type-product","3":"status-publish","4":"has-post-thumbnail","6":"product_cat-medicion-e-inspeccion-electrica","7":"product_tag-ferreteria","8":"product_tag-fluke","9":"product_tag-medicion-e-inspeccion-electrica","11":"first","12":"outofstock","13":"sale","14":"shipping-taxable","15":"purchasable","16":"product-type-simple"},"_links":{"self":[{"href":"https:\/\/soydeaqui.ddns.net\/pachuca\/index.php\/wp-json\/wp\/v2\/product\/39060","targetHints":{"allow":["GET"]}}],"collection":[{"href":"https:\/\/soydeaqui.ddns.net\/pachuca\/index.php\/wp-json\/wp\/v2\/product"}],"about":[{"href":"https:\/\/soydeaqui.ddns.net\/pachuca\/index.php\/wp-json\/wp\/v2\/types\/product"}],"replies":[{"embeddable":true,"href":"https:\/\/soydeaqui.ddns.net\/pachuca\/index.php\/wp-json\/wp\/v2\/comments?post=39060"}],"wp:featuredmedia":[{"embeddable":true,"href":"https:\/\/soydeaqui.ddns.net\/pachuca\/index.php\/wp-json\/wp\/v2\/media\/39059"}],"wp:attachment":[{"href":"https:\/\/soydeaqui.ddns.net\/pachuca\/index.php\/wp-json\/wp\/v2\/media?parent=39060"}],"wp:term":[{"taxonomy":"product_brand","embeddable":true,"href":"https:\/\/soydeaqui.ddns.net\/pachuca\/index.php\/wp-json\/wp\/v2\/product_brand?post=39060"},{"taxonomy":"product_cat","embeddable":true,"href":"https:\/\/soydeaqui.ddns.net\/pachuca\/index.php\/wp-json\/wp\/v2\/product_cat?post=39060"},{"taxonomy":"product_tag","embeddable":true,"href":"https:\/\/soydeaqui.ddns.net\/pachuca\/index.php\/wp-json\/wp\/v2\/product_tag?post=39060"}],"curies":[{"name":"wp","href":"https:\/\/api.w.org\/{rel}","templated":true}]}}