{"id":38995,"date":"2026-03-18T17:10:37","date_gmt":"2026-03-18T17:10:37","guid":{"rendered":"https:\/\/soydeaqui.ddns.net\/pachuca\/index.php\/producto\/estacion-de-energia-portatil-delta-pro3-4096wh-litio-lfp-5-ac-4000w-8000w-pico-2-usb-c-100w-capacidad-para-aumentar-respaldo-cargador-de-coche-10a-a-12-6v-conectividad-wifi-y-bluetooth\/"},"modified":"2026-03-18T17:10:44","modified_gmt":"2026-03-18T17:10:44","slug":"estacion-de-energia-portatil-delta-pro3-4096wh-litio-lfp-5-ac-4000w-8000w-pico-2-usb-c-100w-capacidad-para-aumentar-respaldo-cargador-de-coche-10a-a-12-6v-conectividad-wifi-y-bluetooth","status":"publish","type":"product","link":"https:\/\/soydeaqui.ddns.net\/pachuca\/index.php\/producto\/estacion-de-energia-portatil-delta-pro3-4096wh-litio-lfp-5-ac-4000w-8000w-pico-2-usb-c-100w-capacidad-para-aumentar-respaldo-cargador-de-coche-10a-a-12-6v-conectividad-wifi-y-bluetooth\/","title":{"rendered":"Estaci\u00f3n de Energ\u00eda Port\u00e1til DELTA PRO3 \/ 4096Wh Litio LFP \/ 5 AC 4000W (8000W Pico) \/ 2 USB-C 100W \/ Capacidad para Aumentar Respaldo \/ Cargador de Coche 10A a 12.6V \/ Conectividad WiFi y Bluetooth (App) \/ Carga Solar 2600W Max. (2 P"},"content":{"rendered":"<div style='width: 100%; max-width: 1200px; margin: 0 auto; font-family: sans-serif; line-height: 1.6; color: inherit; background-color: transparent;'> <!-- Secci\u00f3n introductoria --> <\/p>\n<div style='display: flex; flex-direction: column; align-items: center; margin-bottom: 30px;'>\n<div style='width: 100%; max-width: 800px;'>\n<p style='font-size: 16px; text-align: center; color: inherit;'> Presentamos la primera bater\u00eda port\u00e1til dom\u00e9stica del mundo con un ecosistema ampliable que ofrece energ\u00eda auxiliar para el hogar&comma; zonas recreacionales&comma; trabajos profesionales y gesti\u00f3n de energ\u00eda inteligente&comma; tambi\u00e9n de que es capaz de reducir las facturas el\u00e9ctricas y mucho m\u00e1s. La capacidad de Delta Pro comienza a partir de los 3.6kWh. Disfruta de suficiente capacidad para horas de uso intensivo. <\/p>\n<\/p><\/div>\n<p> <!-- Video --> <\/p>\n<div style='position: relative; padding-bottom: 56.25%; height: 0; overflow: hidden; margin: 30px 0;'>   <\/div>\n<\/p><\/div>\n<p> <!-- Secci\u00f3n de especificaciones --> <\/p>\n<h1 style='text-align: center; font-size: 24px; color: #3598db; margin-bottom: 30px;'>Especificaciones<\/h1>\n<p> <!-- Grid de cards --> <\/p>\n<div style='display: flex; flex-wrap: wrap; gap: 20px; margin-bottom: 30px;'> <!-- Caracter\u00edsticas Generales --> <\/p>\n<div style='flex: 1 1 250px; border: 1px solid rgba(150&comma; 150&comma; 150&comma; 0.4); border-radius: 8px; overflow: hidden; display: flex; flex-direction: column;'>\n<div style='padding: 15px; border-bottom: 1px solid rgba(150&comma; 150&comma; 150&comma; 0.2); font-weight: bold; font-size: 18px; color: #3598db;'>Caracter\u00edsticas Generales<\/div>\n<div style='padding: 15px; color: inherit;'>\n<ul style='padding-left: 20px; margin: 0; font-size: 14px; list-style-type: disc;'>\n<li style='margin-bottom: 5px;'><strong>Capacidad:<\/strong> 3600 Wh<\/li>\n<li style='margin-bottom: 5px;'><strong>Ciclos de vida \u00fatil:<\/strong> 3500 ciclos a m\u00e1s del 80%<\/li>\n<li style='margin-bottom: 5px;'><strong>Qu\u00edmica de la bater\u00eda:<\/strong> LFP<\/li>\n<li style='margin-bottom: 5px;'><strong>Bater\u00eda Adicional:<\/strong> Admite una bater\u00eda adicional EFD500EB<\/li>\n<li style='margin-bottom: 5px;'><strong>Conectividad:<\/strong> Wi-Fi &#038; Bluetooth<\/li>\n<li style='margin-bottom: 5px;'><strong>Dimensiones:<\/strong> 635 x 285 x 416 (mm)<\/li>\n<li style='margin-bottom: 5px;'><strong>Peso Neto:<\/strong> 27 lbs\/ 12Kg<\/li>\n<\/ul><\/div>\n<\/p><\/div>\n<p> <!-- Puertos de Salida --> <\/p>\n<div style='flex: 1 1 250px; border: 1px solid rgba(150&comma; 150&comma; 150&comma; 0.4); border-radius: 8px; overflow: hidden; display: flex; flex-direction: column;'>\n<div style='padding: 15px; border-bottom: 1px solid rgba(150&comma; 150&comma; 150&comma; 0.2); font-weight: bold; font-size: 18px; color: #3598db;'>Puertos de Salida<\/div>\n<div style='padding: 15px; color: inherit;'>\n<ul style='padding-left: 20px; margin: 0; font-size: 14px; list-style-type: disc;'>\n<li style='margin-bottom: 5px;'><strong>Salidas de CA:<\/strong> 5 salidas&comma; Onda sinusoidal pura&comma; 3600W totales (m\u00e1ximo: 7200W)&comma; 120V (60Hz)<\/li>\n<li style='margin-bottom: 5px;'><strong>Salidas USB-A:<\/strong> 2 puertos&comma; 5V&comma; 2.4A&comma; 12W (m\u00e1ximo por puerto)&comma; 24W totales<\/li>\n<li style='margin-bottom: 5px;'><strong>Carga r\u00e1pida USB-A:<\/strong> 2 puertos&comma; 5V&comma; 2.4A\/ 9V&comma; 2A\/ 12V&comma; 1.5A \/ 18W m\u00e1x.<\/li>\n<li style='margin-bottom: 5px;'><strong>Salidas USB-C:<\/strong> 2 puertos&comma; 5\/9\/12\/15\/20 v&comma; 5A&comma; 100W m\u00e1x por puerto&comma; 200W totales.<\/li>\n<li style='margin-bottom: 5px;'><strong>Salidas de alimentaci\u00f3n para coche:<\/strong> 1 puerto&comma; 12.6 v&comma; 10A 126 W m\u00e1x.<\/li>\n<li style='margin-bottom: 5px;'><strong>Salida DC5521:<\/strong> 2 puertos&comma; 12.6V&comma; 3A&comma; 38W como m\u00e1x. por puerto.<\/li>\n<\/ul><\/div>\n<\/p><\/div>\n<p> <!-- Puertos de Entrada --> <\/p>\n<div style='flex: 1 1 250px; border: 1px solid rgba(150&comma; 150&comma; 150&comma; 0.4); border-radius: 8px; overflow: hidden; display: flex; flex-direction: column;'>\n<div style='padding: 15px; border-bottom: 1px solid rgba(150&comma; 150&comma; 150&comma; 0.2); font-weight: bold; font-size: 18px; color: #3598db;'>Puertos de Entrada<\/div>\n<div style='padding: 15px; color: inherit;'>\n<ul style='padding-left: 20px; margin: 0; font-size: 14px; list-style-type: disc;'>\n<li style='margin-bottom: 5px;'><strong>Tensi\u00f3n de entrada de CA:<\/strong> 120V~ 1800W max 50Hz\/60Hz&comma; 15A<\/li>\n<li style='margin-bottom: 5px;'><strong>Entrada de CA:<\/strong> 100-120V~15A<\/li>\n<li style='margin-bottom: 5px;'><strong>Carga mediante energ\u00eda solar:<\/strong> 11-150V&comma; 15 A&comma; 1600W m\u00e1x.<\/li>\n<li style='margin-bottom: 5px;'><strong>Carga en veh\u00edculo:<\/strong> Admite bater\u00eda de 12V\/24V&comma; Valor predeterminado: 8A<\/li>\n<\/ul><\/div>\n<\/p><\/div>\n<p> <!-- Protecciones --> <\/p>\n<div style='flex: 1 1 250px; border: 1px solid rgba(150&comma; 150&comma; 150&comma; 0.4); border-radius: 8px; overflow: hidden; display: flex; flex-direction: column;'>\n<div style='padding: 15px; border-bottom: 1px solid rgba(150&comma; 150&comma; 150&comma; 0.2); font-weight: bold; font-size: 18px; color: #3598db;'>Tipo de Protecciones<\/div>\n<div style='padding: 15px; color: inherit;'>\n<ul style='padding-left: 20px; margin: 0; font-size: 14px; list-style-type: disc;'>\n<li style='margin-bottom: 5px;'><strong>Sobretensi\u00f3n<\/strong><\/li>\n<li style='margin-bottom: 5px;'><strong>Sobrecarga<\/strong><\/li>\n<li style='margin-bottom: 5px;'><strong>Sobrecalentamiento<\/strong><\/li>\n<li style='margin-bottom: 5px;'><strong>Cortocircuito<\/strong><\/li>\n<li style='margin-bottom: 5px;'><strong>Temperatura baja<\/strong><\/li>\n<li style='margin-bottom: 5px;'><strong>Tensi\u00f3n baja<\/strong><\/li>\n<li style='margin-bottom: 5px;'><strong>Sobrecorriente<\/strong><\/li>\n<\/ul><\/div>\n<\/p><\/div>\n<\/p><\/div>\n<p> <!-- Imagen destacada --> <\/p>\n<div style='margin: 30px 0;'> <img style='width: 100%; height: auto; border: 1px solid rgba(150&comma;150&comma;150&comma;0.3); border-radius: 8px;' src='https:\/\/ftp3.syscom.mx\/usuarios\/fotos\/EFD500\/216304-conjunction.jpg' alt=''> <\/div>\n<p> <!-- Secci\u00f3n men\u00fa expandible --> <\/p>\n<h2 style='text-align: center; font-size: 18px; color: #3598db; margin: 30px 0 15px; opacity: 0.8;'>MEN\u00da EXPANDIBLE<\/h2>\n<p> <!-- Tiempos de Respaldo --> <\/p>\n<div style='margin-bottom: 30px;'>\n<h3 style='font-size: 20px; border-bottom: 2px solid currentColor; padding-bottom: 5px; margin-top: 0; color: inherit; opacity: 0.8;'>Tiempos de Respaldo<\/h3>\n<p> <!-- Bloque 1 --> <\/p>\n<div style='display: flex; flex-wrap: wrap; gap: 20px; margin-top: 15px;'>\n<div style='flex: 1 1 250px; min-width: 280px;'> <img style='width: 100%; height: auto; border: 1px solid rgba(150&comma;150&comma;150&comma;0.3); border-radius: 8px;' src='https:\/\/ftp3.syscom.mx\/usuarios\/fotos\/EFD500\/216304-tiempo_de_respaldo.jpg' alt=''> <\/div>\n<div style='flex: 1 1 250px; min-width: 280px;'>\n<h4 style='font-size: 18px; margin-top: 0; color: inherit;'>3.6kWh de Almacenamiento<\/h4>\n<p style='color: inherit;'> Una sola unidad DELTA Pro cuenta con una incre\u00edble capacidad de 3.6kWh de bater\u00eda. Con un dise\u00f1o port\u00e1til similar al de una maleta de viaje&comma; te ofrece una gran cantidad de energ\u00eda para llevarte de acampada o escapada en coche o moto o bien para tener en el garage y respaldar los equipos del hogar. <\/p>\n<\/p><\/div>\n<\/p><\/div>\n<p> <!-- Bloque 2 --> <\/p>\n<div style='display: flex; flex-wrap: wrap; gap: 20px; margin-top: 15px;'>\n<div style='flex: 1 1 250px; min-width: 280px;'> <img style='width: 100%; height: auto; border: 1px solid rgba(150&comma;150&comma;150&comma;0.3); border-radius: 8px;' src='https:\/\/ftp3.syscom.mx\/usuarios\/fotos\/EFD500\/216304-tiempo_de_respaldo_2.jpg' alt=''> <\/div>\n<div style='flex: 1 1 250px; min-width: 280px;'>\n<h4 style='font-size: 18px; margin-top: 0; color: inherit;'>10.8kWh de Almacenamiento<\/h4>\n<p style='color: inherit;'> Lleva la alimentaci\u00f3n auxiliar al siguiente nivel con dos bater\u00edas adicionales inteligentes EFD500EB para tu DELTA Pro. Dispondr\u00e1s de 10.8kWh para sobrellevar apagones m\u00e1s prolongados. <\/p>\n<\/p><\/div>\n<\/p><\/div>\n<\/p><\/div>\n<p> <!-- Aplicaciones --> <\/p>\n<div style='margin-bottom: 30px;'>\n<h3 style='font-size: 20px; border-bottom: 2px solid currentColor; padding-bottom: 5px; margin-top: 0; color: inherit; opacity: 0.8;'>Aplicaciones<\/h3>\n<p> <!-- Bloque 1 --> <\/p>\n<div style='display: flex; flex-wrap: wrap; gap: 20px; margin-top: 15px;'>\n<div style='flex: 1 1 250px; min-width: 280px;'> <img style='width: 100%; height: auto; border: 1px solid rgba(150&comma;150&comma;150&comma;0.3); border-radius: 8px;' src='https:\/\/ftp3.syscom.mx\/usuarios\/fotos\/EFD500\/216304-aplicaciones_4.jpg' alt=''> <\/div>\n<div style='flex: 1 1 250px; min-width: 280px;'>\n<h4 style='font-size: 18px; margin-top: 0; color: inherit;'>Soluci\u00f3n de alimentaci\u00f3n auxiliar para todo el hogar<\/h4>\n<p style='color: inherit;'> Suministra energ\u00eda a tu familia con comodidad durante los apagones con la ayuda de un sistema de energ\u00eda de emergencia dom\u00e9stico f\u00e1cil y sostenible. Personaliza la gesti\u00f3n de la energ\u00eda de tu hogar integrando el panel inteligente Smart Home Panel 2 (EFPD303) y reduce tus facturas el\u00e9ctricas con un flujo de energ\u00eda continuo <\/p>\n<\/p><\/div>\n<\/p><\/div>\n<p> <!-- Bloque 2 --> <\/p>\n<div style='display: flex; flex-wrap: wrap; gap: 20px; margin-top: 15px;'>\n<div style='flex: 1 1 250px; min-width: 280px;'> <img style='width: 100%; height: auto; border: 1px solid rgba(150&comma;150&comma;150&comma;0.3); border-radius: 8px;' src='https:\/\/ftp3.syscom.mx\/usuarios\/fotos\/EFD500\/216304-delta_pro_aplicaciones_2.jpg' alt=''> <\/div>\n<div style='flex: 1 1 250px; min-width: 280px;'>\n<h4 style='font-size: 18px; margin-top: 0; color: inherit;'>Energ\u00eda port\u00e1til para RV y veh\u00edculos el\u00e9ctricos<\/h4>\n<p style='color: inherit;'> Disfruta del aire libre sin preocuparte por las limitaciones de energ\u00eda. Experimenta la libertad fuera de la red y alimenta lo esencial de tu veh\u00edculo recreativo con energ\u00eda limpia y silenciosa. DELTA Pro va un paso m\u00e1s all\u00e1 y puede recargar tu veh\u00edculo el\u00e9ctrico con una carga r\u00e1pida cuando te encuentres en apuros. <\/p>\n<\/p><\/div>\n<\/p><\/div>\n<p> <!-- Bloque 3 --> <\/p>\n<div style='display: flex; flex-wrap: wrap; gap: 20px; margin-top: 15px;'>\n<div style='flex: 1 1 250px; min-width: 280px;'> <img style='width: 100%; height: auto; border: 1px solid rgba(150&comma;150&comma;150&comma;0.3); border-radius: 8px;' src='https:\/\/ftp3.syscom.mx\/usuarios\/fotos\/EFD500\/216304-delta_pro_aplicaciones_3.jpg' alt=''> <\/div>\n<div style='flex: 1 1 250px; min-width: 280px;'>\n<h4 style='font-size: 18px; margin-top: 0; color: inherit;'>Trabajo profesional<\/h4>\n<p style='color: inherit;'> Libera tu creatividad y tu energ\u00eda. Tanto si eres un cineasta en exteriores como el propietario de una peque\u00f1a empresa o simplemente necesitas energ\u00eda fiable en cualquier lugar&comma; DELTA Pro mantendr\u00e1 tu aparato en funcionamiento para que nunca pierdas el ritmo. <\/p>\n<\/p><\/div>\n<\/p><\/div>\n<\/p><\/div>\n<p> <!-- Contenido --> <\/p>\n<div style='margin-bottom: 30px;'>\n<h3 style='font-size: 20px; border-bottom: 2px solid currentColor; padding-bottom: 5px; margin-top: 0; color: inherit; opacity: 0.8;'>Contenido<\/h3>\n<p> <!-- Bloque de contenido --> <\/p>\n<div style='display: flex; flex-wrap: wrap; gap: 20px; margin-top: 15px;'>\n<div style='flex: 1 1 250px; min-width: 280px;'>\n<h4 style='font-size: 18px; margin-top: 0; color: inherit;'>Qu\u00e9 hay en la caja<\/h4>\n<ul style='padding-left: 20px; margin: 0; font-size: 14px; color: inherit; list-style-type: disc;'>\n<li style='margin-bottom: 5px;'>Cable de carga CA<\/li>\n<li style='margin-bottom: 5px;'>Protector de Agarre<\/li>\n<li style='margin-bottom: 5px;'>Gu\u00eda de Inicio R\u00e1pido<\/li>\n<li style='margin-bottom: 5px;'>Gu\u00eda de Seguridad<\/li>\n<li style='margin-bottom: 5px;'>Tarjeta de Garant\u00eda<\/li>\n<\/ul><\/div>\n<div style='flex: 1 1 250px; min-width: 280px;'> <img style='width: 100%; height: auto; border: 1px solid rgba(150&comma;150&comma;150&comma;0.3); border-radius: 8px;' src='https:\/\/ftp3.syscom.mx\/usuarios\/fotos\/EFD500\/216304-contenido_delta_pro.jpg' alt=''> <\/div>\n<\/p><\/div>\n<\/p><\/div>\n<p> <!-- Imagen destacada --> <\/p>\n<div style='margin: 30px 0;'> <img style='width: 100%; height: auto; border: 1px solid rgba(150&comma;150&comma;150&comma;0.3); border-radius: 8px;' src='https:\/\/ftp3.syscom.mx\/usuarios\/fotos\/EFD500\/216304-delta_pro.png' alt=''> <\/div>\n<p> <!-- Gesti\u00f3n de Energ\u00eda Inteligente --> <\/p>\n<div style='margin: 30px 0;'>\n<h3 style='font-size: 20px; border-bottom: 2px solid currentColor; padding-bottom: 5px; margin-top: 0; margin-bottom: 15px; color: inherit; opacity: 0.8;'>Gesti\u00f3n de Energ\u00eda Inteligente<\/h3>\n<p style='color: inherit;'> Una Controla todos tus circuitos dom\u00e9sticos integrados a trav\u00e9s de la app de EcoFlow y obt\u00e9n una versi\u00f3n integral de tus h\u00e1bitos de consumo de energ\u00eda. Descubre las funciones para personalizar el uso de la energ\u00eda. Puedes optimizarlas para obtener energ\u00eda auxiliar&comma; ahorrar dinero o personalizar las opciones para programar el uso de la energ\u00eda con arreglo a tus necesidades. Una vez configuradas&comma; puedes controlar la fuente de energ\u00eda que utiliza tu hogar&comma; y todo ello desde tu tel\u00e9fono. <\/p>\n<p> <!-- Imagen de monitoreo --> <\/p>\n<div style='margin-top: 20px;'> <img style='width: 100%; height: auto; border: 1px solid rgba(150&comma;150&comma;150&comma;0.3); border-radius: 8px;' src='https:\/\/ftp3.syscom.mx\/usuarios\/fotos\/EFD500\/216304-monitoreo_efd500.jpg' alt=''> <\/div>\n<\/p><\/div>\n<\/p><\/div>\n","protected":false},"excerpt":{"rendered":"<p>Estaci\u00f3n de Energ\u00eda Port\u00e1til DELTA PRO3 \/ 4096Wh Litio LFP \/ 5 AC 4000W (8000W Pico) \/ 2 USB-C 100W \/ Capacidad para Aumentar Respaldo \/ Cargador de Coche 10A a 12.6V \/ Conectividad WiFi y Bluetooth (App) \/ Carga Solar 2600W Max. (2 P<\/p>\n","protected":false},"featured_media":38994,"comment_status":"open","ping_status":"closed","template":"","meta":[],"product_brand":[],"product_cat":[1114],"product_tag":[1116,1115,1101],"class_list":{"0":"post-38995","1":"product","2":"type-product","3":"status-publish","4":"has-post-thumbnail","6":"product_cat-estaciones-de-energia-portables","7":"product_tag-ecoflow","8":"product_tag-estaciones-de-energia-portables","9":"product_tag-respaldo-de-energia","11":"first","12":"instock","13":"sale","14":"shipping-taxable","15":"purchasable","16":"product-type-simple"},"_links":{"self":[{"href":"https:\/\/soydeaqui.ddns.net\/pachuca\/index.php\/wp-json\/wp\/v2\/product\/38995","targetHints":{"allow":["GET"]}}],"collection":[{"href":"https:\/\/soydeaqui.ddns.net\/pachuca\/index.php\/wp-json\/wp\/v2\/product"}],"about":[{"href":"https:\/\/soydeaqui.ddns.net\/pachuca\/index.php\/wp-json\/wp\/v2\/types\/product"}],"replies":[{"embeddable":true,"href":"https:\/\/soydeaqui.ddns.net\/pachuca\/index.php\/wp-json\/wp\/v2\/comments?post=38995"}],"wp:featuredmedia":[{"embeddable":true,"href":"https:\/\/soydeaqui.ddns.net\/pachuca\/index.php\/wp-json\/wp\/v2\/media\/38994"}],"wp:attachment":[{"href":"https:\/\/soydeaqui.ddns.net\/pachuca\/index.php\/wp-json\/wp\/v2\/media?parent=38995"}],"wp:term":[{"taxonomy":"product_brand","embeddable":true,"href":"https:\/\/soydeaqui.ddns.net\/pachuca\/index.php\/wp-json\/wp\/v2\/product_brand?post=38995"},{"taxonomy":"product_cat","embeddable":true,"href":"https:\/\/soydeaqui.ddns.net\/pachuca\/index.php\/wp-json\/wp\/v2\/product_cat?post=38995"},{"taxonomy":"product_tag","embeddable":true,"href":"https:\/\/soydeaqui.ddns.net\/pachuca\/index.php\/wp-json\/wp\/v2\/product_tag?post=38995"}],"curies":[{"name":"wp","href":"https:\/\/api.w.org\/{rel}","templated":true}]}}