{"id":38949,"date":"2026-03-18T17:09:25","date_gmt":"2026-03-18T17:09:25","guid":{"rendered":"https:\/\/soydeaqui.ddns.net\/pachuca\/index.php\/producto\/modulo-para-luna2000-5-e0-maximo-3-baterias-por-modelo\/"},"modified":"2026-03-18T17:09:33","modified_gmt":"2026-03-18T17:09:33","slug":"modulo-para-luna2000-5-e0-maximo-3-baterias-por-modelo","status":"publish","type":"product","link":"https:\/\/soydeaqui.ddns.net\/pachuca\/index.php\/producto\/modulo-para-luna2000-5-e0-maximo-3-baterias-por-modelo\/","title":{"rendered":"M\u00f3dulo Para LUNA2000-5-E0, M\u00e1ximo 3 Bater\u00edas Por Modelo"},"content":{"rendered":"<div style='width: 100%; max-width: 1200px; margin: 0 auto; font-family: sans-serif; line-height: 1.6; color: inherit; background-color: transparent;'> <!-- Imagen principal --> <\/p>\n<div style='text-align: center; margin: 30px 0;'> <img style='width: 100%; height: auto; border: 1px solid rgba(150&comma;150&comma;150&comma;0.3); border-radius: 8px;' src='https:\/\/ftp3.syscom.mx\/usuarios\/fotos\/LUNA20005KWC0\/233491-descarga.png' alt=''> <\/div>\n<p> <!-- Secci\u00f3n de especificaciones --> <\/p>\n<div style='display: flex; flex-wrap: wrap; gap: 30px; margin-bottom: 30px;'> <!-- Caracter\u00edsticas el\u00e9ctricas --> <\/p>\n<div style='flex: 1 1 300px; min-width: 280px;'>\n<h3 style='font-size: 22px; border-bottom: 2px solid currentColor; padding-bottom: 5px; margin-top: 0; color: inherit; opacity: 0.8;'>Caracter\u00edsticas El\u00e9ctricas<\/h3>\n<ul style='padding-left: 20px; font-size: 15px; color: inherit;'>\n<li style='margin-bottom: 5px;'><strong>Potencia nominal de carga y descarga:<\/strong> 5&comma;000W<\/li>\n<li style='margin-bottom: 5px;'><strong>Voltaje nominal (sist. monof\u00e1sico):<\/strong> 450 V<\/li>\n<li style='margin-bottom: 5px;'><strong>Voltaje de operaci\u00f3n (sist. monof\u00e1sico):<\/strong> 350-560 V<\/li>\n<li style='margin-bottom: 5px;'><strong>Voltaje nominal (sist. trif\u00e1sico):<\/strong> 600V<\/li>\n<li style='margin-bottom: 5px;'><strong>Voltaje de operaci\u00f3n (sist. trif\u00e1sico):<\/strong> 600-980 V<\/li>\n<\/ul><\/div>\n<p> <!-- Caracter\u00edsticas generales --> <\/p>\n<div style='flex: 1 1 300px; min-width: 280px;'>\n<h3 style='font-size: 22px; border-bottom: 2px solid currentColor; padding-bottom: 5px; margin-top: 0; color: inherit; opacity: 0.8;'>Caracter\u00edsticas Generales<\/h3>\n<ul style='padding-left: 20px; font-size: 15px; color: inherit;'>\n<li style='margin-bottom: 5px;'><strong>Dimensiones:<\/strong> 240 mm x 670 mm x 150 mm<\/li>\n<li style='margin-bottom: 5px;'><strong>Peso:<\/strong> 12 kg<\/li>\n<li style='margin-bottom: 5px;'><strong>Grado de protecci\u00f3n:<\/strong> IP66<\/li>\n<li style='margin-bottom: 5px;'><strong>Rango de temperatura:<\/strong> -25\u00b0C ~ 55\u00b0C<\/li>\n<li style='margin-bottom: 5px;'><strong>Humedad de funcionamiento:<\/strong> Humedad relativa del 5% &#8211; 95%<\/li>\n<li style='margin-bottom: 5px;'><strong>Puerto para conexi\u00f3n en cascada:<\/strong> RS485 y CAN<\/li>\n<\/ul><\/div>\n<\/p><\/div>\n<p> <!-- Separador --> <\/p>\n<hr style='border: 0; border-top: 1px solid rgba(150&comma;150&comma;150&comma;0.3); margin: 30px 0;'> <!-- Imagen adicional --> <\/p>\n<div style='text-align: center; margin: 30px 0;'> <img style='width: 100%; height: auto; border: 1px solid rgba(150&comma;150&comma;150&comma;0.3); border-radius: 8px;' src='https:\/\/solar.huawei.com\/Assets\/Solar\/v4\/img\/Professionals\/Residential\/img_More_middle.png' alt=''> <\/div>\n<p> <!-- Notas importantes --> <\/p>\n<div style='margin: 30px 0; font-size: 14px; color: inherit;'>\n<p style='margin: 8px 0;'>* NO INCLUYE BATER\u00cdAS<\/p>\n<p style='margin: 8px 0;'>* NO COMPATIBLE CON INVERSORES SUN2000-10K-LC0 Y SUN2000-8K-LC0<\/p>\n<\/p><\/div>\n<\/p><\/div>\n","protected":false},"excerpt":{"rendered":"<p>M\u00f3dulo Para LUNA2000-5-E0, M\u00e1ximo 3 Bater\u00edas Por Modelo<\/p>\n","protected":false},"featured_media":38948,"comment_status":"open","ping_status":"closed","template":"","meta":[],"product_brand":[],"product_cat":[1084],"product_tag":[143,1085,1159],"class_list":{"0":"post-38949","1":"product","2":"type-product","3":"status-publish","4":"has-post-thumbnail","6":"product_cat-baterias-baterias-y-cargadores","7":"product_tag-baterias","8":"product_tag-baterias-y-cargadores","9":"product_tag-huawei-fusionsolar","11":"first","12":"instock","13":"sale","14":"shipping-taxable","15":"purchasable","16":"product-type-simple"},"_links":{"self":[{"href":"https:\/\/soydeaqui.ddns.net\/pachuca\/index.php\/wp-json\/wp\/v2\/product\/38949","targetHints":{"allow":["GET"]}}],"collection":[{"href":"https:\/\/soydeaqui.ddns.net\/pachuca\/index.php\/wp-json\/wp\/v2\/product"}],"about":[{"href":"https:\/\/soydeaqui.ddns.net\/pachuca\/index.php\/wp-json\/wp\/v2\/types\/product"}],"replies":[{"embeddable":true,"href":"https:\/\/soydeaqui.ddns.net\/pachuca\/index.php\/wp-json\/wp\/v2\/comments?post=38949"}],"wp:featuredmedia":[{"embeddable":true,"href":"https:\/\/soydeaqui.ddns.net\/pachuca\/index.php\/wp-json\/wp\/v2\/media\/38948"}],"wp:attachment":[{"href":"https:\/\/soydeaqui.ddns.net\/pachuca\/index.php\/wp-json\/wp\/v2\/media?parent=38949"}],"wp:term":[{"taxonomy":"product_brand","embeddable":true,"href":"https:\/\/soydeaqui.ddns.net\/pachuca\/index.php\/wp-json\/wp\/v2\/product_brand?post=38949"},{"taxonomy":"product_cat","embeddable":true,"href":"https:\/\/soydeaqui.ddns.net\/pachuca\/index.php\/wp-json\/wp\/v2\/product_cat?post=38949"},{"taxonomy":"product_tag","embeddable":true,"href":"https:\/\/soydeaqui.ddns.net\/pachuca\/index.php\/wp-json\/wp\/v2\/product_tag?post=38949"}],"curies":[{"name":"wp","href":"https:\/\/api.w.org\/{rel}","templated":true}]}}