{"id":38919,"date":"2026-03-18T17:08:35","date_gmt":"2026-03-18T17:08:35","guid":{"rendered":"https:\/\/soydeaqui.ddns.net\/pachuca\/index.php\/producto\/modulo-para-monitoreo-por-wifi-de-inversores-huawei\/"},"modified":"2026-03-18T17:08:44","modified_gmt":"2026-03-18T17:08:44","slug":"modulo-para-monitoreo-por-wifi-de-inversores-huawei","status":"publish","type":"product","link":"https:\/\/soydeaqui.ddns.net\/pachuca\/index.php\/producto\/modulo-para-monitoreo-por-wifi-de-inversores-huawei\/","title":{"rendered":"M\u00f3dulo para Monitoreo  por Wifi de Inversores Huawei"},"content":{"rendered":"<div style='width: 100%; max-width: 1200px; margin: 0 auto; font-family: sans-serif; line-height: 1.6; color: inherit; background-color: transparent;'>\n<h2 style='text-align: center;'><\/h2>\n<h1 style='text-align: center;'><span style='color: #c0392b;'>SUN2000<\/span><\/h1>\n<\/p>\n<h2 style='text-align: center;'><span style='font-size: 14pt; font-family: arial&comma; helvetica&comma; sans-serif;'>Este equipo nos permite monitorear nuestro inversor HUAWEI modelos SUN2000<\/span><\/h2>\n<div style='display: flex; flex-wrap: wrap; gap: 30px; margin-bottom: 30px;'>\n<div style='flex: 1 1 300px; min-width: 280px;'>\n<h3 style='font-size: 22px; border-bottom: 2px solid currentColor; padding-bottom: 5px; margin-top: 0; color: inherit; opacity: 0.8;'><span style='color: #c0392b;'><strong>Caracter\u00edsticas de Conexi\u00f3n y Comunicaci\u00f3n:<\/strong><\/span><\/h3>\n<ul style='padding-left: 20px; font-size: 15px; color: inherit;'>\n<li style='margin-bottom: 5px;'><strong>Puerto de RED :<\/strong> Puerto Ethernet de 10\/100 M<\/li>\n<li style='margin-bottom: 5px;'><strong>Modo de Cifrado:<\/strong> Sin cifrar&comma; WPA&comma; WPA2&comma; WPA\/WPA2<\/li>\n<li style='margin-bottom: 5px;'><strong>Indicador:<\/strong> LED<\/li>\n<li style='margin-bottom: 5px;'><strong>Banda de Frecuencia y Est\u00e1ndares:<\/strong> 802.11b&comma; 802.11g&comma; 802.11n 2&comma;412 GHz a 2&comma;484 GHz<\/li>\n<\/ul><\/div>\n<div style='flex: 1 1 300px; min-width: 280px;'>\n<h3 style='font-size: 22px; border-bottom: 2px solid currentColor; padding-bottom: 5px; margin-top: 0; color: inherit; opacity: 0.8;'><span style='color: #c0392b;'><strong>Caracter\u00edsticas Generales:<\/strong><\/span><\/h3>\n<ul style='padding-left: 20px; font-size: 15px; color: inherit;'>\n<li style='margin-bottom: 5px;'><strong>N\u00famero de dispositivos:<\/strong> 10<\/li>\n<li style='margin-bottom: 5px;'><strong>Dimensiones:<\/strong> 146 mm x 48 mm x 33 mm<\/li>\n<li style='margin-bottom: 5px;'><strong>Peso:<\/strong> 90 g<\/li>\n<li style='margin-bottom: 5px;'><strong>Rango de temperatura:<\/strong> -30\u00b0C ~ 65\u00b0C<\/li>\n<li style='margin-bottom: 5px;'><strong>\u00cdndice de Protecci\u00f3n:<\/strong> IP65<\/li>\n<li style='margin-bottom: 5px;'><strong>Consumo:<\/strong> 2.5 W<\/li>\n<\/ul><\/div>\n<\/p><\/div>\n<hr style='border: 0; border-top: 1px solid rgba(150&comma; 150&comma; 150&comma; 0.3); margin: 30px 0;'> <\/div>\n","protected":false},"excerpt":{"rendered":"<p>M\u00f3dulo para Monitoreo  por Wifi de Inversores Huawei<\/p>\n","protected":false},"featured_media":38918,"comment_status":"open","ping_status":"closed","template":"","meta":[],"product_brand":[],"product_cat":[1136],"product_tag":[964,1159,1137],"class_list":{"0":"post-38919","1":"product","2":"type-product","3":"status-publish","4":"has-post-thumbnail","6":"product_cat-microinversores","7":"product_tag-energia-solar","8":"product_tag-huawei-fusionsolar","9":"product_tag-microinversores","11":"first","12":"instock","13":"sale","14":"shipping-taxable","15":"purchasable","16":"product-type-simple"},"_links":{"self":[{"href":"https:\/\/soydeaqui.ddns.net\/pachuca\/index.php\/wp-json\/wp\/v2\/product\/38919","targetHints":{"allow":["GET"]}}],"collection":[{"href":"https:\/\/soydeaqui.ddns.net\/pachuca\/index.php\/wp-json\/wp\/v2\/product"}],"about":[{"href":"https:\/\/soydeaqui.ddns.net\/pachuca\/index.php\/wp-json\/wp\/v2\/types\/product"}],"replies":[{"embeddable":true,"href":"https:\/\/soydeaqui.ddns.net\/pachuca\/index.php\/wp-json\/wp\/v2\/comments?post=38919"}],"wp:featuredmedia":[{"embeddable":true,"href":"https:\/\/soydeaqui.ddns.net\/pachuca\/index.php\/wp-json\/wp\/v2\/media\/38918"}],"wp:attachment":[{"href":"https:\/\/soydeaqui.ddns.net\/pachuca\/index.php\/wp-json\/wp\/v2\/media?parent=38919"}],"wp:term":[{"taxonomy":"product_brand","embeddable":true,"href":"https:\/\/soydeaqui.ddns.net\/pachuca\/index.php\/wp-json\/wp\/v2\/product_brand?post=38919"},{"taxonomy":"product_cat","embeddable":true,"href":"https:\/\/soydeaqui.ddns.net\/pachuca\/index.php\/wp-json\/wp\/v2\/product_cat?post=38919"},{"taxonomy":"product_tag","embeddable":true,"href":"https:\/\/soydeaqui.ddns.net\/pachuca\/index.php\/wp-json\/wp\/v2\/product_tag?post=38919"}],"curies":[{"name":"wp","href":"https:\/\/api.w.org\/{rel}","templated":true}]}}